{"id":4487,"date":"2022-08-17T03:31:58","date_gmt":"2022-08-17T03:31:58","guid":{"rendered":"https:\/\/croc-aspe.com\/?page_id=4487"},"modified":"2022-08-18T16:58:07","modified_gmt":"2022-08-18T16:58:07","slug":"biographie-firmin-michelet","status":"publish","type":"page","link":"https:\/\/croc-aspe.com\/?page_id=4487","title":{"rendered":"Biographie Firmin Michelet"},"content":{"rendered":"\t\t<div data-elementor-type=\"wp-page\" data-elementor-id=\"4487\" class=\"elementor elementor-4487\" data-elementor-settings=\"[]\">\n\t\t\t\t\t\t\t<div class=\"elementor-section-wrap\">\n\t\t\t\t\t\t\t<section class=\"elementor-section elementor-top-section elementor-element elementor-element-5a1bcac1 elementor-section-boxed elementor-section-height-default elementor-section-height-default\" data-id=\"5a1bcac1\" data-element_type=\"section\">\n\t\t\t\t\t\t<div class=\"elementor-container elementor-column-gap-default\">\n\t\t\t\t\t<div class=\"elementor-column elementor-col-100 elementor-top-column elementor-element elementor-element-3af93f90\" data-id=\"3af93f90\" data-element_type=\"column\">\n\t\t\t<div class=\"elementor-widget-wrap elementor-element-populated\">\n\t\t\t\t\t\t\t\t<div class=\"elementor-element elementor-element-788cd2ca elementor-widget elementor-widget-text-editor\" data-id=\"788cd2ca\" data-element_type=\"widget\" data-widget_type=\"text-editor.default\">\n\t\t\t\t<div class=\"elementor-widget-container\">\n\t\t\t<style>\/*! elementor - v3.5.5 - 03-02-2022 *\/\n.elementor-widget-text-editor.elementor-drop-cap-view-stacked .elementor-drop-cap{background-color:#818a91;color:#fff}.elementor-widget-text-editor.elementor-drop-cap-view-framed .elementor-drop-cap{color:#818a91;border:3px solid;background-color:transparent}.elementor-widget-text-editor:not(.elementor-drop-cap-view-default) .elementor-drop-cap{margin-top:8px}.elementor-widget-text-editor:not(.elementor-drop-cap-view-default) .elementor-drop-cap-letter{width:1em;height:1em}.elementor-widget-text-editor .elementor-drop-cap{float:left;text-align:center;line-height:1;font-size:50px}.elementor-widget-text-editor .elementor-drop-cap-letter{display:inline-block}<\/style>\t\t\t\t<p><b><\/b><b><span lang=\"ES\" style=\"font-size: 14.0pt; mso-ansi-language: ES;\"><strong>Firmin Michelet (20\/09\/1875 Tarbes &#8211;\u00a0<\/strong><\/span><\/b><b style=\"font-style: inherit; background-color: var(--ast-global-color-4); color: var(--ast-global-color-3);\"><span lang=\"ES\" style=\"font-size: 14.0pt; mso-ansi-language: ES;\"><strong>14\/10\/1951 Tarbes)<\/strong><\/span><\/b><\/p>\t\t\t\t\t\t<\/div>\n\t\t\t\t<\/div>\n\t\t\t\t\t<\/div>\n\t\t<\/div>\n\t\t\t\t\t\t\t<\/div>\n\t\t<\/section>\n\t\t\t\t<section class=\"elementor-section elementor-top-section elementor-element elementor-element-d93466 elementor-section-boxed elementor-section-height-default elementor-section-height-default\" data-id=\"d93466\" data-element_type=\"section\">\n\t\t\t\t\t\t<div class=\"elementor-container elementor-column-gap-default\">\n\t\t\t\t\t<div class=\"elementor-column elementor-col-100 elementor-top-column elementor-element elementor-element-5a9efeb6\" data-id=\"5a9efeb6\" data-element_type=\"column\">\n\t\t\t<div class=\"elementor-widget-wrap elementor-element-populated\">\n\t\t\t\t\t\t\t\t<div class=\"elementor-element elementor-element-19af83e5 elementor-widget elementor-widget-text-editor\" data-id=\"19af83e5\" data-element_type=\"widget\" data-widget_type=\"text-editor.default\">\n\t\t\t\t<div class=\"elementor-widget-container\">\n\t\t\t\t\t\t\t<p>Sculpteur, Statuaire et Graveur de m\u00e9dailles, Chevalier de la L\u00e9gion d&#8217;Honneur en 1920 puis Officier en 1931<\/p>\t\t\t\t\t\t<\/div>\n\t\t\t\t<\/div>\n\t\t\t\t\t<\/div>\n\t\t<\/div>\n\t\t\t\t\t\t\t<\/div>\n\t\t<\/section>\n\t\t\t\t<section class=\"elementor-section elementor-top-section elementor-element elementor-element-530b96e0 elementor-section-boxed elementor-section-height-default elementor-section-height-default\" data-id=\"530b96e0\" data-element_type=\"section\">\n\t\t\t\t\t\t<div class=\"elementor-container elementor-column-gap-default\">\n\t\t\t\t\t<div class=\"elementor-column elementor-col-100 elementor-top-column elementor-element elementor-element-c71673d\" data-id=\"c71673d\" data-element_type=\"column\">\n\t\t\t<div class=\"elementor-widget-wrap elementor-element-populated\">\n\t\t\t\t\t\t\t\t<div class=\"elementor-element elementor-element-54e2cb36 elementor-widget elementor-widget-text-editor\" data-id=\"54e2cb36\" data-element_type=\"widget\" data-widget_type=\"text-editor.default\">\n\t\t\t\t<div class=\"elementor-widget-container\">\n\t\t\t\t\t\t\t<p>Firmin Michelet r\u00e9alisa de tr\u00e8s nombreuses statues et bas-reliefs. Son \u0153uvre la plus c\u00e9l\u00e8bre reste la statue \u00e9questre du Mar\u00e9chal Foch situ\u00e9e \u00e0 Tarbes. Il fut d\u2019ailleurs le principal statuaire de Foch, originaire comme lui de Tarbes, avec des bustes et statues \u00e0 Lourdes, Valentine, Saint-Gaudens, Compi\u00e8gne, Bouchavesnes-Bergen, Hano\u00ef et le salon de l\u2019h\u00f4tel de ville de Paris. Il s\u2019illustra dans la r\u00e9alisation de tout le statuaire de la chapelle du M\u00e9morial des batailles de la Marne situ\u00e9 \u00e0 Dormans. Il cr\u00e9a de tr\u00e8s nombreux monuments aux morts dans les Hautes-Pyr\u00e9n\u00e9es mais \u00e9galement dans de nombreuses communes de France. Il r\u00e9alisa \u00e9galement les statues de d\u2019Artagnan \u00e0 Auch, de Notre-Dame-des-Neiges \u00e0 Gavarnie et de Bernadette Soubirous au sanctuaire marial de Lourdes. Certaines de ses \u0153uvres sont conserv\u00e9es au Mus\u00e9e d\u2019Orsay.<\/p><p>Sa contribution \u00e0 la ligne ferroviaire Pau \u2013 Canfranc \u2013 Saragosse tint dans la gravure d\u2019une plaquette comm\u00e9morative en bronze de dimensions 64x56mm \u00e9dit\u00e9e \u00e0 l\u2019occasion de l\u2019inauguration de 1928.<\/p>\t\t\t\t\t\t<\/div>\n\t\t\t\t<\/div>\n\t\t\t\t\t<\/div>\n\t\t<\/div>\n\t\t\t\t\t\t\t<\/div>\n\t\t<\/section>\n\t\t\t\t<section class=\"elementor-section elementor-top-section elementor-element elementor-element-685e35d elementor-section-boxed elementor-section-height-default elementor-section-height-default\" data-id=\"685e35d\" data-element_type=\"section\">\n\t\t\t\t\t\t<div class=\"elementor-container elementor-column-gap-default\">\n\t\t\t\t\t<div class=\"elementor-column elementor-col-50 elementor-top-column elementor-element elementor-element-d1e1b40\" data-id=\"d1e1b40\" data-element_type=\"column\">\n\t\t\t<div class=\"elementor-widget-wrap elementor-element-populated\">\n\t\t\t\t\t\t\t\t<div class=\"elementor-element elementor-element-a272f3d elementor-widget elementor-widget-image\" data-id=\"a272f3d\" data-element_type=\"widget\" data-widget_type=\"image.default\">\n\t\t\t\t<div class=\"elementor-widget-container\">\n\t\t\t<style>\/*! elementor - v3.5.5 - 03-02-2022 *\/\n.elementor-widget-image{text-align:center}.elementor-widget-image a{display:inline-block}.elementor-widget-image a img[src$=\".svg\"]{width:48px}.elementor-widget-image img{vertical-align:middle;display:inline-block}<\/style>\t\t\t\t\t\t\t\t\t\t\t\t<img loading=\"lazy\" decoding=\"async\" width=\"591\" height=\"514\" src=\"https:\/\/croc-aspe.com\/wp-content\/uploads\/2022\/08\/jetons-et-medailles-numismatique-des-chemins-de-fer-plaquette-en-bronze-64x56mm-1928-sup_10927a.jpg\" class=\"attachment-large size-large\" alt=\"\" srcset=\"https:\/\/croc-aspe.com\/wp-content\/uploads\/2022\/08\/jetons-et-medailles-numismatique-des-chemins-de-fer-plaquette-en-bronze-64x56mm-1928-sup_10927a.jpg 591w, https:\/\/croc-aspe.com\/wp-content\/uploads\/2022\/08\/jetons-et-medailles-numismatique-des-chemins-de-fer-plaquette-en-bronze-64x56mm-1928-sup_10927a-300x261.jpg 300w\" sizes=\"auto, (max-width: 591px) 100vw, 591px\" \/>\t\t\t\t\t\t\t\t\t\t\t\t\t\t\t<\/div>\n\t\t\t\t<\/div>\n\t\t\t\t\t<\/div>\n\t\t<\/div>\n\t\t\t\t<div class=\"elementor-column elementor-col-50 elementor-top-column elementor-element elementor-element-8afb786\" data-id=\"8afb786\" data-element_type=\"column\">\n\t\t\t<div class=\"elementor-widget-wrap elementor-element-populated\">\n\t\t\t\t\t\t\t\t<div class=\"elementor-element elementor-element-41d0aaa elementor-widget elementor-widget-image\" data-id=\"41d0aaa\" data-element_type=\"widget\" data-widget_type=\"image.default\">\n\t\t\t\t<div class=\"elementor-widget-container\">\n\t\t\t\t\t\t\t\t\t\t\t\t\t\t\t<img loading=\"lazy\" decoding=\"async\" width=\"583\" height=\"514\" src=\"https:\/\/croc-aspe.com\/wp-content\/uploads\/2022\/08\/jetons-et-medailles-numismatique-des-chemins-de-fer-plaquette-en-bronze-64x56mm-1928-sup_10927r.jpg\" class=\"attachment-large size-large\" alt=\"\" srcset=\"https:\/\/croc-aspe.com\/wp-content\/uploads\/2022\/08\/jetons-et-medailles-numismatique-des-chemins-de-fer-plaquette-en-bronze-64x56mm-1928-sup_10927r.jpg 583w, https:\/\/croc-aspe.com\/wp-content\/uploads\/2022\/08\/jetons-et-medailles-numismatique-des-chemins-de-fer-plaquette-en-bronze-64x56mm-1928-sup_10927r-300x264.jpg 300w\" sizes=\"auto, (max-width: 583px) 100vw, 583px\" \/>\t\t\t\t\t\t\t\t\t\t\t\t\t\t\t<\/div>\n\t\t\t\t<\/div>\n\t\t\t\t\t<\/div>\n\t\t<\/div>\n\t\t\t\t\t\t\t<\/div>\n\t\t<\/section>\n\t\t\t\t<section class=\"elementor-section elementor-top-section elementor-element elementor-element-131826f5 elementor-section-boxed elementor-section-height-default elementor-section-height-default\" data-id=\"131826f5\" data-element_type=\"section\">\n\t\t\t\t\t\t<div class=\"elementor-container elementor-column-gap-default\">\n\t\t\t\t\t<div class=\"elementor-column elementor-col-50 elementor-top-column elementor-element elementor-element-38ba89a5\" data-id=\"38ba89a5\" data-element_type=\"column\">\n\t\t\t<div class=\"elementor-widget-wrap\">\n\t\t\t\t\t\t\t\t\t<\/div>\n\t\t<\/div>\n\t\t\t\t<div class=\"elementor-column elementor-col-50 elementor-top-column elementor-element elementor-element-57a2835a\" data-id=\"57a2835a\" data-element_type=\"column\">\n\t\t\t<div class=\"elementor-widget-wrap elementor-element-populated\">\n\t\t\t\t\t\t\t\t<div class=\"elementor-element elementor-element-3f04ffad elementor-align-center elementor-widget elementor-widget-button\" data-id=\"3f04ffad\" data-element_type=\"widget\" data-widget_type=\"button.default\">\n\t\t\t\t<div class=\"elementor-widget-container\">\n\t\t\t\t\t<div class=\"elementor-button-wrapper\">\n\t\t\t<a href=\"https:\/\/croc-aspe.com\/?page_id=3957\" class=\"elementor-button-link elementor-button elementor-size-sm\" role=\"button\">\n\t\t\t\t\t\t<span class=\"elementor-button-content-wrapper\">\n\t\t\t\t\t\t<span class=\"elementor-button-text\">Retour aux personnages<\/span>\n\t\t<\/span>\n\t\t\t\t\t<\/a>\n\t\t<\/div>\n\t\t\t\t<\/div>\n\t\t\t\t<\/div>\n\t\t\t\t\t<\/div>\n\t\t<\/div>\n\t\t\t\t\t\t\t<\/div>\n\t\t<\/section>\n\t\t\t\t\t\t<\/div>\n\t\t\t\t\t<\/div>\n\t\t","protected":false},"excerpt":{"rendered":"<p>Firmin Michelet (20\/09\/1875 Tarbes &#8211;\u00a014\/10\/1951 Tarbes) Sculpteur, Statuaire et Graveur de m\u00e9dailles, Chevalier de la L\u00e9gion d&#8217;Honneur en 1920 puis Officier en 1931 Firmin Michelet r\u00e9alisa de tr\u00e8s nombreuses statues et bas-reliefs. Son \u0153uvre la plus c\u00e9l\u00e8bre reste la statue \u00e9questre du Mar\u00e9chal Foch situ\u00e9e \u00e0 Tarbes. Il fut d\u2019ailleurs le principal statuaire de Foch, &hellip;<\/p>\n<p class=\"read-more\"> <a class=\"\" href=\"https:\/\/croc-aspe.com\/?page_id=4487\"> <span class=\"screen-reader-text\">Biographie Firmin Michelet<\/span> Read More &raquo;<\/a><\/p>\n","protected":false},"author":1,"featured_media":0,"parent":0,"menu_order":0,"comment_status":"closed","ping_status":"closed","template":"","meta":{"om_disable_all_campaigns":false,"_monsterinsights_skip_tracking":false,"_monsterinsights_sitenote_active":false,"_monsterinsights_sitenote_note":"","_monsterinsights_sitenote_category":0,"site-sidebar-layout":"no-sidebar","site-content-layout":"page-builder","ast-main-header-display":"","ast-hfb-above-header-display":"","ast-hfb-below-header-display":"","ast-hfb-mobile-header-display":"","site-post-title":"disabled","ast-breadcrumbs-content":"","ast-featured-img":"disabled","footer-sml-layout":"","theme-transparent-header-meta":"","adv-header-id-meta":"","stick-header-meta":"","header-above-stick-meta":"","header-main-stick-meta":"","header-below-stick-meta":"","footnotes":""},"class_list":["post-4487","page","type-page","status-publish","hentry"],"_links":{"self":[{"href":"https:\/\/croc-aspe.com\/index.php?rest_route=\/wp\/v2\/pages\/4487","targetHints":{"allow":["GET"]}}],"collection":[{"href":"https:\/\/croc-aspe.com\/index.php?rest_route=\/wp\/v2\/pages"}],"about":[{"href":"https:\/\/croc-aspe.com\/index.php?rest_route=\/wp\/v2\/types\/page"}],"author":[{"embeddable":true,"href":"https:\/\/croc-aspe.com\/index.php?rest_route=\/wp\/v2\/users\/1"}],"replies":[{"embeddable":true,"href":"https:\/\/croc-aspe.com\/index.php?rest_route=%2Fwp%2Fv2%2Fcomments&post=4487"}],"version-history":[{"count":16,"href":"https:\/\/croc-aspe.com\/index.php?rest_route=\/wp\/v2\/pages\/4487\/revisions"}],"predecessor-version":[{"id":4522,"href":"https:\/\/croc-aspe.com\/index.php?rest_route=\/wp\/v2\/pages\/4487\/revisions\/4522"}],"wp:attachment":[{"href":"https:\/\/croc-aspe.com\/index.php?rest_route=%2Fwp%2Fv2%2Fmedia&parent=4487"}],"curies":[{"name":"wp","href":"https:\/\/api.w.org\/{rel}","templated":true}]}}