{"id":3307,"date":"2022-04-09T11:52:41","date_gmt":"2022-04-09T11:52:41","guid":{"rendered":"https:\/\/croc-aspe.com\/?page_id=3307"},"modified":"2024-10-17T06:50:52","modified_gmt":"2024-10-17T06:50:52","slug":"horaires-detailles-des-ter-pau-oloron-bedous-canfranc","status":"publish","type":"page","link":"https:\/\/croc-aspe.com\/?page_id=3307","title":{"rendered":"Horaires d\u00e9taill\u00e9s des TER Pau > Oloron > Bedous > Canfranc"},"content":{"rendered":"\t\t<div data-elementor-type=\"wp-page\" data-elementor-id=\"3307\" class=\"elementor elementor-3307\" data-elementor-settings=\"[]\">\n\t\t\t\t\t\t\t<div class=\"elementor-section-wrap\">\n\t\t\t\t\t\t\t<section class=\"elementor-section elementor-top-section elementor-element elementor-element-c0e740a elementor-section-boxed elementor-section-height-default elementor-section-height-default\" data-id=\"c0e740a\" data-element_type=\"section\">\n\t\t\t\t\t\t<div class=\"elementor-container elementor-column-gap-default\">\n\t\t\t\t\t<div class=\"elementor-column elementor-col-100 elementor-top-column elementor-element elementor-element-b87cee1\" data-id=\"b87cee1\" data-element_type=\"column\">\n\t\t\t<div class=\"elementor-widget-wrap elementor-element-populated\">\n\t\t\t\t\t\t\t\t<div class=\"elementor-element elementor-element-2a20b62 elementor-widget elementor-widget-text-editor\" data-id=\"2a20b62\" data-element_type=\"widget\" data-widget_type=\"text-editor.default\">\n\t\t\t\t<div class=\"elementor-widget-container\">\n\t\t\t<style>\/*! elementor - v3.5.5 - 03-02-2022 *\/\n.elementor-widget-text-editor.elementor-drop-cap-view-stacked .elementor-drop-cap{background-color:#818a91;color:#fff}.elementor-widget-text-editor.elementor-drop-cap-view-framed .elementor-drop-cap{color:#818a91;border:3px solid;background-color:transparent}.elementor-widget-text-editor:not(.elementor-drop-cap-view-default) .elementor-drop-cap{margin-top:8px}.elementor-widget-text-editor:not(.elementor-drop-cap-view-default) .elementor-drop-cap-letter{width:1em;height:1em}.elementor-widget-text-editor .elementor-drop-cap{float:left;text-align:center;line-height:1;font-size:50px}.elementor-widget-text-editor .elementor-drop-cap-letter{display:inline-block}<\/style>\t\t\t\t<p><strong><span style=\"color: #ff0000;\">Les horaires d\u00e9taill\u00e9s des TER\u00a0<\/span><\/strong><\/p><p><strong><span style=\"color: #ff0000;\">Pau &gt; Oloron &gt; Bedous &gt; Canfranc<\/span><\/strong><\/p>\t\t\t\t\t\t<\/div>\n\t\t\t\t<\/div>\n\t\t\t\t\t<\/div>\n\t\t<\/div>\n\t\t\t\t\t\t\t<\/div>\n\t\t<\/section>\n\t\t\t\t<section class=\"elementor-section elementor-top-section elementor-element elementor-element-c1e9180 elementor-section-boxed elementor-section-height-default elementor-section-height-default\" data-id=\"c1e9180\" data-element_type=\"section\">\n\t\t\t\t\t\t<div class=\"elementor-container elementor-column-gap-default\">\n\t\t\t\t\t<div class=\"elementor-column elementor-col-100 elementor-top-column elementor-element elementor-element-60c783e\" data-id=\"60c783e\" data-element_type=\"column\">\n\t\t\t<div class=\"elementor-widget-wrap elementor-element-populated\">\n\t\t\t\t\t\t\t\t<div class=\"elementor-element elementor-element-ec693bb elementor-widget elementor-widget-text-editor\" data-id=\"ec693bb\" data-element_type=\"widget\" data-widget_type=\"text-editor.default\">\n\t\t\t\t<div class=\"elementor-widget-container\">\n\t\t\t\t\t\t\t<p><span style=\"color: #0000ff;\"><strong>Pau &gt; Oloron &gt; Bedous<\/strong><\/span><\/p><p><span style=\"color: #0000ff;\"><strong>Horaires du lundi au vendredi du 12\/12\/2021 au 01\/07\/2022<\/strong><\/span><\/p>\t\t\t\t\t\t<\/div>\n\t\t\t\t<\/div>\n\t\t\t\t\t<\/div>\n\t\t<\/div>\n\t\t\t\t\t\t\t<\/div>\n\t\t<\/section>\n\t\t\t\t<section class=\"elementor-section elementor-top-section elementor-element elementor-element-7bae7f9 elementor-section-boxed elementor-section-height-default elementor-section-height-default\" data-id=\"7bae7f9\" data-element_type=\"section\">\n\t\t\t\t\t\t<div class=\"elementor-container elementor-column-gap-default\">\n\t\t\t\t\t<div class=\"elementor-column elementor-col-100 elementor-top-column elementor-element elementor-element-52ab974\" data-id=\"52ab974\" data-element_type=\"column\">\n\t\t\t<div class=\"elementor-widget-wrap elementor-element-populated\">\n\t\t\t\t\t\t\t\t<div class=\"elementor-element elementor-element-bd00f05 elementor-widget elementor-widget-text-editor\" data-id=\"bd00f05\" data-element_type=\"widget\" data-widget_type=\"text-editor.default\">\n\t\t\t\t<div class=\"elementor-widget-container\">\n\t\t\t\t\t\t\t<p>\u00a0<\/p><table width=\"1003\"><tbody><tr><td width=\"187\">Pau<\/td><td width=\"68\">\u00a0<\/td><td width=\"68\">\u00a0<\/td><td width=\"68\">07:15<\/td><td width=\"68\">09:15<\/td><td width=\"68\">12:08<\/td><td width=\"68\">14:36<\/td><td width=\"68\">\u00a0<\/td><td width=\"68\">15:59<\/td><td width=\"68\">17:40<\/td><td width=\"68\">\u00a0<\/td><td width=\"68\">19:05<\/td><td width=\"68\">20:29<\/td><\/tr><tr><td>Croix du Prince<\/td><td>\u00a0<\/td><td>\u00a0<\/td><td>07:18<\/td><td>09:18<\/td><td>12:11<\/td><td>14:39<\/td><td>\u00a0<\/td><td>16:02<\/td><td>17:43<\/td><td>\u00a0<\/td><td>19:08<\/td><td>20:32<\/td><\/tr><tr><td>Gan<\/td><td>\u00a0<\/td><td>\u00a0<\/td><td>07:25<\/td><td>09:25<\/td><td>12:18<\/td><td>14:46<\/td><td>\u00a0<\/td><td>16:09<\/td><td>17:50<\/td><td>\u00a0<\/td><td>19:15<\/td><td>20:39<\/td><\/tr><tr><td>Buzy en B\u00e9arn<\/td><td>\u00a0<\/td><td>\u00a0<\/td><td>07:36<\/td><td>09:36<\/td><td>12:29<\/td><td>14:57<\/td><td>\u00a0<\/td><td>16:21<\/td><td>18:01<\/td><td>\u00a0<\/td><td>19:26<\/td><td>20:50<\/td><\/tr><tr><td>Ogeu les Bains<\/td><td>\u00a0<\/td><td>\u00a0<\/td><td>07:42<\/td><td>09:42<\/td><td>12:35<\/td><td>15:03<\/td><td>\u00a0<\/td><td>16:26<\/td><td>18:07<\/td><td>\u00a0<\/td><td>19:32<\/td><td>20:56<\/td><\/tr><tr><td>Oloron Sainte Marie<\/td><td>\u00a0<\/td><td>\u00a0<\/td><td>07:51<\/td><td>09:51<\/td><td>12:44<\/td><td>15:12<\/td><td>\u00a0<\/td><td>16:34<\/td><td>18:16<\/td><td>\u00a0<\/td><td>19:41<\/td><td>21:04<\/td><\/tr><tr><td>Bidos<\/td><td>\u00a0<\/td><td>\u00a0<\/td><td>07:55<\/td><td>09:55<\/td><td>12:48<\/td><td>15:17<\/td><td>\u00a0<\/td><td>\u00a0<\/td><td>18:20<\/td><td>\u00a0<\/td><td>19:45<\/td><td>\u00a0<\/td><\/tr><tr><td>Lurbe Saint Christau<\/td><td>\u00a0<\/td><td>\u00a0<\/td><td>\u00a0<\/td><td>10:03<\/td><td>\u00a0<\/td><td>15:24<\/td><td>\u00a0<\/td><td>\u00a0<\/td><td>18:28<\/td><td>\u00a0<\/td><td>19:53<\/td><td>\u00a0<\/td><\/tr><tr><td>Sarrance<\/td><td>\u00a0<\/td><td>\u00a0<\/td><td>\u00a0<\/td><td>10:13<\/td><td>\u00a0<\/td><td>15:34<\/td><td>\u00a0<\/td><td>\u00a0<\/td><td>18:38<\/td><td>\u00a0<\/td><td>20:03<\/td><td>\u00a0<\/td><\/tr><tr><td>Bedous<\/td><td>\u00a0<\/td><td>\u00a0<\/td><td>\u00a0<\/td><td>10:20<\/td><td>\u00a0<\/td><td>15:41<\/td><td>\u00a0<\/td><td>\u00a0<\/td><td>18:45<\/td><td>\u00a0<\/td><td>20:10<\/td><td>\u00a0<\/td><\/tr><tr><td><em>Dur\u00e9e<\/em><\/td><td>\u00a0<\/td><td>\u00a0<\/td><td><em>00:40<\/em><\/td><td><em>01:05<\/em><\/td><td><em>00:40<\/em><\/td><td><em>01:05<\/em><\/td><td>\u00a0<\/td><td><em>00:35<\/em><\/td><td><em>01:05<\/em><\/td><td>\u00a0<\/td><td><em>01:05<\/em><\/td><td><em>00:35<\/em><\/td><\/tr><\/tbody><\/table>\t\t\t\t\t\t<\/div>\n\t\t\t\t<\/div>\n\t\t\t\t\t<\/div>\n\t\t<\/div>\n\t\t\t\t\t\t\t<\/div>\n\t\t<\/section>\n\t\t\t\t<section class=\"elementor-section elementor-top-section elementor-element elementor-element-1327385 elementor-section-boxed elementor-section-height-default elementor-section-height-default\" data-id=\"1327385\" data-element_type=\"section\">\n\t\t\t\t\t\t<div class=\"elementor-container elementor-column-gap-default\">\n\t\t\t\t\t<div class=\"elementor-column elementor-col-100 elementor-top-column elementor-element elementor-element-c1a14de\" data-id=\"c1a14de\" data-element_type=\"column\">\n\t\t\t<div class=\"elementor-widget-wrap elementor-element-populated\">\n\t\t\t\t\t\t\t\t<div class=\"elementor-element elementor-element-b7f146c elementor-widget elementor-widget-text-editor\" data-id=\"b7f146c\" data-element_type=\"widget\" data-widget_type=\"text-editor.default\">\n\t\t\t\t<div class=\"elementor-widget-container\">\n\t\t\t\t\t\t\t<p><span style=\"color: #0000ff;\"><strong>Pau &gt; Oloron &gt; Bedous &gt; Canfranc<\/strong><\/span><\/p><p><span style=\"color: #0000ff;\"><strong>Horaires du lundi au vendredi \u00e0 partir de 2032, date th\u00e9orique de la r\u00e9ouverture<\/strong><\/span><\/p>\t\t\t\t\t\t<\/div>\n\t\t\t\t<\/div>\n\t\t\t\t\t<\/div>\n\t\t<\/div>\n\t\t\t\t\t\t\t<\/div>\n\t\t<\/section>\n\t\t\t\t<section class=\"elementor-section elementor-top-section elementor-element elementor-element-bafced8 elementor-section-boxed elementor-section-height-default elementor-section-height-default\" data-id=\"bafced8\" data-element_type=\"section\">\n\t\t\t\t\t\t<div class=\"elementor-container elementor-column-gap-default\">\n\t\t\t\t\t<div class=\"elementor-column elementor-col-100 elementor-top-column elementor-element elementor-element-5ef28eb\" data-id=\"5ef28eb\" data-element_type=\"column\">\n\t\t\t<div class=\"elementor-widget-wrap elementor-element-populated\">\n\t\t\t\t\t\t\t\t<div class=\"elementor-element elementor-element-a3bdd38 elementor-widget elementor-widget-text-editor\" data-id=\"a3bdd38\" data-element_type=\"widget\" data-widget_type=\"text-editor.default\">\n\t\t\t\t<div class=\"elementor-widget-container\">\n\t\t\t\t\t\t\t<table width=\"1003\"><tbody><tr><td width=\"187\">Pau<\/td><td width=\"68\">05:16<\/td><td width=\"68\">06:11<\/td><td width=\"68\">07:03<\/td><td width=\"68\">10:18<\/td><td width=\"68\">11:40<\/td><td width=\"68\">13:28<\/td><td width=\"68\">15:04<\/td><td width=\"68\">16:30<\/td><td width=\"68\">17:37<\/td><td width=\"68\">18:09<\/td><td width=\"68\">19:04<\/td><td width=\"68\">20:41<\/td><\/tr><tr><td>Croix du Prince<\/td><td>&#8211;<\/td><td width=\"68\">06:14<\/td><td width=\"68\">07:06<\/td><td width=\"68\">10:21<\/td><td width=\"68\">11:43<\/td><td width=\"68\">13:31<\/td><td>&#8211;<\/td><td width=\"68\">16:33<\/td><td width=\"68\">17:40<\/td><td width=\"68\">18:12<\/td><td width=\"68\">19:07<\/td><td width=\"68\">20:44<\/td><\/tr><tr><td>Gan<\/td><td>&#8211;<\/td><td width=\"68\">06:21<\/td><td width=\"68\">07:13<\/td><td width=\"68\">10:28<\/td><td width=\"68\">11:50<\/td><td width=\"68\">13:38<\/td><td>&#8211;<\/td><td width=\"68\">16:40<\/td><td width=\"68\">17:47<\/td><td width=\"68\">18:19<\/td><td width=\"68\">19:14<\/td><td width=\"68\">20:51<\/td><\/tr><tr><td>Buzy en B\u00e9arn<\/td><td>&#8211;<\/td><td width=\"68\">06:33<\/td><td width=\"68\">07:25<\/td><td width=\"68\">10:40<\/td><td width=\"68\">12:02<\/td><td width=\"68\">13:52<\/td><td>&#8211;<\/td><td width=\"68\">16:52<\/td><td width=\"68\">17:59<\/td><td width=\"68\">18:31<\/td><td width=\"68\">19:26<\/td><td width=\"68\">21:01<\/td><\/tr><tr><td>Ogeu les Bains<\/td><td>&#8211;<\/td><td width=\"68\">06:39<\/td><td width=\"68\">07:31<\/td><td width=\"68\">10:46<\/td><td width=\"68\">12:08<\/td><td width=\"68\">13:58<\/td><td>&#8211;<\/td><td width=\"68\">16:58<\/td><td width=\"68\">18:05<\/td><td width=\"68\">18:37<\/td><td width=\"68\">19:32<\/td><td width=\"68\">21:07<\/td><\/tr><tr><td width=\"187\">Oloron<\/td><td width=\"68\">05:47<\/td><td width=\"68\">06:48<\/td><td width=\"68\">07:40<\/td><td width=\"68\">10:55<\/td><td width=\"68\">12:17<\/td><td width=\"68\">14:07<\/td><td width=\"68\">15:37<\/td><td width=\"68\">17:07<\/td><td width=\"68\">18:14<\/td><td width=\"68\">18:46<\/td><td width=\"68\">19:41<\/td><td width=\"68\">21:16<\/td><\/tr><tr><td>Bidos<\/td><td>&#8211;<\/td><td width=\"68\">\u00a0<\/td><td width=\"68\">07:44<\/td><td width=\"68\">10:59<\/td><td width=\"68\">12:21<\/td><td width=\"68\">\u00a0<\/td><td>\u00a0<\/td><td width=\"68\">17:11<\/td><td width=\"68\">18:18<\/td><td width=\"68\">\u00a0<\/td><td width=\"68\">\u00a0<\/td><td width=\"68\">\u00a0<\/td><\/tr><tr><td>Lurbe Saint Christau<\/td><td>&#8211;<\/td><td width=\"68\">\u00a0<\/td><td width=\"68\">07:52<\/td><td width=\"68\">11:07<\/td><td width=\"68\">12:29<\/td><td width=\"68\">\u00a0<\/td><td>\u00a0<\/td><td width=\"68\">17:19<\/td><td width=\"68\">18:26<\/td><td width=\"68\">\u00a0<\/td><td width=\"68\">\u00a0<\/td><td width=\"68\">\u00a0<\/td><\/tr><tr><td>Sarrance<\/td><td>&#8211;<\/td><td width=\"68\">\u00a0<\/td><td width=\"68\">08:02<\/td><td width=\"68\">11:17<\/td><td width=\"68\">12:39<\/td><td width=\"68\">\u00a0<\/td><td>\u00a0<\/td><td width=\"68\">17:29<\/td><td width=\"68\">18:36<\/td><td width=\"68\">\u00a0<\/td><td width=\"68\">\u00a0<\/td><td width=\"68\">\u00a0<\/td><\/tr><tr><td width=\"187\">Bedous<\/td><td>&#8211;<\/td><td width=\"68\">\u00a0<\/td><td width=\"68\">08:09<\/td><td width=\"68\">11:23<\/td><td width=\"68\">12:46<\/td><td width=\"68\">\u00a0<\/td><td>\u00a0<\/td><td width=\"68\">17:36<\/td><td width=\"68\">18:43<\/td><td width=\"68\">\u00a0<\/td><td width=\"68\">\u00a0<\/td><td width=\"68\">\u00a0<\/td><\/tr><tr><td width=\"187\">Urdos<\/td><td>&#8211;<\/td><td width=\"68\">\u00a0<\/td><td width=\"68\">08:32<\/td><td width=\"68\">\u00a0<\/td><td width=\"68\">\u00a0<\/td><td width=\"68\">\u00a0<\/td><td>\u00a0<\/td><td width=\"68\">17:56<\/td><td width=\"68\">\u00a0<\/td><td width=\"68\">\u00a0<\/td><td width=\"68\">\u00a0<\/td><td width=\"68\">\u00a0<\/td><\/tr><tr><td width=\"187\">Canfranc<\/td><td width=\"68\">07:08<\/td><td width=\"68\">\u00a0<\/td><td width=\"68\">08:55<\/td><td width=\"68\">\u00a0<\/td><td width=\"68\">\u00a0<\/td><td width=\"68\">\u00a0<\/td><td>\u00a0<\/td><td width=\"68\">18:21<\/td><td width=\"68\">\u00a0<\/td><td width=\"68\">\u00a0<\/td><td width=\"68\">\u00a0<\/td><td width=\"68\">\u00a0<\/td><\/tr><tr><td width=\"187\">\u00a0<\/td><td width=\"68\">Saragosse<\/td><td width=\"68\">\u00a0<\/td><td width=\"68\">\u00a0<\/td><td width=\"68\">\u00a0<\/td><td width=\"68\">\u00a0<\/td><td width=\"68\">\u00a0<\/td><td width=\"68\">Saragosse<\/td><td width=\"68\">\u00a0<\/td><td width=\"68\">\u00a0<\/td><td width=\"68\">\u00a0<\/td><td width=\"68\">\u00a0<\/td><td width=\"68\">\u00a0<\/td><\/tr><tr><td><em>Dur\u00e9e<\/em><\/td><td><em>01:52<\/em><\/td><td><em>00:37<\/em><\/td><td><em>01:52<\/em><\/td><td><em>01:05<\/em><\/td><td><em>01:06<\/em><\/td><td><em>00:39<\/em><\/td><td><em>00:33<\/em><\/td><td><em>01:51<\/em><\/td><td><em>01:06<\/em><\/td><td><em>00:37<\/em><\/td><td><em>00:37<\/em><\/td><td><em>00:35<\/em><\/td><\/tr><\/tbody><\/table>\t\t\t\t\t\t<\/div>\n\t\t\t\t<\/div>\n\t\t\t\t\t<\/div>\n\t\t<\/div>\n\t\t\t\t\t\t\t<\/div>\n\t\t<\/section>\n\t\t\t\t\t\t<\/div>\n\t\t\t\t\t<\/div>\n\t\t","protected":false},"excerpt":{"rendered":"<p>Les horaires d\u00e9taill\u00e9s des TER\u00a0 Pau &gt; Oloron &gt; Bedous &gt; Canfranc Pau &gt; Oloron &gt; Bedous Horaires du lundi au vendredi du 12\/12\/2021 au 01\/07\/2022 \u00a0 Pau \u00a0 \u00a0 07:15 09:15 12:08 14:36 \u00a0 15:59 17:40 \u00a0 19:05 20:29 Croix du Prince \u00a0 \u00a0 07:18 09:18 12:11 14:39 \u00a0 16:02 17:43 \u00a0 19:08 20:32 &hellip;<\/p>\n<p class=\"read-more\"> <a class=\"\" href=\"https:\/\/croc-aspe.com\/?page_id=3307\"> <span class=\"screen-reader-text\">Horaires d\u00e9taill\u00e9s des TER Pau > Oloron > Bedous > Canfranc<\/span> Read More &raquo;<\/a><\/p>\n","protected":false},"author":1,"featured_media":0,"parent":0,"menu_order":0,"comment_status":"closed","ping_status":"closed","template":"","meta":{"om_disable_all_campaigns":false,"_monsterinsights_skip_tracking":false,"_monsterinsights_sitenote_active":false,"_monsterinsights_sitenote_note":"","_monsterinsights_sitenote_category":0,"site-sidebar-layout":"no-sidebar","site-content-layout":"page-builder","ast-main-header-display":"","ast-hfb-above-header-display":"","ast-hfb-below-header-display":"","ast-hfb-mobile-header-display":"","site-post-title":"disabled","ast-breadcrumbs-content":"","ast-featured-img":"disabled","footer-sml-layout":"","theme-transparent-header-meta":"","adv-header-id-meta":"","stick-header-meta":"","header-above-stick-meta":"","header-main-stick-meta":"","header-below-stick-meta":"","footnotes":""},"class_list":["post-3307","page","type-page","status-publish","hentry"],"_links":{"self":[{"href":"https:\/\/croc-aspe.com\/index.php?rest_route=\/wp\/v2\/pages\/3307","targetHints":{"allow":["GET"]}}],"collection":[{"href":"https:\/\/croc-aspe.com\/index.php?rest_route=\/wp\/v2\/pages"}],"about":[{"href":"https:\/\/croc-aspe.com\/index.php?rest_route=\/wp\/v2\/types\/page"}],"author":[{"embeddable":true,"href":"https:\/\/croc-aspe.com\/index.php?rest_route=\/wp\/v2\/users\/1"}],"replies":[{"embeddable":true,"href":"https:\/\/croc-aspe.com\/index.php?rest_route=%2Fwp%2Fv2%2Fcomments&post=3307"}],"version-history":[{"count":26,"href":"https:\/\/croc-aspe.com\/index.php?rest_route=\/wp\/v2\/pages\/3307\/revisions"}],"predecessor-version":[{"id":7451,"href":"https:\/\/croc-aspe.com\/index.php?rest_route=\/wp\/v2\/pages\/3307\/revisions\/7451"}],"wp:attachment":[{"href":"https:\/\/croc-aspe.com\/index.php?rest_route=%2Fwp%2Fv2%2Fmedia&parent=3307"}],"curies":[{"name":"wp","href":"https:\/\/api.w.org\/{rel}","templated":true}]}}