{"id":2577,"date":"2022-03-06T09:20:52","date_gmt":"2022-03-06T09:20:52","guid":{"rendered":"https:\/\/croc-aspe.com\/?page_id=2577"},"modified":"2022-06-05T04:51:06","modified_gmt":"2022-06-05T04:51:06","slug":"biographie-auguste-pawlowski","status":"publish","type":"page","link":"https:\/\/croc-aspe.com\/?page_id=2577","title":{"rendered":"Biographie Auguste Pawlowski"},"content":{"rendered":"\t\t<div data-elementor-type=\"wp-page\" data-elementor-id=\"2577\" class=\"elementor elementor-2577\" data-elementor-settings=\"[]\">\n\t\t\t\t\t\t\t<div class=\"elementor-section-wrap\">\n\t\t\t\t\t\t\t<section class=\"elementor-section elementor-top-section elementor-element elementor-element-f43c3e9 elementor-section-boxed elementor-section-height-default elementor-section-height-default\" data-id=\"f43c3e9\" data-element_type=\"section\">\n\t\t\t\t\t\t<div class=\"elementor-container elementor-column-gap-default\">\n\t\t\t\t\t<div class=\"elementor-column elementor-col-100 elementor-top-column elementor-element elementor-element-75957246\" data-id=\"75957246\" data-element_type=\"column\">\n\t\t\t<div class=\"elementor-widget-wrap elementor-element-populated\">\n\t\t\t\t\t\t\t\t<div class=\"elementor-element elementor-element-3c237ee8 elementor-widget elementor-widget-text-editor\" data-id=\"3c237ee8\" data-element_type=\"widget\" data-widget_type=\"text-editor.default\">\n\t\t\t\t<div class=\"elementor-widget-container\">\n\t\t\t<style>\/*! elementor - v3.5.5 - 03-02-2022 *\/\n.elementor-widget-text-editor.elementor-drop-cap-view-stacked .elementor-drop-cap{background-color:#818a91;color:#fff}.elementor-widget-text-editor.elementor-drop-cap-view-framed .elementor-drop-cap{color:#818a91;border:3px solid;background-color:transparent}.elementor-widget-text-editor:not(.elementor-drop-cap-view-default) .elementor-drop-cap{margin-top:8px}.elementor-widget-text-editor:not(.elementor-drop-cap-view-default) .elementor-drop-cap-letter{width:1em;height:1em}.elementor-widget-text-editor .elementor-drop-cap{float:left;text-align:center;line-height:1;font-size:50px}.elementor-widget-text-editor .elementor-drop-cap-letter{display:inline-block}<\/style>\t\t\t\t<p><b><\/b><b><span lang=\"ES\" style=\"font-size: 14.0pt; mso-ansi-language: ES;\"><strong>Auguste Pawlowski (03\/03\/1874 Paris XIV<sup>\u00e8me<\/sup>\u00a0\u2013 16\/09\/1931 Le Perreux-sur-Marne)<\/strong><\/span><\/b><\/p>\t\t\t\t\t\t<\/div>\n\t\t\t\t<\/div>\n\t\t\t\t\t<\/div>\n\t\t<\/div>\n\t\t\t\t\t\t\t<\/div>\n\t\t<\/section>\n\t\t\t\t<section class=\"elementor-section elementor-top-section elementor-element elementor-element-79fa1661 elementor-section-boxed elementor-section-height-default elementor-section-height-default\" data-id=\"79fa1661\" data-element_type=\"section\">\n\t\t\t\t\t\t<div class=\"elementor-container elementor-column-gap-default\">\n\t\t\t\t\t<div class=\"elementor-column elementor-col-100 elementor-top-column elementor-element elementor-element-77d0066e\" data-id=\"77d0066e\" data-element_type=\"column\">\n\t\t\t<div class=\"elementor-widget-wrap elementor-element-populated\">\n\t\t\t\t\t\t\t\t<div class=\"elementor-element elementor-element-5f58f8b3 elementor-widget elementor-widget-text-editor\" data-id=\"5f58f8b3\" data-element_type=\"widget\" data-widget_type=\"text-editor.default\">\n\t\t\t\t<div class=\"elementor-widget-container\">\n\t\t\t\t\t\t\t<p>Journaliste, Professeur \u00e0 l&#8217;\u00c9cole des hautes \u00e9tudes sociales, Directeur de publications p\u00e9riodiques, Auteur dramatique, Chevalier de la L\u00e9gion d&#8217;Honneur en 1922<\/p>\t\t\t\t\t\t<\/div>\n\t\t\t\t<\/div>\n\t\t\t\t\t<\/div>\n\t\t<\/div>\n\t\t\t\t\t\t\t<\/div>\n\t\t<\/section>\n\t\t\t\t<section class=\"elementor-section elementor-top-section elementor-element elementor-element-c0e6624 elementor-section-boxed elementor-section-height-default elementor-section-height-default\" data-id=\"c0e6624\" data-element_type=\"section\">\n\t\t\t\t\t\t<div class=\"elementor-container elementor-column-gap-default\">\n\t\t\t\t\t<div class=\"elementor-column elementor-col-100 elementor-top-column elementor-element elementor-element-1bf41a4b\" data-id=\"1bf41a4b\" data-element_type=\"column\">\n\t\t\t<div class=\"elementor-widget-wrap elementor-element-populated\">\n\t\t\t\t\t\t\t\t<div class=\"elementor-element elementor-element-76ac10bc elementor-widget elementor-widget-text-editor\" data-id=\"76ac10bc\" data-element_type=\"widget\" data-widget_type=\"text-editor.default\">\n\t\t\t\t<div class=\"elementor-widget-container\">\n\t\t\t\t\t\t\t<p>Auguste Pawlowski fut journaliste et directeur de publications de plusieurs revues techniques. Il fut l\u2019un des promoteurs de la houille blanche, \u00e0 savoir de l\u2019\u00e9lectricit\u00e9 hydraulique, et s\u2019est attach\u00e9 \u00e0 l\u2019\u00e9tablissement et \u00e0 la l\u2019organisation de la production hydraulique en France. Il \u00e9crivit de nombreux ouvrages traitant des chemins de fer, de la navigation int\u00e9rieure, des ports.<\/p><p>Dans un article de la Nature, il r\u00e9alisa la description du transpyr\u00e9n\u00e9en occidental en l\u2019illustrant de tr\u00e8s belles photos des ouvrages d\u2019art d\u00e9j\u00e0 construits ou en chantier. Il estimait que la ligne Pau \u2013 Canfranc \u2013 Saragosse n\u2019aurait qu\u2019une influence m\u00e9diocre de Paris \u00e0 Madrid mais pensait qu\u2019elle permettrait d\u2019intensifier les \u00e9changes commerciaux et les liens entre la France et l\u2019Espagne. Il croyait \u00e9galement que les sites touristiques de la vall\u00e9e d\u2019Aspe et des sources min\u00e9rales perdues seraient revitalis\u00e9s, ce qui, l\u2019histoire le montrera, ne sera jamais le cas.<\/p>\t\t\t\t\t\t<\/div>\n\t\t\t\t<\/div>\n\t\t\t\t\t<\/div>\n\t\t<\/div>\n\t\t\t\t\t\t\t<\/div>\n\t\t<\/section>\n\t\t\t\t<section class=\"elementor-section elementor-top-section elementor-element elementor-element-1fd257c9 elementor-section-boxed elementor-section-height-default elementor-section-height-default\" data-id=\"1fd257c9\" data-element_type=\"section\">\n\t\t\t\t\t\t<div class=\"elementor-container elementor-column-gap-default\">\n\t\t\t\t\t<div class=\"elementor-column elementor-col-50 elementor-top-column elementor-element elementor-element-660e6689\" data-id=\"660e6689\" data-element_type=\"column\">\n\t\t\t<div class=\"elementor-widget-wrap elementor-element-populated\">\n\t\t\t\t\t\t\t\t<div class=\"elementor-element elementor-element-d3ab5ef elementor-button-success elementor-align-center elementor-widget elementor-widget-button\" data-id=\"d3ab5ef\" data-element_type=\"widget\" data-widget_type=\"button.default\">\n\t\t\t\t<div class=\"elementor-widget-container\">\n\t\t\t\t\t<div class=\"elementor-button-wrapper\">\n\t\t\t<a href=\"https:\/\/croc-aspe.com\/?page_id=2582\" class=\"elementor-button-link elementor-button elementor-size-sm\" role=\"button\">\n\t\t\t\t\t\t<span class=\"elementor-button-content-wrapper\">\n\t\t\t\t\t\t<span class=\"elementor-button-text\">Quelques citations d'Auguste Pawlowski<\/span>\n\t\t<\/span>\n\t\t\t\t\t<\/a>\n\t\t<\/div>\n\t\t\t\t<\/div>\n\t\t\t\t<\/div>\n\t\t\t\t\t<\/div>\n\t\t<\/div>\n\t\t\t\t<div class=\"elementor-column elementor-col-50 elementor-top-column elementor-element elementor-element-6d7ddcb3\" data-id=\"6d7ddcb3\" data-element_type=\"column\">\n\t\t\t<div class=\"elementor-widget-wrap elementor-element-populated\">\n\t\t\t\t\t\t\t\t<div class=\"elementor-element elementor-element-322721aa elementor-align-center elementor-widget elementor-widget-button\" data-id=\"322721aa\" data-element_type=\"widget\" data-widget_type=\"button.default\">\n\t\t\t\t<div class=\"elementor-widget-container\">\n\t\t\t\t\t<div class=\"elementor-button-wrapper\">\n\t\t\t<a href=\"https:\/\/croc-aspe.com\/?page_id=3952\" class=\"elementor-button-link elementor-button elementor-size-sm\" role=\"button\">\n\t\t\t\t\t\t<span class=\"elementor-button-content-wrapper\">\n\t\t\t\t\t\t<span class=\"elementor-button-text\">Retour aux personnages<\/span>\n\t\t<\/span>\n\t\t\t\t\t<\/a>\n\t\t<\/div>\n\t\t\t\t<\/div>\n\t\t\t\t<\/div>\n\t\t\t\t\t<\/div>\n\t\t<\/div>\n\t\t\t\t\t\t\t<\/div>\n\t\t<\/section>\n\t\t\t\t\t\t<\/div>\n\t\t\t\t\t<\/div>\n\t\t","protected":false},"excerpt":{"rendered":"<p>Auguste Pawlowski (03\/03\/1874 Paris XIV\u00e8me\u00a0\u2013 16\/09\/1931 Le Perreux-sur-Marne) Journaliste, Professeur \u00e0 l&#8217;\u00c9cole des hautes \u00e9tudes sociales, Directeur de publications p\u00e9riodiques, Auteur dramatique, Chevalier de la L\u00e9gion d&#8217;Honneur en 1922 Auguste Pawlowski fut journaliste et directeur de publications de plusieurs revues techniques. Il fut l\u2019un des promoteurs de la houille blanche, \u00e0 savoir de l\u2019\u00e9lectricit\u00e9 hydraulique, &hellip;<\/p>\n<p class=\"read-more\"> <a class=\"\" href=\"https:\/\/croc-aspe.com\/?page_id=2577\"> <span class=\"screen-reader-text\">Biographie Auguste Pawlowski<\/span> Read More &raquo;<\/a><\/p>\n","protected":false},"author":1,"featured_media":0,"parent":0,"menu_order":0,"comment_status":"closed","ping_status":"closed","template":"","meta":{"om_disable_all_campaigns":false,"_monsterinsights_skip_tracking":false,"_monsterinsights_sitenote_active":false,"_monsterinsights_sitenote_note":"","_monsterinsights_sitenote_category":0,"site-sidebar-layout":"no-sidebar","site-content-layout":"page-builder","ast-main-header-display":"","ast-hfb-above-header-display":"","ast-hfb-below-header-display":"","ast-hfb-mobile-header-display":"","site-post-title":"disabled","ast-breadcrumbs-content":"","ast-featured-img":"disabled","footer-sml-layout":"","theme-transparent-header-meta":"","adv-header-id-meta":"","stick-header-meta":"","header-above-stick-meta":"","header-main-stick-meta":"","header-below-stick-meta":"","footnotes":""},"class_list":["post-2577","page","type-page","status-publish","hentry"],"_links":{"self":[{"href":"https:\/\/croc-aspe.com\/index.php?rest_route=\/wp\/v2\/pages\/2577","targetHints":{"allow":["GET"]}}],"collection":[{"href":"https:\/\/croc-aspe.com\/index.php?rest_route=\/wp\/v2\/pages"}],"about":[{"href":"https:\/\/croc-aspe.com\/index.php?rest_route=\/wp\/v2\/types\/page"}],"author":[{"embeddable":true,"href":"https:\/\/croc-aspe.com\/index.php?rest_route=\/wp\/v2\/users\/1"}],"replies":[{"embeddable":true,"href":"https:\/\/croc-aspe.com\/index.php?rest_route=%2Fwp%2Fv2%2Fcomments&post=2577"}],"version-history":[{"count":13,"href":"https:\/\/croc-aspe.com\/index.php?rest_route=\/wp\/v2\/pages\/2577\/revisions"}],"predecessor-version":[{"id":4006,"href":"https:\/\/croc-aspe.com\/index.php?rest_route=\/wp\/v2\/pages\/2577\/revisions\/4006"}],"wp:attachment":[{"href":"https:\/\/croc-aspe.com\/index.php?rest_route=%2Fwp%2Fv2%2Fmedia&parent=2577"}],"curies":[{"name":"wp","href":"https:\/\/api.w.org\/{rel}","templated":true}]}}