{"id":1496,"date":"2022-02-20T19:53:07","date_gmt":"2022-02-20T19:53:07","guid":{"rendered":"https:\/\/croc-aspe.com\/?page_id=1496"},"modified":"2022-12-29T04:44:32","modified_gmt":"2022-12-29T04:44:32","slug":"biographie-jean-barat-priou","status":"publish","type":"page","link":"https:\/\/croc-aspe.com\/?page_id=1496","title":{"rendered":"Biographie Jean Barat Priou"},"content":{"rendered":"\t\t<div data-elementor-type=\"wp-page\" data-elementor-id=\"1496\" class=\"elementor elementor-1496\" data-elementor-settings=\"[]\">\n\t\t\t\t\t\t\t<div class=\"elementor-section-wrap\">\n\t\t\t\t\t\t\t<section class=\"elementor-section elementor-top-section elementor-element elementor-element-65983df6 elementor-section-boxed elementor-section-height-default elementor-section-height-default\" data-id=\"65983df6\" data-element_type=\"section\">\n\t\t\t\t\t\t<div class=\"elementor-container elementor-column-gap-default\">\n\t\t\t\t\t<div class=\"elementor-column elementor-col-100 elementor-top-column elementor-element elementor-element-ada7ec1\" data-id=\"ada7ec1\" data-element_type=\"column\">\n\t\t\t<div class=\"elementor-widget-wrap elementor-element-populated\">\n\t\t\t\t\t\t\t\t<div class=\"elementor-element elementor-element-71ea8e8f elementor-widget elementor-widget-text-editor\" data-id=\"71ea8e8f\" data-element_type=\"widget\" data-widget_type=\"text-editor.default\">\n\t\t\t\t<div class=\"elementor-widget-container\">\n\t\t\t<style>\/*! elementor - v3.5.5 - 03-02-2022 *\/\n.elementor-widget-text-editor.elementor-drop-cap-view-stacked .elementor-drop-cap{background-color:#818a91;color:#fff}.elementor-widget-text-editor.elementor-drop-cap-view-framed .elementor-drop-cap{color:#818a91;border:3px solid;background-color:transparent}.elementor-widget-text-editor:not(.elementor-drop-cap-view-default) .elementor-drop-cap{margin-top:8px}.elementor-widget-text-editor:not(.elementor-drop-cap-view-default) .elementor-drop-cap-letter{width:1em;height:1em}.elementor-widget-text-editor .elementor-drop-cap{float:left;text-align:center;line-height:1;font-size:50px}.elementor-widget-text-editor .elementor-drop-cap-letter{display:inline-block}<\/style>\t\t\t\t<p><b><\/b><b><span lang=\"ES\" style=\"font-size: 14.0pt; mso-ansi-language: ES;\"><strong>Jean Barat Priou (18\/06\/1835 Oloron &#8211; 12\/05\/1917 Oloron-Sainte-Marie)<\/strong><\/span><\/b><\/p>\t\t\t\t\t\t<\/div>\n\t\t\t\t<\/div>\n\t\t\t\t\t<\/div>\n\t\t<\/div>\n\t\t\t\t\t\t\t<\/div>\n\t\t<\/section>\n\t\t\t\t<section class=\"elementor-section elementor-top-section elementor-element elementor-element-1eb1198 elementor-section-boxed elementor-section-height-default elementor-section-height-default\" data-id=\"1eb1198\" data-element_type=\"section\">\n\t\t\t\t\t\t<div class=\"elementor-container elementor-column-gap-default\">\n\t\t\t\t\t<div class=\"elementor-column elementor-col-100 elementor-top-column elementor-element elementor-element-fdaaad1\" data-id=\"fdaaad1\" data-element_type=\"column\">\n\t\t\t<div class=\"elementor-widget-wrap elementor-element-populated\">\n\t\t\t\t\t\t\t\t<div class=\"elementor-element elementor-element-2ba5701 elementor-widget elementor-widget-text-editor\" data-id=\"2ba5701\" data-element_type=\"widget\" data-widget_type=\"text-editor.default\">\n\t\t\t\t<div class=\"elementor-widget-container\">\n\t\t\t\t\t\t\t<p>Cheminot, Directeur G\u00e9n\u00e9ral de la Compa\u00f1\u00eda de los Caminos de Hierro del Norte de Espa\u00f1a, Chevalier de la L\u00e9gion d\u2019Honneur en 1882<\/p>\t\t\t\t\t\t<\/div>\n\t\t\t\t<\/div>\n\t\t\t\t\t<\/div>\n\t\t<\/div>\n\t\t\t\t\t\t\t<\/div>\n\t\t<\/section>\n\t\t\t\t<section class=\"elementor-section elementor-top-section elementor-element elementor-element-21e43e3 elementor-section-boxed elementor-section-height-default elementor-section-height-default\" data-id=\"21e43e3\" data-element_type=\"section\">\n\t\t\t\t\t\t<div class=\"elementor-container elementor-column-gap-default\">\n\t\t\t\t\t<div class=\"elementor-column elementor-col-100 elementor-top-column elementor-element elementor-element-7e4c3a6\" data-id=\"7e4c3a6\" data-element_type=\"column\">\n\t\t\t<div class=\"elementor-widget-wrap elementor-element-populated\">\n\t\t\t\t\t\t\t\t<div class=\"elementor-element elementor-element-9935136 elementor-widget elementor-widget-text-editor\" data-id=\"9935136\" data-element_type=\"widget\" data-widget_type=\"text-editor.default\">\n\t\t\t\t<div class=\"elementor-widget-container\">\n\t\t\t\t\t\t\t<p>Fils d\u2019un modeste forgeron d\u2019Oloron, Jean Barat Priou est embauch\u00e9 en 1857 comme cheminot \u00e0 la gare de Montreuil-Verton dans le Pas-de-Calais. Il rejoignit en 1860 la Compa\u00f1\u00eda de los Caminos de Hierro del Norte de Espa\u00f1a comme adjoint au service d\u2019exploitation. Gravissant tr\u00e8s vite les diff\u00e9rents \u00e9chelons de l\u2019entreprise, il devint directeur de cette compagnie en 1881. Il ne cessa d\u2019\u00e9tendre le r\u00e9seau de la compagnie dans le nord et l\u2019ouest de l\u2019Espagne jusqu\u2019\u00e0 sa retraite en 1901.<\/p><p>Durant sa carri\u00e8re, puis durant sa retraite \u00e0 Oloron-Sainte-Marie, il fut un ardant promoteur de la ligne Pau &#8211; Canfranc &#8211; Saragosse et un proche de Louis Barthou. Comme les fr\u00e8res Pereire \u00e9taient actionnaires de la Compa\u00f1\u00eda de los Caminos de Hierro del Norte de Espa\u00f1a et de la Compagnie du Midi, il souhaitait rapprocher les deux compagnies par l\u2019ex\u00e9cution de la ligne Pau &#8211; Canfranc &#8211; Saragosse. Il ne vit pas son r\u00eave se r\u00e9aliser, d\u00e9c\u00e9dant 11 ann\u00e9es avant la mise en service de la ligne.<\/p>\t\t\t\t\t\t<\/div>\n\t\t\t\t<\/div>\n\t\t\t\t\t<\/div>\n\t\t<\/div>\n\t\t\t\t\t\t\t<\/div>\n\t\t<\/section>\n\t\t\t\t<section class=\"elementor-section elementor-top-section elementor-element elementor-element-7055ee4 elementor-section-boxed elementor-section-height-default elementor-section-height-default\" data-id=\"7055ee4\" data-element_type=\"section\">\n\t\t\t\t\t\t<div class=\"elementor-container elementor-column-gap-default\">\n\t\t\t\t\t<div class=\"elementor-column elementor-col-100 elementor-top-column elementor-element elementor-element-7fc417cc\" data-id=\"7fc417cc\" data-element_type=\"column\">\n\t\t\t<div class=\"elementor-widget-wrap\">\n\t\t\t\t\t\t\t\t\t<\/div>\n\t\t<\/div>\n\t\t\t\t\t\t\t<\/div>\n\t\t<\/section>\n\t\t\t\t<section class=\"elementor-section elementor-top-section elementor-element elementor-element-1c6aee83 elementor-section-boxed elementor-section-height-default elementor-section-height-default\" data-id=\"1c6aee83\" data-element_type=\"section\">\n\t\t\t\t\t\t<div class=\"elementor-container elementor-column-gap-default\">\n\t\t\t\t\t<div class=\"elementor-column elementor-col-50 elementor-top-column elementor-element elementor-element-7f5c983\" data-id=\"7f5c983\" data-element_type=\"column\">\n\t\t\t<div class=\"elementor-widget-wrap\">\n\t\t\t\t\t\t\t\t\t<\/div>\n\t\t<\/div>\n\t\t\t\t<div class=\"elementor-column elementor-col-50 elementor-top-column elementor-element elementor-element-49d1aa52\" data-id=\"49d1aa52\" data-element_type=\"column\">\n\t\t\t<div class=\"elementor-widget-wrap elementor-element-populated\">\n\t\t\t\t\t\t\t\t<div class=\"elementor-element elementor-element-4fe432e3 elementor-align-center elementor-widget elementor-widget-button\" data-id=\"4fe432e3\" data-element_type=\"widget\" data-widget_type=\"button.default\">\n\t\t\t\t<div class=\"elementor-widget-container\">\n\t\t\t\t\t<div class=\"elementor-button-wrapper\">\n\t\t\t<a href=\"https:\/\/croc-aspe.com\/?page_id=3939\" class=\"elementor-button-link elementor-button elementor-size-sm\" role=\"button\">\n\t\t\t\t\t\t<span class=\"elementor-button-content-wrapper\">\n\t\t\t\t\t\t<span class=\"elementor-button-text\">Retour aux personnages<\/span>\n\t\t<\/span>\n\t\t\t\t\t<\/a>\n\t\t<\/div>\n\t\t\t\t<\/div>\n\t\t\t\t<\/div>\n\t\t\t\t\t<\/div>\n\t\t<\/div>\n\t\t\t\t\t\t\t<\/div>\n\t\t<\/section>\n\t\t\t\t\t\t<\/div>\n\t\t\t\t\t<\/div>\n\t\t","protected":false},"excerpt":{"rendered":"<p>Jean Barat Priou (18\/06\/1835 Oloron &#8211; 12\/05\/1917 Oloron-Sainte-Marie) Cheminot, Directeur G\u00e9n\u00e9ral de la Compa\u00f1\u00eda de los Caminos de Hierro del Norte de Espa\u00f1a, Chevalier de la L\u00e9gion d\u2019Honneur en 1882 Fils d\u2019un modeste forgeron d\u2019Oloron, Jean Barat Priou est embauch\u00e9 en 1857 comme cheminot \u00e0 la gare de Montreuil-Verton dans le Pas-de-Calais. Il rejoignit en &hellip;<\/p>\n<p class=\"read-more\"> <a class=\"\" href=\"https:\/\/croc-aspe.com\/?page_id=1496\"> <span class=\"screen-reader-text\">Biographie Jean Barat Priou<\/span> Read More &raquo;<\/a><\/p>\n","protected":false},"author":1,"featured_media":0,"parent":0,"menu_order":0,"comment_status":"closed","ping_status":"closed","template":"","meta":{"om_disable_all_campaigns":false,"_monsterinsights_skip_tracking":false,"_monsterinsights_sitenote_active":false,"_monsterinsights_sitenote_note":"","_monsterinsights_sitenote_category":0,"site-sidebar-layout":"no-sidebar","site-content-layout":"page-builder","ast-main-header-display":"","ast-hfb-above-header-display":"","ast-hfb-below-header-display":"","ast-hfb-mobile-header-display":"","site-post-title":"disabled","ast-breadcrumbs-content":"","ast-featured-img":"disabled","footer-sml-layout":"","theme-transparent-header-meta":"","adv-header-id-meta":"","stick-header-meta":"","header-above-stick-meta":"","header-main-stick-meta":"","header-below-stick-meta":"","footnotes":""},"class_list":["post-1496","page","type-page","status-publish","hentry"],"_links":{"self":[{"href":"https:\/\/croc-aspe.com\/index.php?rest_route=\/wp\/v2\/pages\/1496","targetHints":{"allow":["GET"]}}],"collection":[{"href":"https:\/\/croc-aspe.com\/index.php?rest_route=\/wp\/v2\/pages"}],"about":[{"href":"https:\/\/croc-aspe.com\/index.php?rest_route=\/wp\/v2\/types\/page"}],"author":[{"embeddable":true,"href":"https:\/\/croc-aspe.com\/index.php?rest_route=\/wp\/v2\/users\/1"}],"replies":[{"embeddable":true,"href":"https:\/\/croc-aspe.com\/index.php?rest_route=%2Fwp%2Fv2%2Fcomments&post=1496"}],"version-history":[{"count":26,"href":"https:\/\/croc-aspe.com\/index.php?rest_route=\/wp\/v2\/pages\/1496\/revisions"}],"predecessor-version":[{"id":4885,"href":"https:\/\/croc-aspe.com\/index.php?rest_route=\/wp\/v2\/pages\/1496\/revisions\/4885"}],"wp:attachment":[{"href":"https:\/\/croc-aspe.com\/index.php?rest_route=%2Fwp%2Fv2%2Fmedia&parent=1496"}],"curies":[{"name":"wp","href":"https:\/\/api.w.org\/{rel}","templated":true}]}}

<div data-elementor-type="wp-page" data-elementor-id="1496" class="elementor elementor-1496" data-elementor-settings="[]">
							<div class="elementor-section-wrap">
							<section class="elementor-section elementor-top-section elementor-element elementor-element-65983df6 elementor-section-boxed elementor-section-height-default elementor-section-height-default" data-id="65983df6" data-element_type="section">
						<div class="elementor-container elementor-column-gap-default">
					<div class="elementor-column elementor-col-100 elementor-top-column elementor-element elementor-element-ada7ec1" data-id="ada7ec1" data-element_type="column">
			<div class="elementor-widget-wrap elementor-element-populated">
								<div class="elementor-element elementor-element-71ea8e8f elementor-widget elementor-widget-text-editor" data-id="71ea8e8f" data-element_type="widget" data-widget_type="text-editor.default">
				<div class="elementor-widget-container">
			<style>/*! elementor - v3.5.5 - 03-02-2022 */
.elementor-widget-text-editor.elementor-drop-cap-view-stacked .elementor-drop-cap{background-color:#818a91;color:#fff}.elementor-widget-text-editor.elementor-drop-cap-view-framed .elementor-drop-cap{color:#818a91;border:3px solid;background-color:transparent}.elementor-widget-text-editor:not(.elementor-drop-cap-view-default) .elementor-drop-cap{margin-top:8px}.elementor-widget-text-editor:not(.elementor-drop-cap-view-default) .elementor-drop-cap-letter{width:1em;height:1em}.elementor-widget-text-editor .elementor-drop-cap{float:left;text-align:center;line-height:1;font-size:50px}.elementor-widget-text-editor .elementor-drop-cap-letter{display:inline-block}</style>				<p><b></b><b><span lang="ES" style="font-size: 14.0pt; mso-ansi-language: ES;"><strong>Jean Barat Priou (18/06/1835 Oloron &#8211; 12/05/1917 Oloron-Sainte-Marie)</strong></span></b></p>						</div>
				</div>
					</div>
		</div>
							</div>
		</section>
				<section class="elementor-section elementor-top-section elementor-element elementor-element-1eb1198 elementor-section-boxed elementor-section-height-default elementor-section-height-default" data-id="1eb1198" data-element_type="section">
						<div class="elementor-container elementor-column-gap-default">
					<div class="elementor-column elementor-col-100 elementor-top-column elementor-element elementor-element-fdaaad1" data-id="fdaaad1" data-element_type="column">
			<div class="elementor-widget-wrap elementor-element-populated">
								<div class="elementor-element elementor-element-2ba5701 elementor-widget elementor-widget-text-editor" data-id="2ba5701" data-element_type="widget" data-widget_type="text-editor.default">
				<div class="elementor-widget-container">
							<p>Cheminot, Directeur Général de la Compañía de los Caminos de Hierro del Norte de España, Chevalier de la Légion d’Honneur en 1882</p>						</div>
				</div>
					</div>
		</div>
							</div>
		</section>
				<section class="elementor-section elementor-top-section elementor-element elementor-element-21e43e3 elementor-section-boxed elementor-section-height-default elementor-section-height-default" data-id="21e43e3" data-element_type="section">
						<div class="elementor-container elementor-column-gap-default">
					<div class="elementor-column elementor-col-100 elementor-top-column elementor-element elementor-element-7e4c3a6" data-id="7e4c3a6" data-element_type="column">
			<div class="elementor-widget-wrap elementor-element-populated">
								<div class="elementor-element elementor-element-9935136 elementor-widget elementor-widget-text-editor" data-id="9935136" data-element_type="widget" data-widget_type="text-editor.default">
				<div class="elementor-widget-container">
							<p>Fils d’un modeste forgeron d’Oloron, Jean Barat Priou est embauché en 1857 comme cheminot à la gare de Montreuil-Verton dans le Pas-de-Calais. Il rejoignit en 1860 la Compañía de los Caminos de Hierro del Norte de España comme adjoint au service d’exploitation. Gravissant très vite les différents échelons de l’entreprise, il devint directeur de cette compagnie en 1881. Il ne cessa d’étendre le réseau de la compagnie dans le nord et l’ouest de l’Espagne jusqu’à sa retraite en 1901.</p><p>Durant sa carrière, puis durant sa retraite à Oloron-Sainte-Marie, il fut un ardant promoteur de la ligne Pau &#8211; Canfranc &#8211; Saragosse et un proche de Louis Barthou. Comme les frères Pereire étaient actionnaires de la Compañía de los Caminos de Hierro del Norte de España et de la Compagnie du Midi, il souhaitait rapprocher les deux compagnies par l’exécution de la ligne Pau &#8211; Canfranc &#8211; Saragosse. Il ne vit pas son rêve se réaliser, décédant 11 années avant la mise en service de la ligne.</p>						</div>
				</div>
					</div>
		</div>
							</div>
		</section>
				<section class="elementor-section elementor-top-section elementor-element elementor-element-7055ee4 elementor-section-boxed elementor-section-height-default elementor-section-height-default" data-id="7055ee4" data-element_type="section">
						<div class="elementor-container elementor-column-gap-default">
					<div class="elementor-column elementor-col-100 elementor-top-column elementor-element elementor-element-7fc417cc" data-id="7fc417cc" data-element_type="column">
			<div class="elementor-widget-wrap">
									</div>
		</div>
							</div>
		</section>
				<section class="elementor-section elementor-top-section elementor-element elementor-element-1c6aee83 elementor-section-boxed elementor-section-height-default elementor-section-height-default" data-id="1c6aee83" data-element_type="section">
						<div class="elementor-container elementor-column-gap-default">
					<div class="elementor-column elementor-col-50 elementor-top-column elementor-element elementor-element-7f5c983" data-id="7f5c983" data-element_type="column">
			<div class="elementor-widget-wrap">
									</div>
		</div>
				<div class="elementor-column elementor-col-50 elementor-top-column elementor-element elementor-element-49d1aa52" data-id="49d1aa52" data-element_type="column">
			<div class="elementor-widget-wrap elementor-element-populated">
								<div class="elementor-element elementor-element-4fe432e3 elementor-align-center elementor-widget elementor-widget-button" data-id="4fe432e3" data-element_type="widget" data-widget_type="button.default">
				<div class="elementor-widget-container">
					<div class="elementor-button-wrapper">
			<a href="https://croc-aspe.com/?page_id=3939" class="elementor-button-link elementor-button elementor-size-sm" role="button">
						<span class="elementor-button-content-wrapper">
						<span class="elementor-button-text">Retour aux personnages</span>
		</span>
					</a>
		</div>
				</div>
				</div>
					</div>
		</div>
							</div>
		</section>
						</div>
					</div>

<p>Jean Barat Priou (18/06/1835 Oloron &#8211; 12/05/1917 Oloron-Sainte-Marie) Cheminot, Directeur Général de la Compañía de los Caminos de Hierro del Norte de España, Chevalier de la Légion d’Honneur en 1882 Fils d’un modeste forgeron d’Oloron, Jean Barat Priou est embauché en 1857 comme cheminot à la gare de Montreuil-Verton dans le Pas-de-Calais. Il rejoignit en &hellip;</p>
<p class="read-more"> <a class="" href="https://croc-aspe.com/?page_id=1496"> <span class="screen-reader-text">Biographie Jean Barat Priou</span> Read More &raquo;</a></p>
