{"id":1460,"date":"2022-02-20T19:26:15","date_gmt":"2022-02-20T19:26:15","guid":{"rendered":"https:\/\/croc-aspe.com\/?page_id=1460"},"modified":"2022-06-05T04:57:49","modified_gmt":"2022-06-05T04:57:49","slug":"biographie-jean-raoul-paul","status":"publish","type":"page","link":"https:\/\/croc-aspe.com\/?page_id=1460","title":{"rendered":"Biographie Jean-Raoul Paul"},"content":{"rendered":"\t\t<div data-elementor-type=\"wp-page\" data-elementor-id=\"1460\" class=\"elementor elementor-1460\" data-elementor-settings=\"[]\">\n\t\t\t\t\t\t\t<div class=\"elementor-section-wrap\">\n\t\t\t\t\t\t\t<section class=\"elementor-section elementor-top-section elementor-element elementor-element-153c61b5 elementor-section-boxed elementor-section-height-default elementor-section-height-default\" data-id=\"153c61b5\" data-element_type=\"section\">\n\t\t\t\t\t\t<div class=\"elementor-container elementor-column-gap-default\">\n\t\t\t\t\t<div class=\"elementor-column elementor-col-100 elementor-top-column elementor-element elementor-element-57eb2ef5\" data-id=\"57eb2ef5\" data-element_type=\"column\">\n\t\t\t<div class=\"elementor-widget-wrap elementor-element-populated\">\n\t\t\t\t\t\t\t\t<div class=\"elementor-element elementor-element-2445278b elementor-widget elementor-widget-text-editor\" data-id=\"2445278b\" data-element_type=\"widget\" data-widget_type=\"text-editor.default\">\n\t\t\t\t<div class=\"elementor-widget-container\">\n\t\t\t<style>\/*! elementor - v3.5.5 - 03-02-2022 *\/\n.elementor-widget-text-editor.elementor-drop-cap-view-stacked .elementor-drop-cap{background-color:#818a91;color:#fff}.elementor-widget-text-editor.elementor-drop-cap-view-framed .elementor-drop-cap{color:#818a91;border:3px solid;background-color:transparent}.elementor-widget-text-editor:not(.elementor-drop-cap-view-default) .elementor-drop-cap{margin-top:8px}.elementor-widget-text-editor:not(.elementor-drop-cap-view-default) .elementor-drop-cap-letter{width:1em;height:1em}.elementor-widget-text-editor .elementor-drop-cap{float:left;text-align:center;line-height:1;font-size:50px}.elementor-widget-text-editor .elementor-drop-cap-letter{display:inline-block}<\/style>\t\t\t\t<p><b><\/b><b><span lang=\"ES\" style=\"font-size: 14.0pt; mso-ansi-language: ES;\"><strong>Jean-Raoul Paul (08\/05\/1869 Vayres &#8211; 28\/09\/1960 Vayres)<\/strong><\/span><\/b><\/p>\t\t\t\t\t\t<\/div>\n\t\t\t\t<\/div>\n\t\t\t\t\t<\/div>\n\t\t<\/div>\n\t\t\t\t\t\t\t<\/div>\n\t\t<\/section>\n\t\t\t\t<section class=\"elementor-section elementor-top-section elementor-element elementor-element-3f562f2 elementor-section-boxed elementor-section-height-default elementor-section-height-default\" data-id=\"3f562f2\" data-element_type=\"section\">\n\t\t\t\t\t\t<div class=\"elementor-container elementor-column-gap-default\">\n\t\t\t\t\t<div class=\"elementor-column elementor-col-100 elementor-top-column elementor-element elementor-element-b4d7b38\" data-id=\"b4d7b38\" data-element_type=\"column\">\n\t\t\t<div class=\"elementor-widget-wrap elementor-element-populated\">\n\t\t\t\t\t\t\t\t<div class=\"elementor-element elementor-element-125cb6f elementor-widget elementor-widget-text-editor\" data-id=\"125cb6f\" data-element_type=\"widget\" data-widget_type=\"text-editor.default\">\n\t\t\t\t<div class=\"elementor-widget-container\">\n\t\t\t\t\t\t\t<p>Polytechnicien, Ing\u00e9nieur des Ponts et Chauss\u00e9es, Directeur de la Compagnie du Midi de 1913 \u00e0 1932, Chevalier de la L\u00e9gion d\u2019Honneur en 1909 puis Officier en 1919 puis Commandeur en 1926 puis Grand-Officier en 1929<\/p>\t\t\t\t\t\t<\/div>\n\t\t\t\t<\/div>\n\t\t\t\t\t<\/div>\n\t\t<\/div>\n\t\t\t\t\t\t\t<\/div>\n\t\t<\/section>\n\t\t\t\t<section class=\"elementor-section elementor-top-section elementor-element elementor-element-6a897a4 elementor-section-boxed elementor-section-height-default elementor-section-height-default\" data-id=\"6a897a4\" data-element_type=\"section\">\n\t\t\t\t\t\t<div class=\"elementor-container elementor-column-gap-default\">\n\t\t\t\t\t<div class=\"elementor-column elementor-col-100 elementor-top-column elementor-element elementor-element-ac1b6c3\" data-id=\"ac1b6c3\" data-element_type=\"column\">\n\t\t\t<div class=\"elementor-widget-wrap elementor-element-populated\">\n\t\t\t\t\t\t\t\t<div class=\"elementor-element elementor-element-decb285 elementor-widget elementor-widget-text-editor\" data-id=\"decb285\" data-element_type=\"widget\" data-widget_type=\"text-editor.default\">\n\t\t\t\t<div class=\"elementor-widget-container\">\n\t\t\t\t\t\t\t<p>Jean-Raoul Paul commen\u00e7a sa carri\u00e8re comme charg\u00e9 des travaux neufs au Port de Bordeaux. Il rentra \u00e0 la Compagnie du Midi en 1899 en tant qu\u2019ing\u00e9nieur \u00e0 la voie. Il devint directeur de cette compagnie en 1913. La compagnie ne desservant pas Paris et ne pouvant compter sur une client\u00e8le nombreuse, il chercha \u00e0 d\u00e9velopper le tourisme dans les Pyr\u00e9n\u00e9es et sera \u00e0 l\u2019origine de la cr\u00e9ation des stations de sport d\u2019hiver de Superbagn\u00e8res et de Font-Romeu, de la route menant au Pic du Midi de Bigorre, du petit train d\u2019Artouste, du Train Jaune et de la cr\u00e9maill\u00e8re de la Rhune. Tr\u00e8s vite, il comprit tout l\u2019int\u00e9r\u00eat que la compagnie pouvait retirer de l\u2019\u00e9lectrification des lignes de chemins de fer. La Compagnie du Midi fut ainsi pionni\u00e8re dans ce domaine en installant des usines hydro-\u00e9lectriques dans les vall\u00e9es des Pyr\u00e9n\u00e9es aliment\u00e9es par des barrages et des conduites forc\u00e9es puis d\u00e9buta la traction \u00e9lectrique en 1907. Une st\u00e8le \u00e0 sa m\u00e9moire est \u00e9rig\u00e9e en 1933 au sommet du col du Tourmalet.<\/p><p>La Compagnie du Midi fut toujours hostile \u00e0 la ligne Pau &#8211; Canfranc &#8211; Saragosse qu\u2019elle a toujours vu comme \u00e9tant un cadeau empoisonn\u00e9. C\u2019est Jean-Raoul Paul qui prendra la d\u00e9cision de sa construction en y voyant l\u2019int\u00e9r\u00eat de promouvoir l\u2019\u00e9lectrification et, non sans avoir obtenu de l\u2019Etat des garanties sur les investissements engag\u00e9s par la compagnie et les compensations en cas d\u2019exploitation d\u00e9ficitaire.<\/p>\t\t\t\t\t\t<\/div>\n\t\t\t\t<\/div>\n\t\t\t\t\t<\/div>\n\t\t<\/div>\n\t\t\t\t\t\t\t<\/div>\n\t\t<\/section>\n\t\t\t\t<section class=\"elementor-section elementor-top-section elementor-element elementor-element-6eef9270 elementor-section-boxed elementor-section-height-default elementor-section-height-default\" data-id=\"6eef9270\" data-element_type=\"section\">\n\t\t\t\t\t\t<div class=\"elementor-container elementor-column-gap-default\">\n\t\t\t\t\t<div class=\"elementor-column elementor-col-50 elementor-top-column elementor-element elementor-element-5fc8750f\" data-id=\"5fc8750f\" data-element_type=\"column\">\n\t\t\t<div class=\"elementor-widget-wrap\">\n\t\t\t\t\t\t\t\t\t<\/div>\n\t\t<\/div>\n\t\t\t\t<div class=\"elementor-column elementor-col-50 elementor-top-column elementor-element elementor-element-59273e85\" data-id=\"59273e85\" data-element_type=\"column\">\n\t\t\t<div class=\"elementor-widget-wrap elementor-element-populated\">\n\t\t\t\t\t\t\t\t<div class=\"elementor-element elementor-element-55949989 elementor-align-center elementor-widget elementor-widget-button\" data-id=\"55949989\" data-element_type=\"widget\" data-widget_type=\"button.default\">\n\t\t\t\t<div class=\"elementor-widget-container\">\n\t\t\t\t\t<div class=\"elementor-button-wrapper\">\n\t\t\t<a href=\"https:\/\/croc-aspe.com\/?page_id=3939\" class=\"elementor-button-link elementor-button elementor-size-sm\" role=\"button\">\n\t\t\t\t\t\t<span class=\"elementor-button-content-wrapper\">\n\t\t\t\t\t\t<span class=\"elementor-button-text\">Retour aux personnages<\/span>\n\t\t<\/span>\n\t\t\t\t\t<\/a>\n\t\t<\/div>\n\t\t\t\t<\/div>\n\t\t\t\t<\/div>\n\t\t\t\t\t<\/div>\n\t\t<\/div>\n\t\t\t\t\t\t\t<\/div>\n\t\t<\/section>\n\t\t\t\t\t\t<\/div>\n\t\t\t\t\t<\/div>\n\t\t","protected":false},"excerpt":{"rendered":"<p>Jean-Raoul Paul (08\/05\/1869 Vayres &#8211; 28\/09\/1960 Vayres) Polytechnicien, Ing\u00e9nieur des Ponts et Chauss\u00e9es, Directeur de la Compagnie du Midi de 1913 \u00e0 1932, Chevalier de la L\u00e9gion d\u2019Honneur en 1909 puis Officier en 1919 puis Commandeur en 1926 puis Grand-Officier en 1929 Jean-Raoul Paul commen\u00e7a sa carri\u00e8re comme charg\u00e9 des travaux neufs au Port de &hellip;<\/p>\n<p class=\"read-more\"> <a class=\"\" href=\"https:\/\/croc-aspe.com\/?page_id=1460\"> <span class=\"screen-reader-text\">Biographie Jean-Raoul Paul<\/span> Read More &raquo;<\/a><\/p>\n","protected":false},"author":1,"featured_media":0,"parent":0,"menu_order":0,"comment_status":"closed","ping_status":"closed","template":"","meta":{"om_disable_all_campaigns":false,"_monsterinsights_skip_tracking":false,"_monsterinsights_sitenote_active":false,"_monsterinsights_sitenote_note":"","_monsterinsights_sitenote_category":0,"site-sidebar-layout":"no-sidebar","site-content-layout":"page-builder","ast-main-header-display":"","ast-hfb-above-header-display":"","ast-hfb-below-header-display":"","ast-hfb-mobile-header-display":"","site-post-title":"disabled","ast-breadcrumbs-content":"","ast-featured-img":"disabled","footer-sml-layout":"","theme-transparent-header-meta":"","adv-header-id-meta":"","stick-header-meta":"","header-above-stick-meta":"","header-main-stick-meta":"","header-below-stick-meta":"","footnotes":""},"class_list":["post-1460","page","type-page","status-publish","hentry"],"_links":{"self":[{"href":"https:\/\/croc-aspe.com\/index.php?rest_route=\/wp\/v2\/pages\/1460","targetHints":{"allow":["GET"]}}],"collection":[{"href":"https:\/\/croc-aspe.com\/index.php?rest_route=\/wp\/v2\/pages"}],"about":[{"href":"https:\/\/croc-aspe.com\/index.php?rest_route=\/wp\/v2\/types\/page"}],"author":[{"embeddable":true,"href":"https:\/\/croc-aspe.com\/index.php?rest_route=\/wp\/v2\/users\/1"}],"replies":[{"embeddable":true,"href":"https:\/\/croc-aspe.com\/index.php?rest_route=%2Fwp%2Fv2%2Fcomments&post=1460"}],"version-history":[{"count":28,"href":"https:\/\/croc-aspe.com\/index.php?rest_route=\/wp\/v2\/pages\/1460\/revisions"}],"predecessor-version":[{"id":4054,"href":"https:\/\/croc-aspe.com\/index.php?rest_route=\/wp\/v2\/pages\/1460\/revisions\/4054"}],"wp:attachment":[{"href":"https:\/\/croc-aspe.com\/index.php?rest_route=%2Fwp%2Fv2%2Fmedia&parent=1460"}],"curies":[{"name":"wp","href":"https:\/\/api.w.org\/{rel}","templated":true}]}}

<div data-elementor-type="wp-page" data-elementor-id="1460" class="elementor elementor-1460" data-elementor-settings="[]">
							<div class="elementor-section-wrap">
							<section class="elementor-section elementor-top-section elementor-element elementor-element-153c61b5 elementor-section-boxed elementor-section-height-default elementor-section-height-default" data-id="153c61b5" data-element_type="section">
						<div class="elementor-container elementor-column-gap-default">
					<div class="elementor-column elementor-col-100 elementor-top-column elementor-element elementor-element-57eb2ef5" data-id="57eb2ef5" data-element_type="column">
			<div class="elementor-widget-wrap elementor-element-populated">
								<div class="elementor-element elementor-element-2445278b elementor-widget elementor-widget-text-editor" data-id="2445278b" data-element_type="widget" data-widget_type="text-editor.default">
				<div class="elementor-widget-container">
			<style>/*! elementor - v3.5.5 - 03-02-2022 */
.elementor-widget-text-editor.elementor-drop-cap-view-stacked .elementor-drop-cap{background-color:#818a91;color:#fff}.elementor-widget-text-editor.elementor-drop-cap-view-framed .elementor-drop-cap{color:#818a91;border:3px solid;background-color:transparent}.elementor-widget-text-editor:not(.elementor-drop-cap-view-default) .elementor-drop-cap{margin-top:8px}.elementor-widget-text-editor:not(.elementor-drop-cap-view-default) .elementor-drop-cap-letter{width:1em;height:1em}.elementor-widget-text-editor .elementor-drop-cap{float:left;text-align:center;line-height:1;font-size:50px}.elementor-widget-text-editor .elementor-drop-cap-letter{display:inline-block}</style>				<p><b></b><b><span lang="ES" style="font-size: 14.0pt; mso-ansi-language: ES;"><strong>Jean-Raoul Paul (08/05/1869 Vayres &#8211; 28/09/1960 Vayres)</strong></span></b></p>						</div>
				</div>
					</div>
		</div>
							</div>
		</section>
				<section class="elementor-section elementor-top-section elementor-element elementor-element-3f562f2 elementor-section-boxed elementor-section-height-default elementor-section-height-default" data-id="3f562f2" data-element_type="section">
						<div class="elementor-container elementor-column-gap-default">
					<div class="elementor-column elementor-col-100 elementor-top-column elementor-element elementor-element-b4d7b38" data-id="b4d7b38" data-element_type="column">
			<div class="elementor-widget-wrap elementor-element-populated">
								<div class="elementor-element elementor-element-125cb6f elementor-widget elementor-widget-text-editor" data-id="125cb6f" data-element_type="widget" data-widget_type="text-editor.default">
				<div class="elementor-widget-container">
							<p>Polytechnicien, Ingénieur des Ponts et Chaussées, Directeur de la Compagnie du Midi de 1913 à 1932, Chevalier de la Légion d’Honneur en 1909 puis Officier en 1919 puis Commandeur en 1926 puis Grand-Officier en 1929</p>						</div>
				</div>
					</div>
		</div>
							</div>
		</section>
				<section class="elementor-section elementor-top-section elementor-element elementor-element-6a897a4 elementor-section-boxed elementor-section-height-default elementor-section-height-default" data-id="6a897a4" data-element_type="section">
						<div class="elementor-container elementor-column-gap-default">
					<div class="elementor-column elementor-col-100 elementor-top-column elementor-element elementor-element-ac1b6c3" data-id="ac1b6c3" data-element_type="column">
			<div class="elementor-widget-wrap elementor-element-populated">
								<div class="elementor-element elementor-element-decb285 elementor-widget elementor-widget-text-editor" data-id="decb285" data-element_type="widget" data-widget_type="text-editor.default">
				<div class="elementor-widget-container">
							<p>Jean-Raoul Paul commença sa carrière comme chargé des travaux neufs au Port de Bordeaux. Il rentra à la Compagnie du Midi en 1899 en tant qu’ingénieur à la voie. Il devint directeur de cette compagnie en 1913. La compagnie ne desservant pas Paris et ne pouvant compter sur une clientèle nombreuse, il chercha à développer le tourisme dans les Pyrénées et sera à l’origine de la création des stations de sport d’hiver de Superbagnères et de Font-Romeu, de la route menant au Pic du Midi de Bigorre, du petit train d’Artouste, du Train Jaune et de la crémaillère de la Rhune. Très vite, il comprit tout l’intérêt que la compagnie pouvait retirer de l’électrification des lignes de chemins de fer. La Compagnie du Midi fut ainsi pionnière dans ce domaine en installant des usines hydro-électriques dans les vallées des Pyrénées alimentées par des barrages et des conduites forcées puis débuta la traction électrique en 1907. Une stèle à sa mémoire est érigée en 1933 au sommet du col du Tourmalet.</p><p>La Compagnie du Midi fut toujours hostile à la ligne Pau &#8211; Canfranc &#8211; Saragosse qu’elle a toujours vu comme étant un cadeau empoisonné. C’est Jean-Raoul Paul qui prendra la décision de sa construction en y voyant l’intérêt de promouvoir l’électrification et, non sans avoir obtenu de l’Etat des garanties sur les investissements engagés par la compagnie et les compensations en cas d’exploitation déficitaire.</p>						</div>
				</div>
					</div>
		</div>
							</div>
		</section>
				<section class="elementor-section elementor-top-section elementor-element elementor-element-6eef9270 elementor-section-boxed elementor-section-height-default elementor-section-height-default" data-id="6eef9270" data-element_type="section">
						<div class="elementor-container elementor-column-gap-default">
					<div class="elementor-column elementor-col-50 elementor-top-column elementor-element elementor-element-5fc8750f" data-id="5fc8750f" data-element_type="column">
			<div class="elementor-widget-wrap">
									</div>
		</div>
				<div class="elementor-column elementor-col-50 elementor-top-column elementor-element elementor-element-59273e85" data-id="59273e85" data-element_type="column">
			<div class="elementor-widget-wrap elementor-element-populated">
								<div class="elementor-element elementor-element-55949989 elementor-align-center elementor-widget elementor-widget-button" data-id="55949989" data-element_type="widget" data-widget_type="button.default">
				<div class="elementor-widget-container">
					<div class="elementor-button-wrapper">
			<a href="https://croc-aspe.com/?page_id=3939" class="elementor-button-link elementor-button elementor-size-sm" role="button">
						<span class="elementor-button-content-wrapper">
						<span class="elementor-button-text">Retour aux personnages</span>
		</span>
					</a>
		</div>
				</div>
				</div>
					</div>
		</div>
							</div>
		</section>
						</div>
					</div>

<p>Jean-Raoul Paul (08/05/1869 Vayres &#8211; 28/09/1960 Vayres) Polytechnicien, Ingénieur des Ponts et Chaussées, Directeur de la Compagnie du Midi de 1913 à 1932, Chevalier de la Légion d’Honneur en 1909 puis Officier en 1919 puis Commandeur en 1926 puis Grand-Officier en 1929 Jean-Raoul Paul commença sa carrière comme chargé des travaux neufs au Port de &hellip;</p>
<p class="read-more"> <a class="" href="https://croc-aspe.com/?page_id=1460"> <span class="screen-reader-text">Biographie Jean-Raoul Paul</span> Read More &raquo;</a></p>
