{"id":1416,"date":"2022-02-20T18:32:33","date_gmt":"2022-02-20T18:32:33","guid":{"rendered":"https:\/\/croc-aspe.com\/?page_id=1416"},"modified":"2022-06-05T04:59:58","modified_gmt":"2022-06-05T04:59:58","slug":"biographie-patrick-oquin","status":"publish","type":"page","link":"https:\/\/croc-aspe.com\/?page_id=1416","title":{"rendered":"Biographie Patrick O&#8217;Quin"},"content":{"rendered":"\t\t<div data-elementor-type=\"wp-page\" data-elementor-id=\"1416\" class=\"elementor elementor-1416\" data-elementor-settings=\"[]\">\n\t\t\t\t\t\t\t<div class=\"elementor-section-wrap\">\n\t\t\t\t\t\t\t<section class=\"elementor-section elementor-top-section elementor-element elementor-element-4f11b017 elementor-section-boxed elementor-section-height-default elementor-section-height-default\" data-id=\"4f11b017\" data-element_type=\"section\">\n\t\t\t\t\t\t<div class=\"elementor-container elementor-column-gap-default\">\n\t\t\t\t\t<div class=\"elementor-column elementor-col-100 elementor-top-column elementor-element elementor-element-8dee0cd\" data-id=\"8dee0cd\" data-element_type=\"column\">\n\t\t\t<div class=\"elementor-widget-wrap elementor-element-populated\">\n\t\t\t\t\t\t\t\t<div class=\"elementor-element elementor-element-330cac6f elementor-widget elementor-widget-text-editor\" data-id=\"330cac6f\" data-element_type=\"widget\" data-widget_type=\"text-editor.default\">\n\t\t\t\t<div class=\"elementor-widget-container\">\n\t\t\t<style>\/*! elementor - v3.5.5 - 03-02-2022 *\/\n.elementor-widget-text-editor.elementor-drop-cap-view-stacked .elementor-drop-cap{background-color:#818a91;color:#fff}.elementor-widget-text-editor.elementor-drop-cap-view-framed .elementor-drop-cap{color:#818a91;border:3px solid;background-color:transparent}.elementor-widget-text-editor:not(.elementor-drop-cap-view-default) .elementor-drop-cap{margin-top:8px}.elementor-widget-text-editor:not(.elementor-drop-cap-view-default) .elementor-drop-cap-letter{width:1em;height:1em}.elementor-widget-text-editor .elementor-drop-cap{float:left;text-align:center;line-height:1;font-size:50px}.elementor-widget-text-editor .elementor-drop-cap-letter{display:inline-block}<\/style>\t\t\t\t<p><b><\/b><b><span lang=\"ES\" style=\"font-size: 14.0pt; mso-ansi-language: ES;\"><strong>Patrick O\u2019Quin (21\/02\/1822 Pau &#8211; 04\/05\/1878 Pau)<\/strong><\/span><\/b><\/p>\t\t\t\t\t\t<\/div>\n\t\t\t\t<\/div>\n\t\t\t\t\t<\/div>\n\t\t<\/div>\n\t\t\t\t\t\t\t<\/div>\n\t\t<\/section>\n\t\t\t\t<section class=\"elementor-section elementor-top-section elementor-element elementor-element-1800115 elementor-section-boxed elementor-section-height-default elementor-section-height-default\" data-id=\"1800115\" data-element_type=\"section\">\n\t\t\t\t\t\t<div class=\"elementor-container elementor-column-gap-default\">\n\t\t\t\t\t<div class=\"elementor-column elementor-col-100 elementor-top-column elementor-element elementor-element-654db1d\" data-id=\"654db1d\" data-element_type=\"column\">\n\t\t\t<div class=\"elementor-widget-wrap elementor-element-populated\">\n\t\t\t\t\t\t\t\t<div class=\"elementor-element elementor-element-0733c90 elementor-widget elementor-widget-text-editor\" data-id=\"0733c90\" data-element_type=\"widget\" data-widget_type=\"text-editor.default\">\n\t\t\t\t<div class=\"elementor-widget-container\">\n\t\t\t\t\t\t\t<p>Avocat, Journaliste au &#8220;M\u00e9morial des Pyr\u00e9n\u00e9es&#8221;, Maire de Pau de 1860 \u00e0 1865, D\u00e9put\u00e9 des Basses-Pyr\u00e9n\u00e9es de 1852 \u00e0 1865, Chevalier de la L\u00e9gion d\u2019Honneur en 1854 puis Officier en 1863<\/p>\t\t\t\t\t\t<\/div>\n\t\t\t\t<\/div>\n\t\t\t\t\t<\/div>\n\t\t<\/div>\n\t\t\t\t\t\t\t<\/div>\n\t\t<\/section>\n\t\t\t\t<section class=\"elementor-section elementor-top-section elementor-element elementor-element-d3253dc elementor-section-boxed elementor-section-height-default elementor-section-height-default\" data-id=\"d3253dc\" data-element_type=\"section\">\n\t\t\t\t\t\t<div class=\"elementor-container elementor-column-gap-default\">\n\t\t\t\t\t<div class=\"elementor-column elementor-col-100 elementor-top-column elementor-element elementor-element-0b1169c\" data-id=\"0b1169c\" data-element_type=\"column\">\n\t\t\t<div class=\"elementor-widget-wrap elementor-element-populated\">\n\t\t\t\t\t\t\t\t<div class=\"elementor-element elementor-element-d7ab7c5 elementor-widget elementor-widget-text-editor\" data-id=\"d7ab7c5\" data-element_type=\"widget\" data-widget_type=\"text-editor.default\">\n\t\t\t\t<div class=\"elementor-widget-container\">\n\t\t\t\t\t\t\t<p>Patrick O\u2019Quin rentra dans l\u2019histoire en traduisant en fran\u00e7ais le livre du Docteur Alexander Taylor &#8220;De l\u2019influence curative du climat de Pau et des eaux min\u00e9rales des Pyr\u00e9n\u00e9es sur les maladies&#8221; et qui sera \u00e0 l\u2019origine de l\u2019engouement de l\u2019aristocratie britannique pour Pau. Devenu d\u00e9put\u00e9 des Pyr\u00e9n\u00e9es, il fut le plus fervent d\u00e9fenseur des Basses-Pyr\u00e9n\u00e9es aupr\u00e8s de Napol\u00e9on III qui le tenait en grande estime. Il d\u00e9fendit le d\u00e9veloppement du chemin de fer et milita pour le passage de la ligne de Bayonne \u00e0 Toulouse par Pau. Il encouragea \u00e9galement le passage des Pyr\u00e9n\u00e9es par la vall\u00e9e d\u2019Aspe mais en suivant les pr\u00e9ceptes de l\u2019ing\u00e9nieur Bourra, \u00e0 savoir une ligne droite avec 41 tunnels et 7 grands viaducs dont le tunnel d\u2019Aydius de 3 240m et le tunnel du Somport de 4 420m, comportant des rampes maximales de 18\u2030 et des rayons de courbures sup\u00e9rieurs \u00e0 300m.<\/p><p>Devenu maire de Pau, il assainit la ville, lan\u00e7a de grands projets immobiliers en faisant construire de grandes art\u00e8res. Il d\u00e9missionna de tous ses mandats en 1865 et devint Tr\u00e9sorier-Payeur-G\u00e9n\u00e9ral des Basses-Pyr\u00e9n\u00e9es. Il d\u00e9c\u00e9da \u00e0 l\u2019\u00e2ge de 56 ans des causes d\u2019une longue maladie.<\/p><p>Souvent imit\u00e9, jamais \u00e9gal\u00e9, sa m\u00e9moire reste vivace dans l\u2019imaginaire des palois et b\u00e9arnais comme le maire et le d\u00e9put\u00e9 d\u00e9vou\u00e9, int\u00e8gre, comp\u00e9tent et au service de l\u2019int\u00e9r\u00eat g\u00e9n\u00e9ral, bien loin de nos politiciens locaux, plus pr\u00e9occup\u00e9s \u00e0 d\u00e9fendre leurs propres petits int\u00e9r\u00eats du fond de la vall\u00e9e d\u2019Aspe que de l\u2019int\u00e9r\u00eat commun des N\u00e9o-Aquitains.<\/p>\t\t\t\t\t\t<\/div>\n\t\t\t\t<\/div>\n\t\t\t\t\t<\/div>\n\t\t<\/div>\n\t\t\t\t\t\t\t<\/div>\n\t\t<\/section>\n\t\t\t\t<section class=\"elementor-section elementor-top-section elementor-element elementor-element-6a916ea elementor-section-boxed elementor-section-height-default elementor-section-height-default\" data-id=\"6a916ea\" data-element_type=\"section\">\n\t\t\t\t\t\t<div class=\"elementor-container elementor-column-gap-default\">\n\t\t\t\t\t<div class=\"elementor-column elementor-col-100 elementor-top-column elementor-element elementor-element-1ae1bf8\" data-id=\"1ae1bf8\" data-element_type=\"column\">\n\t\t\t<div class=\"elementor-widget-wrap\">\n\t\t\t\t\t\t\t\t\t<\/div>\n\t\t<\/div>\n\t\t\t\t\t\t\t<\/div>\n\t\t<\/section>\n\t\t\t\t<section class=\"elementor-section elementor-top-section elementor-element elementor-element-7a75265 elementor-section-boxed elementor-section-height-default elementor-section-height-default\" data-id=\"7a75265\" data-element_type=\"section\">\n\t\t\t\t\t\t<div class=\"elementor-container elementor-column-gap-default\">\n\t\t\t\t\t<div class=\"elementor-column elementor-col-50 elementor-top-column elementor-element elementor-element-5a6b7abb\" data-id=\"5a6b7abb\" data-element_type=\"column\">\n\t\t\t<div class=\"elementor-widget-wrap elementor-element-populated\">\n\t\t\t\t\t\t\t\t<div class=\"elementor-element elementor-element-7214ad92 elementor-button-success elementor-align-center elementor-widget elementor-widget-button\" data-id=\"7214ad92\" data-element_type=\"widget\" data-widget_type=\"button.default\">\n\t\t\t\t<div class=\"elementor-widget-container\">\n\t\t\t\t\t<div class=\"elementor-button-wrapper\">\n\t\t\t<a href=\"https:\/\/croc-aspe.com\/?page_id=1421\" class=\"elementor-button-link elementor-button elementor-size-sm\" role=\"button\">\n\t\t\t\t\t\t<span class=\"elementor-button-content-wrapper\">\n\t\t\t\t\t\t<span class=\"elementor-button-text\">Quelques citations de Patrick O'Quin<\/span>\n\t\t<\/span>\n\t\t\t\t\t<\/a>\n\t\t<\/div>\n\t\t\t\t<\/div>\n\t\t\t\t<\/div>\n\t\t\t\t\t<\/div>\n\t\t<\/div>\n\t\t\t\t<div class=\"elementor-column elementor-col-50 elementor-top-column elementor-element elementor-element-1490c836\" data-id=\"1490c836\" data-element_type=\"column\">\n\t\t\t<div class=\"elementor-widget-wrap elementor-element-populated\">\n\t\t\t\t\t\t\t\t<div class=\"elementor-element elementor-element-1597ddb1 elementor-align-center elementor-widget elementor-widget-button\" data-id=\"1597ddb1\" data-element_type=\"widget\" data-widget_type=\"button.default\">\n\t\t\t\t<div class=\"elementor-widget-container\">\n\t\t\t\t\t<div class=\"elementor-button-wrapper\">\n\t\t\t<a href=\"https:\/\/croc-aspe.com\/?page_id=3930\" class=\"elementor-button-link elementor-button elementor-size-sm\" role=\"button\">\n\t\t\t\t\t\t<span class=\"elementor-button-content-wrapper\">\n\t\t\t\t\t\t<span class=\"elementor-button-text\">Retour aux personnages<\/span>\n\t\t<\/span>\n\t\t\t\t\t<\/a>\n\t\t<\/div>\n\t\t\t\t<\/div>\n\t\t\t\t<\/div>\n\t\t\t\t\t<\/div>\n\t\t<\/div>\n\t\t\t\t\t\t\t<\/div>\n\t\t<\/section>\n\t\t\t\t\t\t<\/div>\n\t\t\t\t\t<\/div>\n\t\t","protected":false},"excerpt":{"rendered":"<p>Patrick O\u2019Quin (21\/02\/1822 Pau &#8211; 04\/05\/1878 Pau) Avocat, Journaliste au &#8220;M\u00e9morial des Pyr\u00e9n\u00e9es&#8221;, Maire de Pau de 1860 \u00e0 1865, D\u00e9put\u00e9 des Basses-Pyr\u00e9n\u00e9es de 1852 \u00e0 1865, Chevalier de la L\u00e9gion d\u2019Honneur en 1854 puis Officier en 1863 Patrick O\u2019Quin rentra dans l\u2019histoire en traduisant en fran\u00e7ais le livre du Docteur Alexander Taylor &#8220;De l\u2019influence &hellip;<\/p>\n<p class=\"read-more\"> <a class=\"\" href=\"https:\/\/croc-aspe.com\/?page_id=1416\"> <span class=\"screen-reader-text\">Biographie Patrick O&#8217;Quin<\/span> Read More &raquo;<\/a><\/p>\n","protected":false},"author":1,"featured_media":0,"parent":0,"menu_order":0,"comment_status":"closed","ping_status":"closed","template":"","meta":{"om_disable_all_campaigns":false,"_monsterinsights_skip_tracking":false,"_monsterinsights_sitenote_active":false,"_monsterinsights_sitenote_note":"","_monsterinsights_sitenote_category":0,"site-sidebar-layout":"no-sidebar","site-content-layout":"page-builder","ast-main-header-display":"","ast-hfb-above-header-display":"","ast-hfb-below-header-display":"","ast-hfb-mobile-header-display":"","site-post-title":"disabled","ast-breadcrumbs-content":"","ast-featured-img":"disabled","footer-sml-layout":"","theme-transparent-header-meta":"","adv-header-id-meta":"","stick-header-meta":"","header-above-stick-meta":"","header-main-stick-meta":"","header-below-stick-meta":"","footnotes":""},"class_list":["post-1416","page","type-page","status-publish","hentry"],"_links":{"self":[{"href":"https:\/\/croc-aspe.com\/index.php?rest_route=\/wp\/v2\/pages\/1416","targetHints":{"allow":["GET"]}}],"collection":[{"href":"https:\/\/croc-aspe.com\/index.php?rest_route=\/wp\/v2\/pages"}],"about":[{"href":"https:\/\/croc-aspe.com\/index.php?rest_route=\/wp\/v2\/types\/page"}],"author":[{"embeddable":true,"href":"https:\/\/croc-aspe.com\/index.php?rest_route=\/wp\/v2\/users\/1"}],"replies":[{"embeddable":true,"href":"https:\/\/croc-aspe.com\/index.php?rest_route=%2Fwp%2Fv2%2Fcomments&post=1416"}],"version-history":[{"count":20,"href":"https:\/\/croc-aspe.com\/index.php?rest_route=\/wp\/v2\/pages\/1416\/revisions"}],"predecessor-version":[{"id":4072,"href":"https:\/\/croc-aspe.com\/index.php?rest_route=\/wp\/v2\/pages\/1416\/revisions\/4072"}],"wp:attachment":[{"href":"https:\/\/croc-aspe.com\/index.php?rest_route=%2Fwp%2Fv2%2Fmedia&parent=1416"}],"curies":[{"name":"wp","href":"https:\/\/api.w.org\/{rel}","templated":true}]}}

<div data-elementor-type="wp-page" data-elementor-id="1416" class="elementor elementor-1416" data-elementor-settings="[]">
							<div class="elementor-section-wrap">
							<section class="elementor-section elementor-top-section elementor-element elementor-element-4f11b017 elementor-section-boxed elementor-section-height-default elementor-section-height-default" data-id="4f11b017" data-element_type="section">
						<div class="elementor-container elementor-column-gap-default">
					<div class="elementor-column elementor-col-100 elementor-top-column elementor-element elementor-element-8dee0cd" data-id="8dee0cd" data-element_type="column">
			<div class="elementor-widget-wrap elementor-element-populated">
								<div class="elementor-element elementor-element-330cac6f elementor-widget elementor-widget-text-editor" data-id="330cac6f" data-element_type="widget" data-widget_type="text-editor.default">
				<div class="elementor-widget-container">
			<style>/*! elementor - v3.5.5 - 03-02-2022 */
.elementor-widget-text-editor.elementor-drop-cap-view-stacked .elementor-drop-cap{background-color:#818a91;color:#fff}.elementor-widget-text-editor.elementor-drop-cap-view-framed .elementor-drop-cap{color:#818a91;border:3px solid;background-color:transparent}.elementor-widget-text-editor:not(.elementor-drop-cap-view-default) .elementor-drop-cap{margin-top:8px}.elementor-widget-text-editor:not(.elementor-drop-cap-view-default) .elementor-drop-cap-letter{width:1em;height:1em}.elementor-widget-text-editor .elementor-drop-cap{float:left;text-align:center;line-height:1;font-size:50px}.elementor-widget-text-editor .elementor-drop-cap-letter{display:inline-block}</style>				<p><b></b><b><span lang="ES" style="font-size: 14.0pt; mso-ansi-language: ES;"><strong>Patrick O’Quin (21/02/1822 Pau &#8211; 04/05/1878 Pau)</strong></span></b></p>						</div>
				</div>
					</div>
		</div>
							</div>
		</section>
				<section class="elementor-section elementor-top-section elementor-element elementor-element-1800115 elementor-section-boxed elementor-section-height-default elementor-section-height-default" data-id="1800115" data-element_type="section">
						<div class="elementor-container elementor-column-gap-default">
					<div class="elementor-column elementor-col-100 elementor-top-column elementor-element elementor-element-654db1d" data-id="654db1d" data-element_type="column">
			<div class="elementor-widget-wrap elementor-element-populated">
								<div class="elementor-element elementor-element-0733c90 elementor-widget elementor-widget-text-editor" data-id="0733c90" data-element_type="widget" data-widget_type="text-editor.default">
				<div class="elementor-widget-container">
							<p>Avocat, Journaliste au &#8220;Mémorial des Pyrénées&#8221;, Maire de Pau de 1860 à 1865, Député des Basses-Pyrénées de 1852 à 1865, Chevalier de la Légion d’Honneur en 1854 puis Officier en 1863</p>						</div>
				</div>
					</div>
		</div>
							</div>
		</section>
				<section class="elementor-section elementor-top-section elementor-element elementor-element-d3253dc elementor-section-boxed elementor-section-height-default elementor-section-height-default" data-id="d3253dc" data-element_type="section">
						<div class="elementor-container elementor-column-gap-default">
					<div class="elementor-column elementor-col-100 elementor-top-column elementor-element elementor-element-0b1169c" data-id="0b1169c" data-element_type="column">
			<div class="elementor-widget-wrap elementor-element-populated">
								<div class="elementor-element elementor-element-d7ab7c5 elementor-widget elementor-widget-text-editor" data-id="d7ab7c5" data-element_type="widget" data-widget_type="text-editor.default">
				<div class="elementor-widget-container">
							<p>Patrick O’Quin rentra dans l’histoire en traduisant en français le livre du Docteur Alexander Taylor &#8220;De l’influence curative du climat de Pau et des eaux minérales des Pyrénées sur les maladies&#8221; et qui sera à l’origine de l’engouement de l’aristocratie britannique pour Pau. Devenu député des Pyrénées, il fut le plus fervent défenseur des Basses-Pyrénées auprès de Napoléon III qui le tenait en grande estime. Il défendit le développement du chemin de fer et milita pour le passage de la ligne de Bayonne à Toulouse par Pau. Il encouragea également le passage des Pyrénées par la vallée d’Aspe mais en suivant les préceptes de l’ingénieur Bourra, à savoir une ligne droite avec 41 tunnels et 7 grands viaducs dont le tunnel d’Aydius de 3 240m et le tunnel du Somport de 4 420m, comportant des rampes maximales de 18‰ et des rayons de courbures supérieurs à 300m.</p><p>Devenu maire de Pau, il assainit la ville, lança de grands projets immobiliers en faisant construire de grandes artères. Il démissionna de tous ses mandats en 1865 et devint Trésorier-Payeur-Général des Basses-Pyrénées. Il décéda à l’âge de 56 ans des causes d’une longue maladie.</p><p>Souvent imité, jamais égalé, sa mémoire reste vivace dans l’imaginaire des palois et béarnais comme le maire et le député dévoué, intègre, compétent et au service de l’intérêt général, bien loin de nos politiciens locaux, plus préoccupés à défendre leurs propres petits intérêts du fond de la vallée d’Aspe que de l’intérêt commun des Néo-Aquitains.</p>						</div>
				</div>
					</div>
		</div>
							</div>
		</section>
				<section class="elementor-section elementor-top-section elementor-element elementor-element-6a916ea elementor-section-boxed elementor-section-height-default elementor-section-height-default" data-id="6a916ea" data-element_type="section">
						<div class="elementor-container elementor-column-gap-default">
					<div class="elementor-column elementor-col-100 elementor-top-column elementor-element elementor-element-1ae1bf8" data-id="1ae1bf8" data-element_type="column">
			<div class="elementor-widget-wrap">
									</div>
		</div>
							</div>
		</section>
				<section class="elementor-section elementor-top-section elementor-element elementor-element-7a75265 elementor-section-boxed elementor-section-height-default elementor-section-height-default" data-id="7a75265" data-element_type="section">
						<div class="elementor-container elementor-column-gap-default">
					<div class="elementor-column elementor-col-50 elementor-top-column elementor-element elementor-element-5a6b7abb" data-id="5a6b7abb" data-element_type="column">
			<div class="elementor-widget-wrap elementor-element-populated">
								<div class="elementor-element elementor-element-7214ad92 elementor-button-success elementor-align-center elementor-widget elementor-widget-button" data-id="7214ad92" data-element_type="widget" data-widget_type="button.default">
				<div class="elementor-widget-container">
					<div class="elementor-button-wrapper">
			<a href="https://croc-aspe.com/?page_id=1421" class="elementor-button-link elementor-button elementor-size-sm" role="button">
						<span class="elementor-button-content-wrapper">
						<span class="elementor-button-text">Quelques citations de Patrick O'Quin</span>
		</span>
					</a>
		</div>
				</div>
				</div>
					</div>
		</div>
				<div class="elementor-column elementor-col-50 elementor-top-column elementor-element elementor-element-1490c836" data-id="1490c836" data-element_type="column">
			<div class="elementor-widget-wrap elementor-element-populated">
								<div class="elementor-element elementor-element-1597ddb1 elementor-align-center elementor-widget elementor-widget-button" data-id="1597ddb1" data-element_type="widget" data-widget_type="button.default">
				<div class="elementor-widget-container">
					<div class="elementor-button-wrapper">
			<a href="https://croc-aspe.com/?page_id=3930" class="elementor-button-link elementor-button elementor-size-sm" role="button">
						<span class="elementor-button-content-wrapper">
						<span class="elementor-button-text">Retour aux personnages</span>
		</span>
					</a>
		</div>
				</div>
				</div>
					</div>
		</div>
							</div>
		</section>
						</div>
					</div>

<p>Patrick O’Quin (21/02/1822 Pau &#8211; 04/05/1878 Pau) Avocat, Journaliste au &#8220;Mémorial des Pyrénées&#8221;, Maire de Pau de 1860 à 1865, Député des Basses-Pyrénées de 1852 à 1865, Chevalier de la Légion d’Honneur en 1854 puis Officier en 1863 Patrick O’Quin rentra dans l’histoire en traduisant en français le livre du Docteur Alexander Taylor &#8220;De l’influence &hellip;</p>
<p class="read-more"> <a class="" href="https://croc-aspe.com/?page_id=1416"> <span class="screen-reader-text">Biographie Patrick O&#8217;Quin</span> Read More &raquo;</a></p>
