{"id":1361,"date":"2022-02-20T18:06:28","date_gmt":"2022-02-20T18:06:28","guid":{"rendered":"https:\/\/croc-aspe.com\/?page_id=1361"},"modified":"2022-06-19T07:56:49","modified_gmt":"2022-06-19T07:56:49","slug":"biographie-goya","status":"publish","type":"page","link":"https:\/\/croc-aspe.com\/?page_id=1361","title":{"rendered":"Biographie Goya"},"content":{"rendered":"\t\t<div data-elementor-type=\"wp-page\" data-elementor-id=\"1361\" class=\"elementor elementor-1361\" data-elementor-settings=\"[]\">\n\t\t\t\t\t\t\t<div class=\"elementor-section-wrap\">\n\t\t\t\t\t\t\t<section class=\"elementor-section elementor-top-section elementor-element elementor-element-3f8844b5 elementor-section-boxed elementor-section-height-default elementor-section-height-default\" data-id=\"3f8844b5\" data-element_type=\"section\">\n\t\t\t\t\t\t<div class=\"elementor-container elementor-column-gap-default\">\n\t\t\t\t\t<div class=\"elementor-column elementor-col-100 elementor-top-column elementor-element elementor-element-1222449b\" data-id=\"1222449b\" data-element_type=\"column\">\n\t\t\t<div class=\"elementor-widget-wrap elementor-element-populated\">\n\t\t\t\t\t\t\t\t<div class=\"elementor-element elementor-element-bdf5b35 elementor-widget elementor-widget-text-editor\" data-id=\"bdf5b35\" data-element_type=\"widget\" data-widget_type=\"text-editor.default\">\n\t\t\t\t<div class=\"elementor-widget-container\">\n\t\t\t<style>\/*! elementor - v3.5.5 - 03-02-2022 *\/\n.elementor-widget-text-editor.elementor-drop-cap-view-stacked .elementor-drop-cap{background-color:#818a91;color:#fff}.elementor-widget-text-editor.elementor-drop-cap-view-framed .elementor-drop-cap{color:#818a91;border:3px solid;background-color:transparent}.elementor-widget-text-editor:not(.elementor-drop-cap-view-default) .elementor-drop-cap{margin-top:8px}.elementor-widget-text-editor:not(.elementor-drop-cap-view-default) .elementor-drop-cap-letter{width:1em;height:1em}.elementor-widget-text-editor .elementor-drop-cap{float:left;text-align:center;line-height:1;font-size:50px}.elementor-widget-text-editor .elementor-drop-cap-letter{display:inline-block}<\/style>\t\t\t\t<p><b><\/b><b><span lang=\"ES\" style=\"font-size: 14.0pt; mso-ansi-language: ES;\"><strong>Francisco Jos\u00e9 de Goya y Lucientes (30\/03\/1746 Fuendetodos &#8211; 16\/04\/1828 Bordeaux)<\/strong><\/span><\/b><\/p>\t\t\t\t\t\t<\/div>\n\t\t\t\t<\/div>\n\t\t\t\t\t<\/div>\n\t\t<\/div>\n\t\t\t\t\t\t\t<\/div>\n\t\t<\/section>\n\t\t\t\t<section class=\"elementor-section elementor-top-section elementor-element elementor-element-d110ba2 elementor-section-boxed elementor-section-height-default elementor-section-height-default\" data-id=\"d110ba2\" data-element_type=\"section\">\n\t\t\t\t\t\t<div class=\"elementor-container elementor-column-gap-default\">\n\t\t\t\t\t<div class=\"elementor-column elementor-col-100 elementor-top-column elementor-element elementor-element-705c213\" data-id=\"705c213\" data-element_type=\"column\">\n\t\t\t<div class=\"elementor-widget-wrap elementor-element-populated\">\n\t\t\t\t\t\t\t\t<div class=\"elementor-element elementor-element-3000f85 elementor-widget elementor-widget-text-editor\" data-id=\"3000f85\" data-element_type=\"widget\" data-widget_type=\"text-editor.default\">\n\t\t\t\t<div class=\"elementor-widget-container\">\n\t\t\t\t\t\t\t<p style=\"padding-left: 360px;\"><span style=\"color: #ff0000;\">&#8220;Goya, cauchemar plein de choses inconnues<\/span><\/p><p style=\"padding-left: 360px;\"><span style=\"color: #ff0000;\">De f\u0153tus qu\u2019on fait cuire au milieu des sabbats,<\/span><\/p><p style=\"padding-left: 360px;\"><span style=\"color: #ff0000;\">De vieilles au miroir et d\u2019enfants toutes nues,<\/span><\/p><p style=\"padding-left: 360px;\"><span style=\"color: #ff0000;\">Pour tenter les d\u00e9mons ajustant bien leurs bas\u00a0;&#8221;<\/span><\/p><p style=\"text-align: center;\"><span style=\"color: #ff0000;\">Charles Baudelaire (1821-1867) &#8211; Les Fleurs du Mal &#8211; 1857 \u2013 Spleen et Id\u00e9al VI Les Phares<\/span><\/p>\t\t\t\t\t\t<\/div>\n\t\t\t\t<\/div>\n\t\t\t\t\t<\/div>\n\t\t<\/div>\n\t\t\t\t\t\t\t<\/div>\n\t\t<\/section>\n\t\t\t\t<section class=\"elementor-section elementor-top-section elementor-element elementor-element-a4b500e elementor-section-boxed elementor-section-height-default elementor-section-height-default\" data-id=\"a4b500e\" data-element_type=\"section\">\n\t\t\t\t\t\t<div class=\"elementor-container elementor-column-gap-default\">\n\t\t\t\t\t<div class=\"elementor-column elementor-col-100 elementor-top-column elementor-element elementor-element-d24460c\" data-id=\"d24460c\" data-element_type=\"column\">\n\t\t\t<div class=\"elementor-widget-wrap elementor-element-populated\">\n\t\t\t\t\t\t\t\t<div class=\"elementor-element elementor-element-eb4440e elementor-widget elementor-widget-text-editor\" data-id=\"eb4440e\" data-element_type=\"widget\" data-widget_type=\"text-editor.default\">\n\t\t\t\t<div class=\"elementor-widget-container\">\n\t\t\t\t\t\t\t<p><strong>&#8220;Les cons, \u00e7a ose tout. C&#8217;est m\u00eame \u00e0 \u00e7a qu&#8217;on les reconna\u00eet.&#8221;<\/strong><\/p><p><strong>Michel Audiard (1920-1985) &#8211; Les tontons flingueurs &#8211; 1963<\/strong><\/p>\t\t\t\t\t\t<\/div>\n\t\t\t\t<\/div>\n\t\t\t\t\t<\/div>\n\t\t<\/div>\n\t\t\t\t\t\t\t<\/div>\n\t\t<\/section>\n\t\t\t\t<section class=\"elementor-section elementor-top-section elementor-element elementor-element-2c42c2a elementor-section-boxed elementor-section-height-default elementor-section-height-default\" data-id=\"2c42c2a\" data-element_type=\"section\">\n\t\t\t\t\t\t<div class=\"elementor-container elementor-column-gap-default\">\n\t\t\t\t\t<div class=\"elementor-column elementor-col-100 elementor-top-column elementor-element elementor-element-b025129\" data-id=\"b025129\" data-element_type=\"column\">\n\t\t\t<div class=\"elementor-widget-wrap elementor-element-populated\">\n\t\t\t\t\t\t\t\t<div class=\"elementor-element elementor-element-366ee5d elementor-widget elementor-widget-text-editor\" data-id=\"366ee5d\" data-element_type=\"widget\" data-widget_type=\"text-editor.default\">\n\t\t\t\t<div class=\"elementor-widget-container\">\n\t\t\t\t\t\t\t<p>Vous qui n\u2019avez certainement jamais franchi le col du Somport,<\/p><p>Vous qui n\u2019avez jamais vu un train de votre vie, et pour cause, la premi\u00e8re ligne ferroviaire a \u00e9t\u00e9 inaugur\u00e9e en France 9 ann\u00e9es apr\u00e8s votre mort et en Espagne 20 ann\u00e9es apr\u00e8s votre mort,<\/p><p>Vous qui n\u2019auriez jamais os\u00e9 peindre cette horrible et abjecte chose, une locomotive poussive et fumante gravissant les pentes du Somport au ralenti,<\/p><p>Oui, ils osent souiller votre glorieux nom pour nommer leur ligne ferroviaire aux rails rouill\u00e9s, aux ponts effondr\u00e9s et aux tunnels d\u00e9mantel\u00e9s,<\/p><p>Oui, ils osent utiliser vos \u0153uvres connues dans le monde entier pour illustrer leurs publications quelconques et grossi\u00e8res,<\/p><p>Oui, ils osent afficher votre portrait sur leurs pr\u00e9sentations m\u00e9diocres et d\u00e9fra\u00eechies,<\/p><p>Au pr\u00e9texte fallacieux que vous soyez n\u00e9s pr\u00e8s de Saragosse et mort \u00e0 Bordeaux,<\/p><p>Mais d\u00eetes-vous bien que dans 1 000 ans encore, l\u2019on viendra toujours du monde entier admirer vos chefs d\u2019\u0153uvre au Mus\u00e9e du Prado,<\/p><p>Alors qu\u2019eux, dans moins de 50 ans, ils seront tomb\u00e9s dans les oubliettes de l\u2019Histoire,<\/p><p>Jamais, nous n\u2019oserons salir votre nom avec leur forfaiture,<\/p><p>A croire que vos &#8220;Sorciers volants&#8221; ou vos gravures des &#8220;D\u00e9sastres de la Guerre&#8221; les rendent fous,<\/p><p>Mais qu\u2019ils fassent tr\u00e8s attention,<\/p><p>Car bient\u00f4t, ils risquent de se retrouver aussi nus que votre &#8220;Maya desnuda&#8221;,<\/p><p>Ou en tr\u00e8s mauvaise posture comme vos insurg\u00e9s du &#8220;Tres de Mayo&#8221;,<\/p><p>Ou manger tout cru par votre &#8220;Saturne&#8221;,<\/p><p>A moins qu\u2019ils n\u2019aient perdu leurs t\u00eates, comme vous avez perdu la v\u00f4tre, disparue \u00e0 Bordeaux entre la Facult\u00e9 de M\u00e9decine et un bar du quartier des Chartrons,<\/p><p>Tout \u00e0 c\u00f4t\u00e9 de l\u00e0 o\u00f9 ils s\u00e9vissent\u2026<\/p>\t\t\t\t\t\t<\/div>\n\t\t\t\t<\/div>\n\t\t\t\t\t<\/div>\n\t\t<\/div>\n\t\t\t\t\t\t\t<\/div>\n\t\t<\/section>\n\t\t\t\t<section class=\"elementor-section elementor-top-section elementor-element elementor-element-119c3823 elementor-section-boxed elementor-section-height-default elementor-section-height-default\" data-id=\"119c3823\" data-element_type=\"section\">\n\t\t\t\t\t\t<div class=\"elementor-container elementor-column-gap-default\">\n\t\t\t\t\t<div class=\"elementor-column elementor-col-50 elementor-top-column elementor-element elementor-element-5402812e\" data-id=\"5402812e\" data-element_type=\"column\">\n\t\t\t<div class=\"elementor-widget-wrap\">\n\t\t\t\t\t\t\t\t\t<\/div>\n\t\t<\/div>\n\t\t\t\t<div class=\"elementor-column elementor-col-50 elementor-top-column elementor-element elementor-element-47e79c62\" data-id=\"47e79c62\" data-element_type=\"column\">\n\t\t\t<div class=\"elementor-widget-wrap elementor-element-populated\">\n\t\t\t\t\t\t\t\t<div class=\"elementor-element elementor-element-2a5f252e elementor-align-center elementor-widget elementor-widget-button\" data-id=\"2a5f252e\" data-element_type=\"widget\" data-widget_type=\"button.default\">\n\t\t\t\t<div class=\"elementor-widget-container\">\n\t\t\t\t\t<div class=\"elementor-button-wrapper\">\n\t\t\t<a href=\"https:\/\/croc-aspe.com\/?page_id=3957\" class=\"elementor-button-link elementor-button elementor-size-sm\" role=\"button\">\n\t\t\t\t\t\t<span class=\"elementor-button-content-wrapper\">\n\t\t\t\t\t\t<span class=\"elementor-button-text\">Retour aux personnages<\/span>\n\t\t<\/span>\n\t\t\t\t\t<\/a>\n\t\t<\/div>\n\t\t\t\t<\/div>\n\t\t\t\t<\/div>\n\t\t\t\t\t<\/div>\n\t\t<\/div>\n\t\t\t\t\t\t\t<\/div>\n\t\t<\/section>\n\t\t\t\t\t\t<\/div>\n\t\t\t\t\t<\/div>\n\t\t","protected":false},"excerpt":{"rendered":"<p>Francisco Jos\u00e9 de Goya y Lucientes (30\/03\/1746 Fuendetodos &#8211; 16\/04\/1828 Bordeaux) &#8220;Goya, cauchemar plein de choses inconnues De f\u0153tus qu\u2019on fait cuire au milieu des sabbats, De vieilles au miroir et d\u2019enfants toutes nues, Pour tenter les d\u00e9mons ajustant bien leurs bas\u00a0;&#8221; Charles Baudelaire (1821-1867) &#8211; Les Fleurs du Mal &#8211; 1857 \u2013 Spleen et &hellip;<\/p>\n<p class=\"read-more\"> <a class=\"\" href=\"https:\/\/croc-aspe.com\/?page_id=1361\"> <span class=\"screen-reader-text\">Biographie Goya<\/span> Read More &raquo;<\/a><\/p>\n","protected":false},"author":1,"featured_media":0,"parent":0,"menu_order":0,"comment_status":"closed","ping_status":"closed","template":"","meta":{"om_disable_all_campaigns":false,"_monsterinsights_skip_tracking":false,"_monsterinsights_sitenote_active":false,"_monsterinsights_sitenote_note":"","_monsterinsights_sitenote_category":0,"site-sidebar-layout":"no-sidebar","site-content-layout":"page-builder","ast-main-header-display":"","ast-hfb-above-header-display":"","ast-hfb-below-header-display":"","ast-hfb-mobile-header-display":"","site-post-title":"disabled","ast-breadcrumbs-content":"","ast-featured-img":"disabled","footer-sml-layout":"","theme-transparent-header-meta":"","adv-header-id-meta":"","stick-header-meta":"","header-above-stick-meta":"","header-main-stick-meta":"","header-below-stick-meta":"","footnotes":""},"class_list":["post-1361","page","type-page","status-publish","hentry"],"_links":{"self":[{"href":"https:\/\/croc-aspe.com\/index.php?rest_route=\/wp\/v2\/pages\/1361","targetHints":{"allow":["GET"]}}],"collection":[{"href":"https:\/\/croc-aspe.com\/index.php?rest_route=\/wp\/v2\/pages"}],"about":[{"href":"https:\/\/croc-aspe.com\/index.php?rest_route=\/wp\/v2\/types\/page"}],"author":[{"embeddable":true,"href":"https:\/\/croc-aspe.com\/index.php?rest_route=\/wp\/v2\/users\/1"}],"replies":[{"embeddable":true,"href":"https:\/\/croc-aspe.com\/index.php?rest_route=%2Fwp%2Fv2%2Fcomments&post=1361"}],"version-history":[{"count":26,"href":"https:\/\/croc-aspe.com\/index.php?rest_route=\/wp\/v2\/pages\/1361\/revisions"}],"predecessor-version":[{"id":4406,"href":"https:\/\/croc-aspe.com\/index.php?rest_route=\/wp\/v2\/pages\/1361\/revisions\/4406"}],"wp:attachment":[{"href":"https:\/\/croc-aspe.com\/index.php?rest_route=%2Fwp%2Fv2%2Fmedia&parent=1361"}],"curies":[{"name":"wp","href":"https:\/\/api.w.org\/{rel}","templated":true}]}}

<div data-elementor-type="wp-page" data-elementor-id="1361" class="elementor elementor-1361" data-elementor-settings="[]">
							<div class="elementor-section-wrap">
							<section class="elementor-section elementor-top-section elementor-element elementor-element-3f8844b5 elementor-section-boxed elementor-section-height-default elementor-section-height-default" data-id="3f8844b5" data-element_type="section">
						<div class="elementor-container elementor-column-gap-default">
					<div class="elementor-column elementor-col-100 elementor-top-column elementor-element elementor-element-1222449b" data-id="1222449b" data-element_type="column">
			<div class="elementor-widget-wrap elementor-element-populated">
								<div class="elementor-element elementor-element-bdf5b35 elementor-widget elementor-widget-text-editor" data-id="bdf5b35" data-element_type="widget" data-widget_type="text-editor.default">
				<div class="elementor-widget-container">
			<style>/*! elementor - v3.5.5 - 03-02-2022 */
.elementor-widget-text-editor.elementor-drop-cap-view-stacked .elementor-drop-cap{background-color:#818a91;color:#fff}.elementor-widget-text-editor.elementor-drop-cap-view-framed .elementor-drop-cap{color:#818a91;border:3px solid;background-color:transparent}.elementor-widget-text-editor:not(.elementor-drop-cap-view-default) .elementor-drop-cap{margin-top:8px}.elementor-widget-text-editor:not(.elementor-drop-cap-view-default) .elementor-drop-cap-letter{width:1em;height:1em}.elementor-widget-text-editor .elementor-drop-cap{float:left;text-align:center;line-height:1;font-size:50px}.elementor-widget-text-editor .elementor-drop-cap-letter{display:inline-block}</style>				<p><b></b><b><span lang="ES" style="font-size: 14.0pt; mso-ansi-language: ES;"><strong>Francisco José de Goya y Lucientes (30/03/1746 Fuendetodos &#8211; 16/04/1828 Bordeaux)</strong></span></b></p>						</div>
				</div>
					</div>
		</div>
							</div>
		</section>
				<section class="elementor-section elementor-top-section elementor-element elementor-element-d110ba2 elementor-section-boxed elementor-section-height-default elementor-section-height-default" data-id="d110ba2" data-element_type="section">
						<div class="elementor-container elementor-column-gap-default">
					<div class="elementor-column elementor-col-100 elementor-top-column elementor-element elementor-element-705c213" data-id="705c213" data-element_type="column">
			<div class="elementor-widget-wrap elementor-element-populated">
								<div class="elementor-element elementor-element-3000f85 elementor-widget elementor-widget-text-editor" data-id="3000f85" data-element_type="widget" data-widget_type="text-editor.default">
				<div class="elementor-widget-container">
							<p style="padding-left: 360px;"><span style="color: #ff0000;">&#8220;Goya, cauchemar plein de choses inconnues</span></p><p style="padding-left: 360px;"><span style="color: #ff0000;">De fœtus qu’on fait cuire au milieu des sabbats,</span></p><p style="padding-left: 360px;"><span style="color: #ff0000;">De vieilles au miroir et d’enfants toutes nues,</span></p><p style="padding-left: 360px;"><span style="color: #ff0000;">Pour tenter les démons ajustant bien leurs bas ;&#8221;</span></p><p style="text-align: center;"><span style="color: #ff0000;">Charles Baudelaire (1821-1867) &#8211; Les Fleurs du Mal &#8211; 1857 – Spleen et Idéal VI Les Phares</span></p>						</div>
				</div>
					</div>
		</div>
							</div>
		</section>
				<section class="elementor-section elementor-top-section elementor-element elementor-element-a4b500e elementor-section-boxed elementor-section-height-default elementor-section-height-default" data-id="a4b500e" data-element_type="section">
						<div class="elementor-container elementor-column-gap-default">
					<div class="elementor-column elementor-col-100 elementor-top-column elementor-element elementor-element-d24460c" data-id="d24460c" data-element_type="column">
			<div class="elementor-widget-wrap elementor-element-populated">
								<div class="elementor-element elementor-element-eb4440e elementor-widget elementor-widget-text-editor" data-id="eb4440e" data-element_type="widget" data-widget_type="text-editor.default">
				<div class="elementor-widget-container">
							<p><strong>&#8220;Les cons, ça ose tout. C&#8217;est même à ça qu&#8217;on les reconnaît.&#8221;</strong></p><p><strong>Michel Audiard (1920-1985) &#8211; Les tontons flingueurs &#8211; 1963</strong></p>						</div>
				</div>
					</div>
		</div>
							</div>
		</section>
				<section class="elementor-section elementor-top-section elementor-element elementor-element-2c42c2a elementor-section-boxed elementor-section-height-default elementor-section-height-default" data-id="2c42c2a" data-element_type="section">
						<div class="elementor-container elementor-column-gap-default">
					<div class="elementor-column elementor-col-100 elementor-top-column elementor-element elementor-element-b025129" data-id="b025129" data-element_type="column">
			<div class="elementor-widget-wrap elementor-element-populated">
								<div class="elementor-element elementor-element-366ee5d elementor-widget elementor-widget-text-editor" data-id="366ee5d" data-element_type="widget" data-widget_type="text-editor.default">
				<div class="elementor-widget-container">
							<p>Vous qui n’avez certainement jamais franchi le col du Somport,</p><p>Vous qui n’avez jamais vu un train de votre vie, et pour cause, la première ligne ferroviaire a été inaugurée en France 9 années après votre mort et en Espagne 20 années après votre mort,</p><p>Vous qui n’auriez jamais osé peindre cette horrible et abjecte chose, une locomotive poussive et fumante gravissant les pentes du Somport au ralenti,</p><p>Oui, ils osent souiller votre glorieux nom pour nommer leur ligne ferroviaire aux rails rouillés, aux ponts effondrés et aux tunnels démantelés,</p><p>Oui, ils osent utiliser vos œuvres connues dans le monde entier pour illustrer leurs publications quelconques et grossières,</p><p>Oui, ils osent afficher votre portrait sur leurs présentations médiocres et défraîchies,</p><p>Au prétexte fallacieux que vous soyez nés près de Saragosse et mort à Bordeaux,</p><p>Mais dîtes-vous bien que dans 1 000 ans encore, l’on viendra toujours du monde entier admirer vos chefs d’œuvre au Musée du Prado,</p><p>Alors qu’eux, dans moins de 50 ans, ils seront tombés dans les oubliettes de l’Histoire,</p><p>Jamais, nous n’oserons salir votre nom avec leur forfaiture,</p><p>A croire que vos &#8220;Sorciers volants&#8221; ou vos gravures des &#8220;Désastres de la Guerre&#8221; les rendent fous,</p><p>Mais qu’ils fassent très attention,</p><p>Car bientôt, ils risquent de se retrouver aussi nus que votre &#8220;Maya desnuda&#8221;,</p><p>Ou en très mauvaise posture comme vos insurgés du &#8220;Tres de Mayo&#8221;,</p><p>Ou manger tout cru par votre &#8220;Saturne&#8221;,</p><p>A moins qu’ils n’aient perdu leurs têtes, comme vous avez perdu la vôtre, disparue à Bordeaux entre la Faculté de Médecine et un bar du quartier des Chartrons,</p><p>Tout à côté de là où ils sévissent…</p>						</div>
				</div>
					</div>
		</div>
							</div>
		</section>
				<section class="elementor-section elementor-top-section elementor-element elementor-element-119c3823 elementor-section-boxed elementor-section-height-default elementor-section-height-default" data-id="119c3823" data-element_type="section">
						<div class="elementor-container elementor-column-gap-default">
					<div class="elementor-column elementor-col-50 elementor-top-column elementor-element elementor-element-5402812e" data-id="5402812e" data-element_type="column">
			<div class="elementor-widget-wrap">
									</div>
		</div>
				<div class="elementor-column elementor-col-50 elementor-top-column elementor-element elementor-element-47e79c62" data-id="47e79c62" data-element_type="column">
			<div class="elementor-widget-wrap elementor-element-populated">
								<div class="elementor-element elementor-element-2a5f252e elementor-align-center elementor-widget elementor-widget-button" data-id="2a5f252e" data-element_type="widget" data-widget_type="button.default">
				<div class="elementor-widget-container">
					<div class="elementor-button-wrapper">
			<a href="https://croc-aspe.com/?page_id=3957" class="elementor-button-link elementor-button elementor-size-sm" role="button">
						<span class="elementor-button-content-wrapper">
						<span class="elementor-button-text">Retour aux personnages</span>
		</span>
					</a>
		</div>
				</div>
				</div>
					</div>
		</div>
							</div>
		</section>
						</div>
					</div>

<p>Francisco José de Goya y Lucientes (30/03/1746 Fuendetodos &#8211; 16/04/1828 Bordeaux) &#8220;Goya, cauchemar plein de choses inconnues De fœtus qu’on fait cuire au milieu des sabbats, De vieilles au miroir et d’enfants toutes nues, Pour tenter les démons ajustant bien leurs bas ;&#8221; Charles Baudelaire (1821-1867) &#8211; Les Fleurs du Mal &#8211; 1857 – Spleen et &hellip;</p>
<p class="read-more"> <a class="" href="https://croc-aspe.com/?page_id=1361"> <span class="screen-reader-text">Biographie Goya</span> Read More &raquo;</a></p>
