{"id":1356,"date":"2022-02-20T18:03:42","date_gmt":"2022-02-20T18:03:42","guid":{"rendered":"https:\/\/croc-aspe.com\/?page_id=1356"},"modified":"2022-06-05T05:26:23","modified_gmt":"2022-06-05T05:26:23","slug":"citation-marcel-garau","status":"publish","type":"page","link":"https:\/\/croc-aspe.com\/?page_id=1356","title":{"rendered":"Citation Marcel Garau"},"content":{"rendered":"\t\t<div data-elementor-type=\"wp-page\" data-elementor-id=\"1356\" class=\"elementor elementor-1356\" data-elementor-settings=\"[]\">\n\t\t\t\t\t\t\t<div class=\"elementor-section-wrap\">\n\t\t\t\t\t\t\t<section class=\"elementor-section elementor-top-section elementor-element elementor-element-5deaf5f3 elementor-section-boxed elementor-section-height-default elementor-section-height-default\" data-id=\"5deaf5f3\" data-element_type=\"section\">\n\t\t\t\t\t\t<div class=\"elementor-container elementor-column-gap-default\">\n\t\t\t\t\t<div class=\"elementor-column elementor-col-100 elementor-top-column elementor-element elementor-element-7c6598e7\" data-id=\"7c6598e7\" data-element_type=\"column\">\n\t\t\t<div class=\"elementor-widget-wrap elementor-element-populated\">\n\t\t\t\t\t\t\t\t<div class=\"elementor-element elementor-element-7a07eca3 elementor-widget elementor-widget-text-editor\" data-id=\"7a07eca3\" data-element_type=\"widget\" data-widget_type=\"text-editor.default\">\n\t\t\t\t<div class=\"elementor-widget-container\">\n\t\t\t<style>\/*! elementor - v3.5.5 - 03-02-2022 *\/\n.elementor-widget-text-editor.elementor-drop-cap-view-stacked .elementor-drop-cap{background-color:#818a91;color:#fff}.elementor-widget-text-editor.elementor-drop-cap-view-framed .elementor-drop-cap{color:#818a91;border:3px solid;background-color:transparent}.elementor-widget-text-editor:not(.elementor-drop-cap-view-default) .elementor-drop-cap{margin-top:8px}.elementor-widget-text-editor:not(.elementor-drop-cap-view-default) .elementor-drop-cap-letter{width:1em;height:1em}.elementor-widget-text-editor .elementor-drop-cap{float:left;text-align:center;line-height:1;font-size:50px}.elementor-widget-text-editor .elementor-drop-cap-letter{display:inline-block}<\/style>\t\t\t\t<p><strong>Marcel Garau (14\/01\/1871 Perpignan &#8211; 15\/10\/1939 Carcassonne)<\/strong><\/p>\t\t\t\t\t\t<\/div>\n\t\t\t\t<\/div>\n\t\t\t\t\t<\/div>\n\t\t<\/div>\n\t\t\t\t\t\t\t<\/div>\n\t\t<\/section>\n\t\t\t\t<section class=\"elementor-section elementor-top-section elementor-element elementor-element-e12e618 elementor-section-boxed elementor-section-height-default elementor-section-height-default\" data-id=\"e12e618\" data-element_type=\"section\">\n\t\t\t\t\t\t<div class=\"elementor-container elementor-column-gap-default\">\n\t\t\t\t\t<div class=\"elementor-column elementor-col-100 elementor-top-column elementor-element elementor-element-2fe58c2\" data-id=\"2fe58c2\" data-element_type=\"column\">\n\t\t\t<div class=\"elementor-widget-wrap elementor-element-populated\">\n\t\t\t\t\t\t\t\t<div class=\"elementor-element elementor-element-39d2229 elementor-widget elementor-widget-text-editor\" data-id=\"39d2229\" data-element_type=\"widget\" data-widget_type=\"text-editor.default\">\n\t\t\t\t<div class=\"elementor-widget-container\">\n\t\t\t\t\t\t\t<p><strong>Une citation extraite de &#8220;La question des transpyr\u00e9n\u00e9ens et celle de la p\u00e9n\u00e9tration de la voie europ\u00e9enne en Espagne&#8221; dans la Revue g\u00e9n\u00e9rale des chemins de fer, n\u00b04 d\u2019avril 1930, pages 301 \u00e0 324 :<\/strong><\/p><p>p324 : &#8220;Jusqu&#8217;ici, il faut reconna\u00eetre que le transpyr\u00e9n\u00e9en du Somport n&#8217;a pas donn\u00e9, apr\u00e8s un an et demi d&#8217;exploitation, tous les r\u00e9sultats que certains en avaient escompt\u00e9s. C&#8217;est que ce transpyr\u00e9n\u00e9en Pau &#8211; Saragosse relie deux r\u00e9gions peu industrielles tant en France qu&#8217;en Espagne et des pays de montagne ne donnant gu\u00e8re lieu \u00e0 des \u00e9changes de produits. Il y a lieu d&#8217;esp\u00e9rer n\u00e9anmoins que le trafic se d\u00e9veloppera peu \u00e0 peu.&#8221;<\/p><p><strong>Une citation extraite de &#8220;Les Transpyr\u00e9n\u00e9ens &#8211; La p\u00e9n\u00e9tration de la voie d&#8217;\u00e9cartement europ\u00e9en en Espagne&#8221; dans la Revue g\u00e9ographique des Pyr\u00e9n\u00e9es et du Sud-Ouest, Tome 4, fascicule 4, 1933, pages 449 \u00e0 471 :<\/strong><\/p><p>p470 : &#8220;Jusqu&#8217;ici, il faut reconna\u00eetre que le transpyr\u00e9n\u00e9en du Somport n&#8217;a pas donn\u00e9, apr\u00e8s plus de quatre ans d&#8217;exploitation, tous les r\u00e9sultats qu&#8217;on en avait escompt\u00e9s. C&#8217;est que ce transpyr\u00e9n\u00e9en Pau &#8211; Saragosse relie deux r\u00e9gions peu industrielles, tant en France qu&#8217;en Espagne et des pays de montagne, ne donnant gu\u00e8re lieu \u00e0 des exportations de fruits, primeurs ou vins.&#8221;<\/p>\t\t\t\t\t\t<\/div>\n\t\t\t\t<\/div>\n\t\t\t\t\t<\/div>\n\t\t<\/div>\n\t\t\t\t\t\t\t<\/div>\n\t\t<\/section>\n\t\t\t\t<section class=\"elementor-section elementor-top-section elementor-element elementor-element-1fc3b84 elementor-section-boxed elementor-section-height-default elementor-section-height-default\" data-id=\"1fc3b84\" data-element_type=\"section\">\n\t\t\t\t\t\t<div class=\"elementor-container elementor-column-gap-default\">\n\t\t\t\t\t<div class=\"elementor-column elementor-col-100 elementor-top-column elementor-element elementor-element-9e86ef2\" data-id=\"9e86ef2\" data-element_type=\"column\">\n\t\t\t<div class=\"elementor-widget-wrap\">\n\t\t\t\t\t\t\t\t\t<\/div>\n\t\t<\/div>\n\t\t\t\t\t\t\t<\/div>\n\t\t<\/section>\n\t\t\t\t<section class=\"elementor-section elementor-top-section elementor-element elementor-element-657f281d elementor-section-boxed elementor-section-height-default elementor-section-height-default\" data-id=\"657f281d\" data-element_type=\"section\">\n\t\t\t\t\t\t<div class=\"elementor-container elementor-column-gap-default\">\n\t\t\t\t\t<div class=\"elementor-column elementor-col-50 elementor-top-column elementor-element elementor-element-12e23f3a\" data-id=\"12e23f3a\" data-element_type=\"column\">\n\t\t\t<div class=\"elementor-widget-wrap elementor-element-populated\">\n\t\t\t\t\t\t\t\t<div class=\"elementor-element elementor-element-68e6d1e2 elementor-button-info elementor-align-center elementor-widget elementor-widget-button\" data-id=\"68e6d1e2\" data-element_type=\"widget\" data-widget_type=\"button.default\">\n\t\t\t\t<div class=\"elementor-widget-container\">\n\t\t\t\t\t<div class=\"elementor-button-wrapper\">\n\t\t\t<a href=\"https:\/\/croc-aspe.com\/?page_id=1351\" class=\"elementor-button-link elementor-button elementor-size-sm\" role=\"button\">\n\t\t\t\t\t\t<span class=\"elementor-button-content-wrapper\">\n\t\t\t\t\t\t<span class=\"elementor-button-text\">En savoir plus sur Marcel Garau<\/span>\n\t\t<\/span>\n\t\t\t\t\t<\/a>\n\t\t<\/div>\n\t\t\t\t<\/div>\n\t\t\t\t<\/div>\n\t\t\t\t\t<\/div>\n\t\t<\/div>\n\t\t\t\t<div class=\"elementor-column elementor-col-50 elementor-top-column elementor-element elementor-element-4e894b4c\" data-id=\"4e894b4c\" data-element_type=\"column\">\n\t\t\t<div class=\"elementor-widget-wrap elementor-element-populated\">\n\t\t\t\t\t\t\t\t<div class=\"elementor-element elementor-element-781be358 elementor-align-center elementor-widget elementor-widget-button\" data-id=\"781be358\" data-element_type=\"widget\" data-widget_type=\"button.default\">\n\t\t\t\t<div class=\"elementor-widget-container\">\n\t\t\t\t\t<div class=\"elementor-button-wrapper\">\n\t\t\t<a href=\"https:\/\/croc-aspe.com\/?page_id=3939\" class=\"elementor-button-link elementor-button elementor-size-sm\" role=\"button\">\n\t\t\t\t\t\t<span class=\"elementor-button-content-wrapper\">\n\t\t\t\t\t\t<span class=\"elementor-button-text\">retour aux personnages<\/span>\n\t\t<\/span>\n\t\t\t\t\t<\/a>\n\t\t<\/div>\n\t\t\t\t<\/div>\n\t\t\t\t<\/div>\n\t\t\t\t\t<\/div>\n\t\t<\/div>\n\t\t\t\t\t\t\t<\/div>\n\t\t<\/section>\n\t\t\t\t\t\t<\/div>\n\t\t\t\t\t<\/div>\n\t\t","protected":false},"excerpt":{"rendered":"<p>Marcel Garau (14\/01\/1871 Perpignan &#8211; 15\/10\/1939 Carcassonne) Une citation extraite de &#8220;La question des transpyr\u00e9n\u00e9ens et celle de la p\u00e9n\u00e9tration de la voie europ\u00e9enne en Espagne&#8221; dans la Revue g\u00e9n\u00e9rale des chemins de fer, n\u00b04 d\u2019avril 1930, pages 301 \u00e0 324 : p324 : &#8220;Jusqu&#8217;ici, il faut reconna\u00eetre que le transpyr\u00e9n\u00e9en du Somport n&#8217;a pas &hellip;<\/p>\n<p class=\"read-more\"> <a class=\"\" href=\"https:\/\/croc-aspe.com\/?page_id=1356\"> <span class=\"screen-reader-text\">Citation Marcel Garau<\/span> Read More &raquo;<\/a><\/p>\n","protected":false},"author":1,"featured_media":0,"parent":0,"menu_order":0,"comment_status":"closed","ping_status":"closed","template":"","meta":{"om_disable_all_campaigns":false,"_monsterinsights_skip_tracking":false,"_monsterinsights_sitenote_active":false,"_monsterinsights_sitenote_note":"","_monsterinsights_sitenote_category":0,"site-sidebar-layout":"no-sidebar","site-content-layout":"page-builder","ast-main-header-display":"","ast-hfb-above-header-display":"","ast-hfb-below-header-display":"","ast-hfb-mobile-header-display":"","site-post-title":"disabled","ast-breadcrumbs-content":"","ast-featured-img":"disabled","footer-sml-layout":"","theme-transparent-header-meta":"","adv-header-id-meta":"","stick-header-meta":"","header-above-stick-meta":"","header-main-stick-meta":"","header-below-stick-meta":"","footnotes":""},"class_list":["post-1356","page","type-page","status-publish","hentry"],"_links":{"self":[{"href":"https:\/\/croc-aspe.com\/index.php?rest_route=\/wp\/v2\/pages\/1356","targetHints":{"allow":["GET"]}}],"collection":[{"href":"https:\/\/croc-aspe.com\/index.php?rest_route=\/wp\/v2\/pages"}],"about":[{"href":"https:\/\/croc-aspe.com\/index.php?rest_route=\/wp\/v2\/types\/page"}],"author":[{"embeddable":true,"href":"https:\/\/croc-aspe.com\/index.php?rest_route=\/wp\/v2\/users\/1"}],"replies":[{"embeddable":true,"href":"https:\/\/croc-aspe.com\/index.php?rest_route=%2Fwp%2Fv2%2Fcomments&post=1356"}],"version-history":[{"count":23,"href":"https:\/\/croc-aspe.com\/index.php?rest_route=\/wp\/v2\/pages\/1356\/revisions"}],"predecessor-version":[{"id":4093,"href":"https:\/\/croc-aspe.com\/index.php?rest_route=\/wp\/v2\/pages\/1356\/revisions\/4093"}],"wp:attachment":[{"href":"https:\/\/croc-aspe.com\/index.php?rest_route=%2Fwp%2Fv2%2Fmedia&parent=1356"}],"curies":[{"name":"wp","href":"https:\/\/api.w.org\/{rel}","templated":true}]}}

<div data-elementor-type="wp-page" data-elementor-id="1356" class="elementor elementor-1356" data-elementor-settings="[]">
							<div class="elementor-section-wrap">
							<section class="elementor-section elementor-top-section elementor-element elementor-element-5deaf5f3 elementor-section-boxed elementor-section-height-default elementor-section-height-default" data-id="5deaf5f3" data-element_type="section">
						<div class="elementor-container elementor-column-gap-default">
					<div class="elementor-column elementor-col-100 elementor-top-column elementor-element elementor-element-7c6598e7" data-id="7c6598e7" data-element_type="column">
			<div class="elementor-widget-wrap elementor-element-populated">
								<div class="elementor-element elementor-element-7a07eca3 elementor-widget elementor-widget-text-editor" data-id="7a07eca3" data-element_type="widget" data-widget_type="text-editor.default">
				<div class="elementor-widget-container">
			<style>/*! elementor - v3.5.5 - 03-02-2022 */
.elementor-widget-text-editor.elementor-drop-cap-view-stacked .elementor-drop-cap{background-color:#818a91;color:#fff}.elementor-widget-text-editor.elementor-drop-cap-view-framed .elementor-drop-cap{color:#818a91;border:3px solid;background-color:transparent}.elementor-widget-text-editor:not(.elementor-drop-cap-view-default) .elementor-drop-cap{margin-top:8px}.elementor-widget-text-editor:not(.elementor-drop-cap-view-default) .elementor-drop-cap-letter{width:1em;height:1em}.elementor-widget-text-editor .elementor-drop-cap{float:left;text-align:center;line-height:1;font-size:50px}.elementor-widget-text-editor .elementor-drop-cap-letter{display:inline-block}</style>				<p><strong>Marcel Garau (14/01/1871 Perpignan &#8211; 15/10/1939 Carcassonne)</strong></p>						</div>
				</div>
					</div>
		</div>
							</div>
		</section>
				<section class="elementor-section elementor-top-section elementor-element elementor-element-e12e618 elementor-section-boxed elementor-section-height-default elementor-section-height-default" data-id="e12e618" data-element_type="section">
						<div class="elementor-container elementor-column-gap-default">
					<div class="elementor-column elementor-col-100 elementor-top-column elementor-element elementor-element-2fe58c2" data-id="2fe58c2" data-element_type="column">
			<div class="elementor-widget-wrap elementor-element-populated">
								<div class="elementor-element elementor-element-39d2229 elementor-widget elementor-widget-text-editor" data-id="39d2229" data-element_type="widget" data-widget_type="text-editor.default">
				<div class="elementor-widget-container">
							<p><strong>Une citation extraite de &#8220;La question des transpyrénéens et celle de la pénétration de la voie européenne en Espagne&#8221; dans la Revue générale des chemins de fer, n°4 d’avril 1930, pages 301 à 324 :</strong></p><p>p324 : &#8220;Jusqu&#8217;ici, il faut reconnaître que le transpyrénéen du Somport n&#8217;a pas donné, après un an et demi d&#8217;exploitation, tous les résultats que certains en avaient escomptés. C&#8217;est que ce transpyrénéen Pau &#8211; Saragosse relie deux régions peu industrielles tant en France qu&#8217;en Espagne et des pays de montagne ne donnant guère lieu à des échanges de produits. Il y a lieu d&#8217;espérer néanmoins que le trafic se développera peu à peu.&#8221;</p><p><strong>Une citation extraite de &#8220;Les Transpyrénéens &#8211; La pénétration de la voie d&#8217;écartement européen en Espagne&#8221; dans la Revue géographique des Pyrénées et du Sud-Ouest, Tome 4, fascicule 4, 1933, pages 449 à 471 :</strong></p><p>p470 : &#8220;Jusqu&#8217;ici, il faut reconnaître que le transpyrénéen du Somport n&#8217;a pas donné, après plus de quatre ans d&#8217;exploitation, tous les résultats qu&#8217;on en avait escomptés. C&#8217;est que ce transpyrénéen Pau &#8211; Saragosse relie deux régions peu industrielles, tant en France qu&#8217;en Espagne et des pays de montagne, ne donnant guère lieu à des exportations de fruits, primeurs ou vins.&#8221;</p>						</div>
				</div>
					</div>
		</div>
							</div>
		</section>
				<section class="elementor-section elementor-top-section elementor-element elementor-element-1fc3b84 elementor-section-boxed elementor-section-height-default elementor-section-height-default" data-id="1fc3b84" data-element_type="section">
						<div class="elementor-container elementor-column-gap-default">
					<div class="elementor-column elementor-col-100 elementor-top-column elementor-element elementor-element-9e86ef2" data-id="9e86ef2" data-element_type="column">
			<div class="elementor-widget-wrap">
									</div>
		</div>
							</div>
		</section>
				<section class="elementor-section elementor-top-section elementor-element elementor-element-657f281d elementor-section-boxed elementor-section-height-default elementor-section-height-default" data-id="657f281d" data-element_type="section">
						<div class="elementor-container elementor-column-gap-default">
					<div class="elementor-column elementor-col-50 elementor-top-column elementor-element elementor-element-12e23f3a" data-id="12e23f3a" data-element_type="column">
			<div class="elementor-widget-wrap elementor-element-populated">
								<div class="elementor-element elementor-element-68e6d1e2 elementor-button-info elementor-align-center elementor-widget elementor-widget-button" data-id="68e6d1e2" data-element_type="widget" data-widget_type="button.default">
				<div class="elementor-widget-container">
					<div class="elementor-button-wrapper">
			<a href="https://croc-aspe.com/?page_id=1351" class="elementor-button-link elementor-button elementor-size-sm" role="button">
						<span class="elementor-button-content-wrapper">
						<span class="elementor-button-text">En savoir plus sur Marcel Garau</span>
		</span>
					</a>
		</div>
				</div>
				</div>
					</div>
		</div>
				<div class="elementor-column elementor-col-50 elementor-top-column elementor-element elementor-element-4e894b4c" data-id="4e894b4c" data-element_type="column">
			<div class="elementor-widget-wrap elementor-element-populated">
								<div class="elementor-element elementor-element-781be358 elementor-align-center elementor-widget elementor-widget-button" data-id="781be358" data-element_type="widget" data-widget_type="button.default">
				<div class="elementor-widget-container">
					<div class="elementor-button-wrapper">
			<a href="https://croc-aspe.com/?page_id=3939" class="elementor-button-link elementor-button elementor-size-sm" role="button">
						<span class="elementor-button-content-wrapper">
						<span class="elementor-button-text">retour aux personnages</span>
		</span>
					</a>
		</div>
				</div>
				</div>
					</div>
		</div>
							</div>
		</section>
						</div>
					</div>

<p>Marcel Garau (14/01/1871 Perpignan &#8211; 15/10/1939 Carcassonne) Une citation extraite de &#8220;La question des transpyrénéens et celle de la pénétration de la voie européenne en Espagne&#8221; dans la Revue générale des chemins de fer, n°4 d’avril 1930, pages 301 à 324 : p324 : &#8220;Jusqu&#8217;ici, il faut reconnaître que le transpyrénéen du Somport n&#8217;a pas &hellip;</p>
<p class="read-more"> <a class="" href="https://croc-aspe.com/?page_id=1356"> <span class="screen-reader-text">Citation Marcel Garau</span> Read More &raquo;</a></p>
