{"id":1351,"date":"2022-02-20T18:01:39","date_gmt":"2022-02-20T18:01:39","guid":{"rendered":"https:\/\/croc-aspe.com\/?page_id=1351"},"modified":"2022-06-05T04:59:09","modified_gmt":"2022-06-05T04:59:09","slug":"biographie-marcel-garau","status":"publish","type":"page","link":"https:\/\/croc-aspe.com\/?page_id=1351","title":{"rendered":"Biographie Marcel Garau"},"content":{"rendered":"\t\t<div data-elementor-type=\"wp-page\" data-elementor-id=\"1351\" class=\"elementor elementor-1351\" data-elementor-settings=\"[]\">\n\t\t\t\t\t\t\t<div class=\"elementor-section-wrap\">\n\t\t\t\t\t\t\t<section class=\"elementor-section elementor-top-section elementor-element elementor-element-211fce7 elementor-section-boxed elementor-section-height-default elementor-section-height-default\" data-id=\"211fce7\" data-element_type=\"section\">\n\t\t\t\t\t\t<div class=\"elementor-container elementor-column-gap-default\">\n\t\t\t\t\t<div class=\"elementor-column elementor-col-100 elementor-top-column elementor-element elementor-element-173090bd\" data-id=\"173090bd\" data-element_type=\"column\">\n\t\t\t<div class=\"elementor-widget-wrap elementor-element-populated\">\n\t\t\t\t\t\t\t\t<div class=\"elementor-element elementor-element-1991dacf elementor-widget elementor-widget-text-editor\" data-id=\"1991dacf\" data-element_type=\"widget\" data-widget_type=\"text-editor.default\">\n\t\t\t\t<div class=\"elementor-widget-container\">\n\t\t\t<style>\/*! elementor - v3.5.5 - 03-02-2022 *\/\n.elementor-widget-text-editor.elementor-drop-cap-view-stacked .elementor-drop-cap{background-color:#818a91;color:#fff}.elementor-widget-text-editor.elementor-drop-cap-view-framed .elementor-drop-cap{color:#818a91;border:3px solid;background-color:transparent}.elementor-widget-text-editor:not(.elementor-drop-cap-view-default) .elementor-drop-cap{margin-top:8px}.elementor-widget-text-editor:not(.elementor-drop-cap-view-default) .elementor-drop-cap-letter{width:1em;height:1em}.elementor-widget-text-editor .elementor-drop-cap{float:left;text-align:center;line-height:1;font-size:50px}.elementor-widget-text-editor .elementor-drop-cap-letter{display:inline-block}<\/style>\t\t\t\t<p><b><\/b><b><span lang=\"ES\" style=\"font-size: 14.0pt; mso-ansi-language: ES;\"><strong>Marcel Garau (14\/01\/1871 Perpignan &#8211; 15\/10\/1939 Carcassonne)<\/strong><\/span><\/b><\/p>\t\t\t\t\t\t<\/div>\n\t\t\t\t<\/div>\n\t\t\t\t\t<\/div>\n\t\t<\/div>\n\t\t\t\t\t\t\t<\/div>\n\t\t<\/section>\n\t\t\t\t<section class=\"elementor-section elementor-top-section elementor-element elementor-element-3bae817 elementor-section-boxed elementor-section-height-default elementor-section-height-default\" data-id=\"3bae817\" data-element_type=\"section\">\n\t\t\t\t\t\t<div class=\"elementor-container elementor-column-gap-default\">\n\t\t\t\t\t<div class=\"elementor-column elementor-col-100 elementor-top-column elementor-element elementor-element-89d0a9f\" data-id=\"89d0a9f\" data-element_type=\"column\">\n\t\t\t<div class=\"elementor-widget-wrap elementor-element-populated\">\n\t\t\t\t\t\t\t\t<div class=\"elementor-element elementor-element-0f92316 elementor-widget elementor-widget-text-editor\" data-id=\"0f92316\" data-element_type=\"widget\" data-widget_type=\"text-editor.default\">\n\t\t\t\t<div class=\"elementor-widget-container\">\n\t\t\t\t\t\t\t<p>Polytechnicien, Ing\u00e9nieur des Ponts et Chauss\u00e9es, Ing\u00e9nieur ordinaire du Chemin de fer de l\u2019Aude, Ing\u00e9nieur en chef de la Compagnie des Chemins de fer du Midi, Chevalier de la L\u00e9gion d&#8217;Honneur en 1915 puis Officier en 1930<\/p>\t\t\t\t\t\t<\/div>\n\t\t\t\t<\/div>\n\t\t\t\t\t<\/div>\n\t\t<\/div>\n\t\t\t\t\t\t\t<\/div>\n\t\t<\/section>\n\t\t\t\t<section class=\"elementor-section elementor-top-section elementor-element elementor-element-2b7aff3c elementor-section-boxed elementor-section-height-default elementor-section-height-default\" data-id=\"2b7aff3c\" data-element_type=\"section\">\n\t\t\t\t\t\t<div class=\"elementor-container elementor-column-gap-default\">\n\t\t\t\t\t<div class=\"elementor-column elementor-col-100 elementor-top-column elementor-element elementor-element-1d0755e1\" data-id=\"1d0755e1\" data-element_type=\"column\">\n\t\t\t<div class=\"elementor-widget-wrap elementor-element-populated\">\n\t\t\t\t\t\t\t\t<div class=\"elementor-element elementor-element-6225c2d7 elementor-widget elementor-widget-text-editor\" data-id=\"6225c2d7\" data-element_type=\"widget\" data-widget_type=\"text-editor.default\">\n\t\t\t\t<div class=\"elementor-widget-container\">\n\t\t\t\t\t\t\t<p>Marcel Garau fut ing\u00e9nieur en chef \u00e0 la Compagnie du Midi et fut \u00e0 l\u2019origine de la construction de nombreuses voies de la Compagnie du Midi. Comme beaucoup d\u2019ing\u00e9nieurs du secteur du ferroviaire, il n\u2019\u00e9tait pas enthousiasm\u00e9 par la construction des transpyr\u00e9n\u00e9ens dont il estimait qu\u2019ils ne rempliraient pas leurs objectifs. Il s\u2019int\u00e9ressa beaucoup \u00e0 la fa\u00e7on dont l\u2019on pouvait g\u00e9rer le probl\u00e8me d\u2019\u00e9cartement avec les voies espagnoles \u00e0 \u00e9cartement ib\u00e9rique. A noter qu\u2019il est fut \u00e9galement l\u2019architecte de la construction du phare du Cap B\u00e9ar \u00e0 Port-Vendres.<\/p>\t\t\t\t\t\t<\/div>\n\t\t\t\t<\/div>\n\t\t\t\t\t<\/div>\n\t\t<\/div>\n\t\t\t\t\t\t\t<\/div>\n\t\t<\/section>\n\t\t\t\t<section class=\"elementor-section elementor-top-section elementor-element elementor-element-23b76dc3 elementor-section-boxed elementor-section-height-default elementor-section-height-default\" data-id=\"23b76dc3\" data-element_type=\"section\">\n\t\t\t\t\t\t<div class=\"elementor-container elementor-column-gap-default\">\n\t\t\t\t\t<div class=\"elementor-column elementor-col-100 elementor-top-column elementor-element elementor-element-132927c5\" data-id=\"132927c5\" data-element_type=\"column\">\n\t\t\t<div class=\"elementor-widget-wrap\">\n\t\t\t\t\t\t\t\t\t<\/div>\n\t\t<\/div>\n\t\t\t\t\t\t\t<\/div>\n\t\t<\/section>\n\t\t\t\t<section class=\"elementor-section elementor-top-section elementor-element elementor-element-6cb9fb67 elementor-section-boxed elementor-section-height-default elementor-section-height-default\" data-id=\"6cb9fb67\" data-element_type=\"section\">\n\t\t\t\t\t\t<div class=\"elementor-container elementor-column-gap-default\">\n\t\t\t\t\t<div class=\"elementor-column elementor-col-50 elementor-top-column elementor-element elementor-element-55ea10af\" data-id=\"55ea10af\" data-element_type=\"column\">\n\t\t\t<div class=\"elementor-widget-wrap elementor-element-populated\">\n\t\t\t\t\t\t\t\t<div class=\"elementor-element elementor-element-1f804b47 elementor-button-success elementor-align-center elementor-widget elementor-widget-button\" data-id=\"1f804b47\" data-element_type=\"widget\" data-widget_type=\"button.default\">\n\t\t\t\t<div class=\"elementor-widget-container\">\n\t\t\t\t\t<div class=\"elementor-button-wrapper\">\n\t\t\t<a href=\"https:\/\/croc-aspe.com\/?page_id=1356\" class=\"elementor-button-link elementor-button elementor-size-sm\" role=\"button\">\n\t\t\t\t\t\t<span class=\"elementor-button-content-wrapper\">\n\t\t\t\t\t\t<span class=\"elementor-button-text\">Quelques citations de Marcel Garau<\/span>\n\t\t<\/span>\n\t\t\t\t\t<\/a>\n\t\t<\/div>\n\t\t\t\t<\/div>\n\t\t\t\t<\/div>\n\t\t\t\t\t<\/div>\n\t\t<\/div>\n\t\t\t\t<div class=\"elementor-column elementor-col-50 elementor-top-column elementor-element elementor-element-6920def1\" data-id=\"6920def1\" data-element_type=\"column\">\n\t\t\t<div class=\"elementor-widget-wrap elementor-element-populated\">\n\t\t\t\t\t\t\t\t<div class=\"elementor-element elementor-element-4cb6465a elementor-align-center elementor-widget elementor-widget-button\" data-id=\"4cb6465a\" data-element_type=\"widget\" data-widget_type=\"button.default\">\n\t\t\t\t<div class=\"elementor-widget-container\">\n\t\t\t\t\t<div class=\"elementor-button-wrapper\">\n\t\t\t<a href=\"https:\/\/croc-aspe.com\/?page_id=3939\" class=\"elementor-button-link elementor-button elementor-size-sm\" role=\"button\">\n\t\t\t\t\t\t<span class=\"elementor-button-content-wrapper\">\n\t\t\t\t\t\t<span class=\"elementor-button-text\">Retour aux personnages<\/span>\n\t\t<\/span>\n\t\t\t\t\t<\/a>\n\t\t<\/div>\n\t\t\t\t<\/div>\n\t\t\t\t<\/div>\n\t\t\t\t\t<\/div>\n\t\t<\/div>\n\t\t\t\t\t\t\t<\/div>\n\t\t<\/section>\n\t\t\t\t\t\t<\/div>\n\t\t\t\t\t<\/div>\n\t\t","protected":false},"excerpt":{"rendered":"<p>Marcel Garau (14\/01\/1871 Perpignan &#8211; 15\/10\/1939 Carcassonne) Polytechnicien, Ing\u00e9nieur des Ponts et Chauss\u00e9es, Ing\u00e9nieur ordinaire du Chemin de fer de l\u2019Aude, Ing\u00e9nieur en chef de la Compagnie des Chemins de fer du Midi, Chevalier de la L\u00e9gion d&#8217;Honneur en 1915 puis Officier en 1930 Marcel Garau fut ing\u00e9nieur en chef \u00e0 la Compagnie du Midi &hellip;<\/p>\n<p class=\"read-more\"> <a class=\"\" href=\"https:\/\/croc-aspe.com\/?page_id=1351\"> <span class=\"screen-reader-text\">Biographie Marcel Garau<\/span> Read More &raquo;<\/a><\/p>\n","protected":false},"author":1,"featured_media":0,"parent":0,"menu_order":0,"comment_status":"closed","ping_status":"closed","template":"","meta":{"om_disable_all_campaigns":false,"_monsterinsights_skip_tracking":false,"_monsterinsights_sitenote_active":false,"_monsterinsights_sitenote_note":"","_monsterinsights_sitenote_category":0,"site-sidebar-layout":"no-sidebar","site-content-layout":"page-builder","ast-main-header-display":"","ast-hfb-above-header-display":"","ast-hfb-below-header-display":"","ast-hfb-mobile-header-display":"","site-post-title":"disabled","ast-breadcrumbs-content":"","ast-featured-img":"disabled","footer-sml-layout":"","theme-transparent-header-meta":"","adv-header-id-meta":"","stick-header-meta":"","header-above-stick-meta":"","header-main-stick-meta":"","header-below-stick-meta":"","footnotes":""},"class_list":["post-1351","page","type-page","status-publish","hentry"],"_links":{"self":[{"href":"https:\/\/croc-aspe.com\/index.php?rest_route=\/wp\/v2\/pages\/1351","targetHints":{"allow":["GET"]}}],"collection":[{"href":"https:\/\/croc-aspe.com\/index.php?rest_route=\/wp\/v2\/pages"}],"about":[{"href":"https:\/\/croc-aspe.com\/index.php?rest_route=\/wp\/v2\/types\/page"}],"author":[{"embeddable":true,"href":"https:\/\/croc-aspe.com\/index.php?rest_route=\/wp\/v2\/users\/1"}],"replies":[{"embeddable":true,"href":"https:\/\/croc-aspe.com\/index.php?rest_route=%2Fwp%2Fv2%2Fcomments&post=1351"}],"version-history":[{"count":19,"href":"https:\/\/croc-aspe.com\/index.php?rest_route=\/wp\/v2\/pages\/1351\/revisions"}],"predecessor-version":[{"id":4066,"href":"https:\/\/croc-aspe.com\/index.php?rest_route=\/wp\/v2\/pages\/1351\/revisions\/4066"}],"wp:attachment":[{"href":"https:\/\/croc-aspe.com\/index.php?rest_route=%2Fwp%2Fv2%2Fmedia&parent=1351"}],"curies":[{"name":"wp","href":"https:\/\/api.w.org\/{rel}","templated":true}]}}

<div data-elementor-type="wp-page" data-elementor-id="1351" class="elementor elementor-1351" data-elementor-settings="[]">
							<div class="elementor-section-wrap">
							<section class="elementor-section elementor-top-section elementor-element elementor-element-211fce7 elementor-section-boxed elementor-section-height-default elementor-section-height-default" data-id="211fce7" data-element_type="section">
						<div class="elementor-container elementor-column-gap-default">
					<div class="elementor-column elementor-col-100 elementor-top-column elementor-element elementor-element-173090bd" data-id="173090bd" data-element_type="column">
			<div class="elementor-widget-wrap elementor-element-populated">
								<div class="elementor-element elementor-element-1991dacf elementor-widget elementor-widget-text-editor" data-id="1991dacf" data-element_type="widget" data-widget_type="text-editor.default">
				<div class="elementor-widget-container">
			<style>/*! elementor - v3.5.5 - 03-02-2022 */
.elementor-widget-text-editor.elementor-drop-cap-view-stacked .elementor-drop-cap{background-color:#818a91;color:#fff}.elementor-widget-text-editor.elementor-drop-cap-view-framed .elementor-drop-cap{color:#818a91;border:3px solid;background-color:transparent}.elementor-widget-text-editor:not(.elementor-drop-cap-view-default) .elementor-drop-cap{margin-top:8px}.elementor-widget-text-editor:not(.elementor-drop-cap-view-default) .elementor-drop-cap-letter{width:1em;height:1em}.elementor-widget-text-editor .elementor-drop-cap{float:left;text-align:center;line-height:1;font-size:50px}.elementor-widget-text-editor .elementor-drop-cap-letter{display:inline-block}</style>				<p><b></b><b><span lang="ES" style="font-size: 14.0pt; mso-ansi-language: ES;"><strong>Marcel Garau (14/01/1871 Perpignan &#8211; 15/10/1939 Carcassonne)</strong></span></b></p>						</div>
				</div>
					</div>
		</div>
							</div>
		</section>
				<section class="elementor-section elementor-top-section elementor-element elementor-element-3bae817 elementor-section-boxed elementor-section-height-default elementor-section-height-default" data-id="3bae817" data-element_type="section">
						<div class="elementor-container elementor-column-gap-default">
					<div class="elementor-column elementor-col-100 elementor-top-column elementor-element elementor-element-89d0a9f" data-id="89d0a9f" data-element_type="column">
			<div class="elementor-widget-wrap elementor-element-populated">
								<div class="elementor-element elementor-element-0f92316 elementor-widget elementor-widget-text-editor" data-id="0f92316" data-element_type="widget" data-widget_type="text-editor.default">
				<div class="elementor-widget-container">
							<p>Polytechnicien, Ingénieur des Ponts et Chaussées, Ingénieur ordinaire du Chemin de fer de l’Aude, Ingénieur en chef de la Compagnie des Chemins de fer du Midi, Chevalier de la Légion d&#8217;Honneur en 1915 puis Officier en 1930</p>						</div>
				</div>
					</div>
		</div>
							</div>
		</section>
				<section class="elementor-section elementor-top-section elementor-element elementor-element-2b7aff3c elementor-section-boxed elementor-section-height-default elementor-section-height-default" data-id="2b7aff3c" data-element_type="section">
						<div class="elementor-container elementor-column-gap-default">
					<div class="elementor-column elementor-col-100 elementor-top-column elementor-element elementor-element-1d0755e1" data-id="1d0755e1" data-element_type="column">
			<div class="elementor-widget-wrap elementor-element-populated">
								<div class="elementor-element elementor-element-6225c2d7 elementor-widget elementor-widget-text-editor" data-id="6225c2d7" data-element_type="widget" data-widget_type="text-editor.default">
				<div class="elementor-widget-container">
							<p>Marcel Garau fut ingénieur en chef à la Compagnie du Midi et fut à l’origine de la construction de nombreuses voies de la Compagnie du Midi. Comme beaucoup d’ingénieurs du secteur du ferroviaire, il n’était pas enthousiasmé par la construction des transpyrénéens dont il estimait qu’ils ne rempliraient pas leurs objectifs. Il s’intéressa beaucoup à la façon dont l’on pouvait gérer le problème d’écartement avec les voies espagnoles à écartement ibérique. A noter qu’il est fut également l’architecte de la construction du phare du Cap Béar à Port-Vendres.</p>						</div>
				</div>
					</div>
		</div>
							</div>
		</section>
				<section class="elementor-section elementor-top-section elementor-element elementor-element-23b76dc3 elementor-section-boxed elementor-section-height-default elementor-section-height-default" data-id="23b76dc3" data-element_type="section">
						<div class="elementor-container elementor-column-gap-default">
					<div class="elementor-column elementor-col-100 elementor-top-column elementor-element elementor-element-132927c5" data-id="132927c5" data-element_type="column">
			<div class="elementor-widget-wrap">
									</div>
		</div>
							</div>
		</section>
				<section class="elementor-section elementor-top-section elementor-element elementor-element-6cb9fb67 elementor-section-boxed elementor-section-height-default elementor-section-height-default" data-id="6cb9fb67" data-element_type="section">
						<div class="elementor-container elementor-column-gap-default">
					<div class="elementor-column elementor-col-50 elementor-top-column elementor-element elementor-element-55ea10af" data-id="55ea10af" data-element_type="column">
			<div class="elementor-widget-wrap elementor-element-populated">
								<div class="elementor-element elementor-element-1f804b47 elementor-button-success elementor-align-center elementor-widget elementor-widget-button" data-id="1f804b47" data-element_type="widget" data-widget_type="button.default">
				<div class="elementor-widget-container">
					<div class="elementor-button-wrapper">
			<a href="https://croc-aspe.com/?page_id=1356" class="elementor-button-link elementor-button elementor-size-sm" role="button">
						<span class="elementor-button-content-wrapper">
						<span class="elementor-button-text">Quelques citations de Marcel Garau</span>
		</span>
					</a>
		</div>
				</div>
				</div>
					</div>
		</div>
				<div class="elementor-column elementor-col-50 elementor-top-column elementor-element elementor-element-6920def1" data-id="6920def1" data-element_type="column">
			<div class="elementor-widget-wrap elementor-element-populated">
								<div class="elementor-element elementor-element-4cb6465a elementor-align-center elementor-widget elementor-widget-button" data-id="4cb6465a" data-element_type="widget" data-widget_type="button.default">
				<div class="elementor-widget-container">
					<div class="elementor-button-wrapper">
			<a href="https://croc-aspe.com/?page_id=3939" class="elementor-button-link elementor-button elementor-size-sm" role="button">
						<span class="elementor-button-content-wrapper">
						<span class="elementor-button-text">Retour aux personnages</span>
		</span>
					</a>
		</div>
				</div>
				</div>
					</div>
		</div>
							</div>
		</section>
						</div>
					</div>

<p>Marcel Garau (14/01/1871 Perpignan &#8211; 15/10/1939 Carcassonne) Polytechnicien, Ingénieur des Ponts et Chaussées, Ingénieur ordinaire du Chemin de fer de l’Aude, Ingénieur en chef de la Compagnie des Chemins de fer du Midi, Chevalier de la Légion d&#8217;Honneur en 1915 puis Officier en 1930 Marcel Garau fut ingénieur en chef à la Compagnie du Midi &hellip;</p>
<p class="read-more"> <a class="" href="https://croc-aspe.com/?page_id=1351"> <span class="screen-reader-text">Biographie Marcel Garau</span> Read More &raquo;</a></p>
