{"id":1331,"date":"2022-02-20T17:51:05","date_gmt":"2022-02-20T17:51:05","guid":{"rendered":"https:\/\/croc-aspe.com\/?page_id=1331"},"modified":"2022-06-05T04:57:10","modified_gmt":"2022-06-05T04:57:10","slug":"biographie-jean-dominique-estradere","status":"publish","type":"page","link":"https:\/\/croc-aspe.com\/?page_id=1331","title":{"rendered":"Biographie Jean Dominique Estrad\u00e8re"},"content":{"rendered":"\t\t<div data-elementor-type=\"wp-page\" data-elementor-id=\"1331\" class=\"elementor elementor-1331\" data-elementor-settings=\"[]\">\n\t\t\t\t\t\t\t<div class=\"elementor-section-wrap\">\n\t\t\t\t\t\t\t<section class=\"elementor-section elementor-top-section elementor-element elementor-element-3ee07649 elementor-section-boxed elementor-section-height-default elementor-section-height-default\" data-id=\"3ee07649\" data-element_type=\"section\">\n\t\t\t\t\t\t<div class=\"elementor-container elementor-column-gap-default\">\n\t\t\t\t\t<div class=\"elementor-column elementor-col-100 elementor-top-column elementor-element elementor-element-5388acbc\" data-id=\"5388acbc\" data-element_type=\"column\">\n\t\t\t<div class=\"elementor-widget-wrap elementor-element-populated\">\n\t\t\t\t\t\t\t\t<div class=\"elementor-element elementor-element-506c2a0d elementor-widget elementor-widget-text-editor\" data-id=\"506c2a0d\" data-element_type=\"widget\" data-widget_type=\"text-editor.default\">\n\t\t\t\t<div class=\"elementor-widget-container\">\n\t\t\t<style>\/*! elementor - v3.5.5 - 03-02-2022 *\/\n.elementor-widget-text-editor.elementor-drop-cap-view-stacked .elementor-drop-cap{background-color:#818a91;color:#fff}.elementor-widget-text-editor.elementor-drop-cap-view-framed .elementor-drop-cap{color:#818a91;border:3px solid;background-color:transparent}.elementor-widget-text-editor:not(.elementor-drop-cap-view-default) .elementor-drop-cap{margin-top:8px}.elementor-widget-text-editor:not(.elementor-drop-cap-view-default) .elementor-drop-cap-letter{width:1em;height:1em}.elementor-widget-text-editor .elementor-drop-cap{float:left;text-align:center;line-height:1;font-size:50px}.elementor-widget-text-editor .elementor-drop-cap-letter{display:inline-block}<\/style>\t\t\t\t<p><b><\/b><b><span lang=\"ES\" style=\"font-size: 14.0pt; mso-ansi-language: ES;\"><strong>Jean Dominique Estrade\u0300re (20\/03\/1833 Bagn\u00e8res-de-Luchon &#8211; 1919)<\/strong><\/span><\/b><\/p>\t\t\t\t\t\t<\/div>\n\t\t\t\t<\/div>\n\t\t\t\t\t<\/div>\n\t\t<\/div>\n\t\t\t\t\t\t\t<\/div>\n\t\t<\/section>\n\t\t\t\t<section class=\"elementor-section elementor-top-section elementor-element elementor-element-640f72d elementor-section-boxed elementor-section-height-default elementor-section-height-default\" data-id=\"640f72d\" data-element_type=\"section\">\n\t\t\t\t\t\t<div class=\"elementor-container elementor-column-gap-default\">\n\t\t\t\t\t<div class=\"elementor-column elementor-col-100 elementor-top-column elementor-element elementor-element-f699350\" data-id=\"f699350\" data-element_type=\"column\">\n\t\t\t<div class=\"elementor-widget-wrap elementor-element-populated\">\n\t\t\t\t\t\t\t\t<div class=\"elementor-element elementor-element-3405afa elementor-widget elementor-widget-text-editor\" data-id=\"3405afa\" data-element_type=\"widget\" data-widget_type=\"text-editor.default\">\n\t\t\t\t<div class=\"elementor-widget-container\">\n\t\t\t\t\t\t\t<p>M\u00e9decin \u00e0 l&#8217;Etablissement Thermal de Luchon puis \u00e0 l&#8217;H\u00f4pital des Enfants Malades de Paris, Initiateur de la technique du massage<\/p>\t\t\t\t\t\t<\/div>\n\t\t\t\t<\/div>\n\t\t\t\t\t<\/div>\n\t\t<\/div>\n\t\t\t\t\t\t\t<\/div>\n\t\t<\/section>\n\t\t\t\t<section class=\"elementor-section elementor-top-section elementor-element elementor-element-d2728ee elementor-section-boxed elementor-section-height-default elementor-section-height-default\" data-id=\"d2728ee\" data-element_type=\"section\">\n\t\t\t\t\t\t<div class=\"elementor-container elementor-column-gap-default\">\n\t\t\t\t\t<div class=\"elementor-column elementor-col-100 elementor-top-column elementor-element elementor-element-0692ce6\" data-id=\"0692ce6\" data-element_type=\"column\">\n\t\t\t<div class=\"elementor-widget-wrap elementor-element-populated\">\n\t\t\t\t\t\t\t\t<div class=\"elementor-element elementor-element-eaa3f50 elementor-widget elementor-widget-text-editor\" data-id=\"eaa3f50\" data-element_type=\"widget\" data-widget_type=\"text-editor.default\">\n\t\t\t\t<div class=\"elementor-widget-container\">\n\t\t\t\t\t\t\t<p>Jean-Dominique Estrad\u00e8re \u00e9tait docteur en m\u00e9decine de formation. Il s\u2019installa comme m\u00e9decin de l\u2019Etablissement thermal de Luchon. Dans un livre paru en 1863 puis r\u00e9\u00e9dit\u00e9 en 1884, il d\u00e9crivit les diff\u00e9rentes techniques de massage qu\u2019il a d\u00e9velopp\u00e9 aupr\u00e8s des curistes. C\u2019est le premier livre qui introduit le mot &#8220;massage&#8221; comme une technique m\u00e9dicale. Aujourd\u2019hui encore, son livre reste une r\u00e9f\u00e9rence aupr\u00e8s des masseurs-kin\u00e9sith\u00e9rapeutes.<\/p><p>Il s\u2019int\u00e9ressa aux transpyr\u00e9n\u00e9ens en remettant en cause les conclusions de l\u2019ing\u00e9nieur Eug\u00e8ne Decomble sur la r\u00e9alisation de deux transpyr\u00e9n\u00e9ens par la vall\u00e9e du Salat et la vall\u00e9e du Roncal ou la vall\u00e9e d&#8217;Aspe. Il sugg\u00e9ra un seul transpyr\u00e9n\u00e9en plus central passant par la vall\u00e9e de la Pique et la vall\u00e9e de l&#8217;Eresa et par la r\u00e9alisation d\u2019un tunnel de 13km entre Luchon et Monzon. Il estimait qu\u2019un transpyr\u00e9n\u00e9en par la vall\u00e9e du Roncal ou la vall\u00e9e d&#8217;Aspe serait trop proche du chemin de fer atlantique pour obtenir un revenu appr\u00e9ciable et que cette derni\u00e8re ligne serait toujours privil\u00e9gi\u00e9e pour le trafic vers l&#8217;Espagne occidentale et le Portugal.<\/p><p>Son intuition sur la proximit\u00e9 entre la ligne de Canfranc et le corridor atlantique reste toujours d\u2019actualit\u00e9 et en le paraphrasant, l\u2019on pourrait toujours se dire que &#8220;la ligne Pau &#8211; Canfranc &#8211; Saragosse est toujours d&#8217;un int\u00e9r\u00eat pr\u00e9caire et nous demandons \u00e0 nos politiciens locaux quel est le mobile qui oblige les deux nations \u00e0 r\u00e9habiliter un chemin de fer, si voisin du corridor Atlantique, dont le co\u00fbt serait de plus de 450M\u20ac.&#8221;<\/p>\t\t\t\t\t\t<\/div>\n\t\t\t\t<\/div>\n\t\t\t\t\t<\/div>\n\t\t<\/div>\n\t\t\t\t\t\t\t<\/div>\n\t\t<\/section>\n\t\t\t\t<section class=\"elementor-section elementor-top-section elementor-element elementor-element-6d0e4c57 elementor-section-boxed elementor-section-height-default elementor-section-height-default\" data-id=\"6d0e4c57\" data-element_type=\"section\">\n\t\t\t\t\t\t<div class=\"elementor-container elementor-column-gap-default\">\n\t\t\t\t\t<div class=\"elementor-column elementor-col-100 elementor-top-column elementor-element elementor-element-b2955c0\" data-id=\"b2955c0\" data-element_type=\"column\">\n\t\t\t<div class=\"elementor-widget-wrap\">\n\t\t\t\t\t\t\t\t\t<\/div>\n\t\t<\/div>\n\t\t\t\t\t\t\t<\/div>\n\t\t<\/section>\n\t\t\t\t<section class=\"elementor-section elementor-top-section elementor-element elementor-element-e3cd3ee elementor-section-boxed elementor-section-height-default elementor-section-height-default\" data-id=\"e3cd3ee\" data-element_type=\"section\">\n\t\t\t\t\t\t<div class=\"elementor-container elementor-column-gap-default\">\n\t\t\t\t\t<div class=\"elementor-column elementor-col-50 elementor-top-column elementor-element elementor-element-78cb47a4\" data-id=\"78cb47a4\" data-element_type=\"column\">\n\t\t\t<div class=\"elementor-widget-wrap elementor-element-populated\">\n\t\t\t\t\t\t\t\t<div class=\"elementor-element elementor-element-cd45a83 elementor-button-success elementor-align-center elementor-widget elementor-widget-button\" data-id=\"cd45a83\" data-element_type=\"widget\" data-widget_type=\"button.default\">\n\t\t\t\t<div class=\"elementor-widget-container\">\n\t\t\t\t\t<div class=\"elementor-button-wrapper\">\n\t\t\t<a href=\"https:\/\/croc-aspe.com\/?page_id=1336\" class=\"elementor-button-link elementor-button elementor-size-sm\" role=\"button\">\n\t\t\t\t\t\t<span class=\"elementor-button-content-wrapper\">\n\t\t\t\t\t\t<span class=\"elementor-button-text\">Quelques citations de Jean Dominique Estrad\u00e8re<\/span>\n\t\t<\/span>\n\t\t\t\t\t<\/a>\n\t\t<\/div>\n\t\t\t\t<\/div>\n\t\t\t\t<\/div>\n\t\t\t\t\t<\/div>\n\t\t<\/div>\n\t\t\t\t<div class=\"elementor-column elementor-col-50 elementor-top-column elementor-element elementor-element-6154b89f\" data-id=\"6154b89f\" data-element_type=\"column\">\n\t\t\t<div class=\"elementor-widget-wrap elementor-element-populated\">\n\t\t\t\t\t\t\t\t<div class=\"elementor-element elementor-element-a6514ba elementor-align-center elementor-widget elementor-widget-button\" data-id=\"a6514ba\" data-element_type=\"widget\" data-widget_type=\"button.default\">\n\t\t\t\t<div class=\"elementor-widget-container\">\n\t\t\t\t\t<div class=\"elementor-button-wrapper\">\n\t\t\t<a href=\"https:\/\/croc-aspe.com\/?page_id=3952\" class=\"elementor-button-link elementor-button elementor-size-sm\" role=\"button\">\n\t\t\t\t\t\t<span class=\"elementor-button-content-wrapper\">\n\t\t\t\t\t\t<span class=\"elementor-button-text\">Retour aux personnages<\/span>\n\t\t<\/span>\n\t\t\t\t\t<\/a>\n\t\t<\/div>\n\t\t\t\t<\/div>\n\t\t\t\t<\/div>\n\t\t\t\t\t<\/div>\n\t\t<\/div>\n\t\t\t\t\t\t\t<\/div>\n\t\t<\/section>\n\t\t\t\t\t\t<\/div>\n\t\t\t\t\t<\/div>\n\t\t","protected":false},"excerpt":{"rendered":"<p>Jean Dominique Estrade\u0300re (20\/03\/1833 Bagn\u00e8res-de-Luchon &#8211; 1919) M\u00e9decin \u00e0 l&#8217;Etablissement Thermal de Luchon puis \u00e0 l&#8217;H\u00f4pital des Enfants Malades de Paris, Initiateur de la technique du massage Jean-Dominique Estrad\u00e8re \u00e9tait docteur en m\u00e9decine de formation. Il s\u2019installa comme m\u00e9decin de l\u2019Etablissement thermal de Luchon. Dans un livre paru en 1863 puis r\u00e9\u00e9dit\u00e9 en 1884, il &hellip;<\/p>\n<p class=\"read-more\"> <a class=\"\" href=\"https:\/\/croc-aspe.com\/?page_id=1331\"> <span class=\"screen-reader-text\">Biographie Jean Dominique Estrad\u00e8re<\/span> Read More &raquo;<\/a><\/p>\n","protected":false},"author":1,"featured_media":0,"parent":0,"menu_order":0,"comment_status":"closed","ping_status":"closed","template":"","meta":{"om_disable_all_campaigns":false,"_monsterinsights_skip_tracking":false,"_monsterinsights_sitenote_active":false,"_monsterinsights_sitenote_note":"","_monsterinsights_sitenote_category":0,"site-sidebar-layout":"no-sidebar","site-content-layout":"page-builder","ast-main-header-display":"","ast-hfb-above-header-display":"","ast-hfb-below-header-display":"","ast-hfb-mobile-header-display":"","site-post-title":"disabled","ast-breadcrumbs-content":"","ast-featured-img":"disabled","footer-sml-layout":"","theme-transparent-header-meta":"","adv-header-id-meta":"","stick-header-meta":"","header-above-stick-meta":"","header-main-stick-meta":"","header-below-stick-meta":"","footnotes":""},"class_list":["post-1331","page","type-page","status-publish","hentry"],"_links":{"self":[{"href":"https:\/\/croc-aspe.com\/index.php?rest_route=\/wp\/v2\/pages\/1331","targetHints":{"allow":["GET"]}}],"collection":[{"href":"https:\/\/croc-aspe.com\/index.php?rest_route=\/wp\/v2\/pages"}],"about":[{"href":"https:\/\/croc-aspe.com\/index.php?rest_route=\/wp\/v2\/types\/page"}],"author":[{"embeddable":true,"href":"https:\/\/croc-aspe.com\/index.php?rest_route=\/wp\/v2\/users\/1"}],"replies":[{"embeddable":true,"href":"https:\/\/croc-aspe.com\/index.php?rest_route=%2Fwp%2Fv2%2Fcomments&post=1331"}],"version-history":[{"count":20,"href":"https:\/\/croc-aspe.com\/index.php?rest_route=\/wp\/v2\/pages\/1331\/revisions"}],"predecessor-version":[{"id":4048,"href":"https:\/\/croc-aspe.com\/index.php?rest_route=\/wp\/v2\/pages\/1331\/revisions\/4048"}],"wp:attachment":[{"href":"https:\/\/croc-aspe.com\/index.php?rest_route=%2Fwp%2Fv2%2Fmedia&parent=1331"}],"curies":[{"name":"wp","href":"https:\/\/api.w.org\/{rel}","templated":true}]}}

Biographie Jean Dominique Estradère

<div data-elementor-type="wp-page" data-elementor-id="1331" class="elementor elementor-1331" data-elementor-settings="[]">
							<div class="elementor-section-wrap">
							<section class="elementor-section elementor-top-section elementor-element elementor-element-3ee07649 elementor-section-boxed elementor-section-height-default elementor-section-height-default" data-id="3ee07649" data-element_type="section">
						<div class="elementor-container elementor-column-gap-default">
					<div class="elementor-column elementor-col-100 elementor-top-column elementor-element elementor-element-5388acbc" data-id="5388acbc" data-element_type="column">
			<div class="elementor-widget-wrap elementor-element-populated">
								<div class="elementor-element elementor-element-506c2a0d elementor-widget elementor-widget-text-editor" data-id="506c2a0d" data-element_type="widget" data-widget_type="text-editor.default">
				<div class="elementor-widget-container">
			<style>/*! elementor - v3.5.5 - 03-02-2022 */
.elementor-widget-text-editor.elementor-drop-cap-view-stacked .elementor-drop-cap{background-color:#818a91;color:#fff}.elementor-widget-text-editor.elementor-drop-cap-view-framed .elementor-drop-cap{color:#818a91;border:3px solid;background-color:transparent}.elementor-widget-text-editor:not(.elementor-drop-cap-view-default) .elementor-drop-cap{margin-top:8px}.elementor-widget-text-editor:not(.elementor-drop-cap-view-default) .elementor-drop-cap-letter{width:1em;height:1em}.elementor-widget-text-editor .elementor-drop-cap{float:left;text-align:center;line-height:1;font-size:50px}.elementor-widget-text-editor .elementor-drop-cap-letter{display:inline-block}</style>				<p><b></b><b><span lang="ES" style="font-size: 14.0pt; mso-ansi-language: ES;"><strong>Jean Dominique Estradère (20/03/1833 Bagnères-de-Luchon &#8211; 1919)</strong></span></b></p>						</div>
				</div>
					</div>
		</div>
							</div>
		</section>
				<section class="elementor-section elementor-top-section elementor-element elementor-element-640f72d elementor-section-boxed elementor-section-height-default elementor-section-height-default" data-id="640f72d" data-element_type="section">
						<div class="elementor-container elementor-column-gap-default">
					<div class="elementor-column elementor-col-100 elementor-top-column elementor-element elementor-element-f699350" data-id="f699350" data-element_type="column">
			<div class="elementor-widget-wrap elementor-element-populated">
								<div class="elementor-element elementor-element-3405afa elementor-widget elementor-widget-text-editor" data-id="3405afa" data-element_type="widget" data-widget_type="text-editor.default">
				<div class="elementor-widget-container">
							<p>Médecin à l&#8217;Etablissement Thermal de Luchon puis à l&#8217;Hôpital des Enfants Malades de Paris, Initiateur de la technique du massage</p>						</div>
				</div>
					</div>
		</div>
							</div>
		</section>
				<section class="elementor-section elementor-top-section elementor-element elementor-element-d2728ee elementor-section-boxed elementor-section-height-default elementor-section-height-default" data-id="d2728ee" data-element_type="section">
						<div class="elementor-container elementor-column-gap-default">
					<div class="elementor-column elementor-col-100 elementor-top-column elementor-element elementor-element-0692ce6" data-id="0692ce6" data-element_type="column">
			<div class="elementor-widget-wrap elementor-element-populated">
								<div class="elementor-element elementor-element-eaa3f50 elementor-widget elementor-widget-text-editor" data-id="eaa3f50" data-element_type="widget" data-widget_type="text-editor.default">
				<div class="elementor-widget-container">
							<p>Jean-Dominique Estradère était docteur en médecine de formation. Il s’installa comme médecin de l’Etablissement thermal de Luchon. Dans un livre paru en 1863 puis réédité en 1884, il décrivit les différentes techniques de massage qu’il a développé auprès des curistes. C’est le premier livre qui introduit le mot &#8220;massage&#8221; comme une technique médicale. Aujourd’hui encore, son livre reste une référence auprès des masseurs-kinésithérapeutes.</p><p>Il s’intéressa aux transpyrénéens en remettant en cause les conclusions de l’ingénieur Eugène Decomble sur la réalisation de deux transpyrénéens par la vallée du Salat et la vallée du Roncal ou la vallée d&#8217;Aspe. Il suggéra un seul transpyrénéen plus central passant par la vallée de la Pique et la vallée de l&#8217;Eresa et par la réalisation d’un tunnel de 13km entre Luchon et Monzon. Il estimait qu’un transpyrénéen par la vallée du Roncal ou la vallée d&#8217;Aspe serait trop proche du chemin de fer atlantique pour obtenir un revenu appréciable et que cette dernière ligne serait toujours privilégiée pour le trafic vers l&#8217;Espagne occidentale et le Portugal.</p><p>Son intuition sur la proximité entre la ligne de Canfranc et le corridor atlantique reste toujours d’actualité et en le paraphrasant, l’on pourrait toujours se dire que &#8220;la ligne Pau &#8211; Canfranc &#8211; Saragosse est toujours d&#8217;un intérêt précaire et nous demandons à nos politiciens locaux quel est le mobile qui oblige les deux nations à réhabiliter un chemin de fer, si voisin du corridor Atlantique, dont le coût serait de plus de 450M€.&#8221;</p>						</div>
				</div>
					</div>
		</div>
							</div>
		</section>
				<section class="elementor-section elementor-top-section elementor-element elementor-element-6d0e4c57 elementor-section-boxed elementor-section-height-default elementor-section-height-default" data-id="6d0e4c57" data-element_type="section">
						<div class="elementor-container elementor-column-gap-default">
					<div class="elementor-column elementor-col-100 elementor-top-column elementor-element elementor-element-b2955c0" data-id="b2955c0" data-element_type="column">
			<div class="elementor-widget-wrap">
									</div>
		</div>
							</div>
		</section>
				<section class="elementor-section elementor-top-section elementor-element elementor-element-e3cd3ee elementor-section-boxed elementor-section-height-default elementor-section-height-default" data-id="e3cd3ee" data-element_type="section">
						<div class="elementor-container elementor-column-gap-default">
					<div class="elementor-column elementor-col-50 elementor-top-column elementor-element elementor-element-78cb47a4" data-id="78cb47a4" data-element_type="column">
			<div class="elementor-widget-wrap elementor-element-populated">
								<div class="elementor-element elementor-element-cd45a83 elementor-button-success elementor-align-center elementor-widget elementor-widget-button" data-id="cd45a83" data-element_type="widget" data-widget_type="button.default">
				<div class="elementor-widget-container">
					<div class="elementor-button-wrapper">
			<a href="https://croc-aspe.com/?page_id=1336" class="elementor-button-link elementor-button elementor-size-sm" role="button">
						<span class="elementor-button-content-wrapper">
						<span class="elementor-button-text">Quelques citations de Jean Dominique Estradère</span>
		</span>
					</a>
		</div>
				</div>
				</div>
					</div>
		</div>
				<div class="elementor-column elementor-col-50 elementor-top-column elementor-element elementor-element-6154b89f" data-id="6154b89f" data-element_type="column">
			<div class="elementor-widget-wrap elementor-element-populated">
								<div class="elementor-element elementor-element-a6514ba elementor-align-center elementor-widget elementor-widget-button" data-id="a6514ba" data-element_type="widget" data-widget_type="button.default">
				<div class="elementor-widget-container">
					<div class="elementor-button-wrapper">
			<a href="https://croc-aspe.com/?page_id=3952" class="elementor-button-link elementor-button elementor-size-sm" role="button">
						<span class="elementor-button-content-wrapper">
						<span class="elementor-button-text">Retour aux personnages</span>
		</span>
					</a>
		</div>
				</div>
				</div>
					</div>
		</div>
							</div>
		</section>
						</div>
					</div>

<p>Jean Dominique Estradère (20/03/1833 Bagnères-de-Luchon &#8211; 1919) Médecin à l&#8217;Etablissement Thermal de Luchon puis à l&#8217;Hôpital des Enfants Malades de Paris, Initiateur de la technique du massage Jean-Dominique Estradère était docteur en médecine de formation. Il s’installa comme médecin de l’Etablissement thermal de Luchon. Dans un livre paru en 1863 puis réédité en 1884, il &hellip;</p>
<p class="read-more"> <a class="" href="https://croc-aspe.com/?page_id=1331"> <span class="screen-reader-text">Biographie Jean Dominique Estradère</span> Read More &raquo;</a></p>
