{"id":1265,"date":"2022-02-20T14:07:03","date_gmt":"2022-02-20T14:07:03","guid":{"rendered":"https:\/\/croc-aspe.com\/?page_id=1265"},"modified":"2022-06-05T04:51:27","modified_gmt":"2022-06-05T04:51:27","slug":"biographie-charles-joseph-colomes-de-juillan","status":"publish","type":"page","link":"https:\/\/croc-aspe.com\/?page_id=1265","title":{"rendered":"Biographie Charles Joseph Colom\u00e8s de Juillan"},"content":{"rendered":"\t\t<div data-elementor-type=\"wp-page\" data-elementor-id=\"1265\" class=\"elementor elementor-1265\" data-elementor-settings=\"[]\">\n\t\t\t\t\t\t\t<div class=\"elementor-section-wrap\">\n\t\t\t\t\t\t\t<section class=\"elementor-section elementor-top-section elementor-element elementor-element-58ae5312 elementor-section-boxed elementor-section-height-default elementor-section-height-default\" data-id=\"58ae5312\" data-element_type=\"section\">\n\t\t\t\t\t\t<div class=\"elementor-container elementor-column-gap-default\">\n\t\t\t\t\t<div class=\"elementor-column elementor-col-100 elementor-top-column elementor-element elementor-element-4dcfe8e4\" data-id=\"4dcfe8e4\" data-element_type=\"column\">\n\t\t\t<div class=\"elementor-widget-wrap elementor-element-populated\">\n\t\t\t\t\t\t\t\t<div class=\"elementor-element elementor-element-1c74e724 elementor-widget elementor-widget-text-editor\" data-id=\"1c74e724\" data-element_type=\"widget\" data-widget_type=\"text-editor.default\">\n\t\t\t\t<div class=\"elementor-widget-container\">\n\t\t\t<style>\/*! elementor - v3.5.5 - 03-02-2022 *\/\n.elementor-widget-text-editor.elementor-drop-cap-view-stacked .elementor-drop-cap{background-color:#818a91;color:#fff}.elementor-widget-text-editor.elementor-drop-cap-view-framed .elementor-drop-cap{color:#818a91;border:3px solid;background-color:transparent}.elementor-widget-text-editor:not(.elementor-drop-cap-view-default) .elementor-drop-cap{margin-top:8px}.elementor-widget-text-editor:not(.elementor-drop-cap-view-default) .elementor-drop-cap-letter{width:1em;height:1em}.elementor-widget-text-editor .elementor-drop-cap{float:left;text-align:center;line-height:1;font-size:50px}.elementor-widget-text-editor .elementor-drop-cap-letter{display:inline-block}<\/style>\t\t\t\t<p><b><\/b><b><span lang=\"ES\" style=\"font-size: 14.0pt; mso-ansi-language: ES;\"><strong>Charles Joseph Colom\u00e8s de Juillan (22\/09\/1799 Tarbes &#8211; 09\/04\/1870 Tarbes)<\/strong><\/span><\/b><\/p>\t\t\t\t\t\t<\/div>\n\t\t\t\t<\/div>\n\t\t\t\t\t<\/div>\n\t\t<\/div>\n\t\t\t\t\t\t\t<\/div>\n\t\t<\/section>\n\t\t\t\t<section class=\"elementor-section elementor-top-section elementor-element elementor-element-73cecb4 elementor-section-boxed elementor-section-height-default elementor-section-height-default\" data-id=\"73cecb4\" data-element_type=\"section\">\n\t\t\t\t\t\t<div class=\"elementor-container elementor-column-gap-default\">\n\t\t\t\t\t<div class=\"elementor-column elementor-col-100 elementor-top-column elementor-element elementor-element-a17ddb7\" data-id=\"a17ddb7\" data-element_type=\"column\">\n\t\t\t<div class=\"elementor-widget-wrap elementor-element-populated\">\n\t\t\t\t\t\t\t\t<div class=\"elementor-element elementor-element-c181648 elementor-widget elementor-widget-text-editor\" data-id=\"c181648\" data-element_type=\"widget\" data-widget_type=\"text-editor.default\">\n\t\t\t\t<div class=\"elementor-widget-container\">\n\t\t\t\t\t\t\t<p>Polytechnicien, Ing\u00e9nieur en chef des Ponts et Chauss\u00e9es, D\u00e9put\u00e9 des Hautes-Pyr\u00e9n\u00e9es de 1831 \u00e0 1842, Officier de la L\u00e9gion d\u2019Honneur<\/p>\t\t\t\t\t\t<\/div>\n\t\t\t\t<\/div>\n\t\t\t\t\t<\/div>\n\t\t<\/div>\n\t\t\t\t\t\t\t<\/div>\n\t\t<\/section>\n\t\t\t\t<section class=\"elementor-section elementor-top-section elementor-element elementor-element-44738bf elementor-section-boxed elementor-section-height-default elementor-section-height-default\" data-id=\"44738bf\" data-element_type=\"section\">\n\t\t\t\t\t\t<div class=\"elementor-container elementor-column-gap-default\">\n\t\t\t\t\t<div class=\"elementor-column elementor-col-100 elementor-top-column elementor-element elementor-element-309576d\" data-id=\"309576d\" data-element_type=\"column\">\n\t\t\t<div class=\"elementor-widget-wrap elementor-element-populated\">\n\t\t\t\t\t\t\t\t<div class=\"elementor-element elementor-element-511b5df elementor-widget elementor-widget-text-editor\" data-id=\"511b5df\" data-element_type=\"widget\" data-widget_type=\"text-editor.default\">\n\t\t\t\t<div class=\"elementor-widget-container\">\n\t\t\t\t\t\t\t<p>Ing\u00e9nieur, Charles-Joseph Colom\u00e8s de Juillan sera \u00e0 l\u2019origine de nombreuses r\u00e9alisations des lignes ferroviaires de la Compagnie du Midi. Il f\u00fbt le premier en 1841 \u00e0 proposer un passage par les Pyr\u00e9n\u00e9es pour joindre la France et l\u2019Espagne. Il \u00e9tudia tous les franchissements possibles des Pyr\u00e9n\u00e9es pour cr\u00e9er un chemin de fer de Paris \u00e0 Madrid. Il consid\u00e9rait le passage par Lourdes, Gavarnie, un tunnel au niveau du port de Marbor\u00e9 puis Fiscal comme le trajet \u00e0 privil\u00e9gier. Il pensait que le passage par Canfranc serait d&#8217;utilit\u00e9 locale uniquement, car la r\u00e9alisation du trajet de Canfranc \u00e0 Huesca serait complexe car compos\u00e9 de trois travers\u00e9es difficiles : le col du Somport, la pe\u00f1a d&#8217;Oroel, la pe\u00f1a de Pequere.<\/p><p>L\u2019avenir lui donnera raison puisque la ligne de Canfranc \u00e0 Huesca \u00e9vitera les travers\u00e9es par la pe\u00f1a d&#8217;Oroel et la pe\u00f1a de Pequere pour faire de nombreux tours et d\u00e9tours par Sabi\u00f1anigo, la vall\u00e9e du Gallego puis Ayerbe. C\u2019est pourquoi, aujourd\u2019hui encore, le trajet de Canfranc \u00e0 Huesca est long, sinueux et peu favorable \u00e0 de la vitesse \u00e9lev\u00e9e, ce qui en fait une ligne peu propice \u00e0 un trafic moderne et performant.<\/p>\t\t\t\t\t\t<\/div>\n\t\t\t\t<\/div>\n\t\t\t\t\t<\/div>\n\t\t<\/div>\n\t\t\t\t\t\t\t<\/div>\n\t\t<\/section>\n\t\t\t\t<section class=\"elementor-section elementor-top-section elementor-element elementor-element-5a54831 elementor-section-boxed elementor-section-height-default elementor-section-height-default\" data-id=\"5a54831\" data-element_type=\"section\">\n\t\t\t\t\t\t<div class=\"elementor-container elementor-column-gap-default\">\n\t\t\t\t\t<div class=\"elementor-column elementor-col-100 elementor-top-column elementor-element elementor-element-aefaaf3\" data-id=\"aefaaf3\" data-element_type=\"column\">\n\t\t\t<div class=\"elementor-widget-wrap\">\n\t\t\t\t\t\t\t\t\t<\/div>\n\t\t<\/div>\n\t\t\t\t\t\t\t<\/div>\n\t\t<\/section>\n\t\t\t\t<section class=\"elementor-section elementor-top-section elementor-element elementor-element-35d4184b elementor-section-boxed elementor-section-height-default elementor-section-height-default\" data-id=\"35d4184b\" data-element_type=\"section\">\n\t\t\t\t\t\t<div class=\"elementor-container elementor-column-gap-default\">\n\t\t\t\t\t<div class=\"elementor-column elementor-col-50 elementor-top-column elementor-element elementor-element-19dd4344\" data-id=\"19dd4344\" data-element_type=\"column\">\n\t\t\t<div class=\"elementor-widget-wrap elementor-element-populated\">\n\t\t\t\t\t\t\t\t<div class=\"elementor-element elementor-element-382f7ff7 elementor-button-success elementor-align-center elementor-widget elementor-widget-button\" data-id=\"382f7ff7\" data-element_type=\"widget\" data-widget_type=\"button.default\">\n\t\t\t\t<div class=\"elementor-widget-container\">\n\t\t\t\t\t<div class=\"elementor-button-wrapper\">\n\t\t\t<a href=\"https:\/\/croc-aspe.com\/?page_id=1270\" class=\"elementor-button-link elementor-button elementor-size-sm\" role=\"button\">\n\t\t\t\t\t\t<span class=\"elementor-button-content-wrapper\">\n\t\t\t\t\t\t<span class=\"elementor-button-text\">Quelques citations de Charles Colom\u00e8s de Juillan<\/span>\n\t\t<\/span>\n\t\t\t\t\t<\/a>\n\t\t<\/div>\n\t\t\t\t<\/div>\n\t\t\t\t<\/div>\n\t\t\t\t\t<\/div>\n\t\t<\/div>\n\t\t\t\t<div class=\"elementor-column elementor-col-50 elementor-top-column elementor-element elementor-element-651d7964\" data-id=\"651d7964\" data-element_type=\"column\">\n\t\t\t<div class=\"elementor-widget-wrap elementor-element-populated\">\n\t\t\t\t\t\t\t\t<div class=\"elementor-element elementor-element-4297c07d elementor-align-center elementor-widget elementor-widget-button\" data-id=\"4297c07d\" data-element_type=\"widget\" data-widget_type=\"button.default\">\n\t\t\t\t<div class=\"elementor-widget-container\">\n\t\t\t\t\t<div class=\"elementor-button-wrapper\">\n\t\t\t<a href=\"https:\/\/croc-aspe.com\/?page_id=3930\" class=\"elementor-button-link elementor-button elementor-size-sm\" role=\"button\">\n\t\t\t\t\t\t<span class=\"elementor-button-content-wrapper\">\n\t\t\t\t\t\t<span class=\"elementor-button-text\">Retour aux personnages<\/span>\n\t\t<\/span>\n\t\t\t\t\t<\/a>\n\t\t<\/div>\n\t\t\t\t<\/div>\n\t\t\t\t<\/div>\n\t\t\t\t\t<\/div>\n\t\t<\/div>\n\t\t\t\t\t\t\t<\/div>\n\t\t<\/section>\n\t\t\t\t\t\t<\/div>\n\t\t\t\t\t<\/div>\n\t\t","protected":false},"excerpt":{"rendered":"<p>Charles Joseph Colom\u00e8s de Juillan (22\/09\/1799 Tarbes &#8211; 09\/04\/1870 Tarbes) Polytechnicien, Ing\u00e9nieur en chef des Ponts et Chauss\u00e9es, D\u00e9put\u00e9 des Hautes-Pyr\u00e9n\u00e9es de 1831 \u00e0 1842, Officier de la L\u00e9gion d\u2019Honneur Ing\u00e9nieur, Charles-Joseph Colom\u00e8s de Juillan sera \u00e0 l\u2019origine de nombreuses r\u00e9alisations des lignes ferroviaires de la Compagnie du Midi. Il f\u00fbt le premier en 1841 &hellip;<\/p>\n<p class=\"read-more\"> <a class=\"\" href=\"https:\/\/croc-aspe.com\/?page_id=1265\"> <span class=\"screen-reader-text\">Biographie Charles Joseph Colom\u00e8s de Juillan<\/span> Read More &raquo;<\/a><\/p>\n","protected":false},"author":1,"featured_media":0,"parent":0,"menu_order":0,"comment_status":"closed","ping_status":"closed","template":"","meta":{"om_disable_all_campaigns":false,"_monsterinsights_skip_tracking":false,"_monsterinsights_sitenote_active":false,"_monsterinsights_sitenote_note":"","_monsterinsights_sitenote_category":0,"site-sidebar-layout":"no-sidebar","site-content-layout":"page-builder","ast-main-header-display":"","ast-hfb-above-header-display":"","ast-hfb-below-header-display":"","ast-hfb-mobile-header-display":"","site-post-title":"disabled","ast-breadcrumbs-content":"","ast-featured-img":"disabled","footer-sml-layout":"","theme-transparent-header-meta":"","adv-header-id-meta":"","stick-header-meta":"","header-above-stick-meta":"","header-main-stick-meta":"","header-below-stick-meta":"","footnotes":""},"class_list":["post-1265","page","type-page","status-publish","hentry"],"_links":{"self":[{"href":"https:\/\/croc-aspe.com\/index.php?rest_route=\/wp\/v2\/pages\/1265","targetHints":{"allow":["GET"]}}],"collection":[{"href":"https:\/\/croc-aspe.com\/index.php?rest_route=\/wp\/v2\/pages"}],"about":[{"href":"https:\/\/croc-aspe.com\/index.php?rest_route=\/wp\/v2\/types\/page"}],"author":[{"embeddable":true,"href":"https:\/\/croc-aspe.com\/index.php?rest_route=\/wp\/v2\/users\/1"}],"replies":[{"embeddable":true,"href":"https:\/\/croc-aspe.com\/index.php?rest_route=%2Fwp%2Fv2%2Fcomments&post=1265"}],"version-history":[{"count":26,"href":"https:\/\/croc-aspe.com\/index.php?rest_route=\/wp\/v2\/pages\/1265\/revisions"}],"predecessor-version":[{"id":4009,"href":"https:\/\/croc-aspe.com\/index.php?rest_route=\/wp\/v2\/pages\/1265\/revisions\/4009"}],"wp:attachment":[{"href":"https:\/\/croc-aspe.com\/index.php?rest_route=%2Fwp%2Fv2%2Fmedia&parent=1265"}],"curies":[{"name":"wp","href":"https:\/\/api.w.org\/{rel}","templated":true}]}}

Biographie Charles Joseph Colomès de Juillan

<div data-elementor-type="wp-page" data-elementor-id="1265" class="elementor elementor-1265" data-elementor-settings="[]">
							<div class="elementor-section-wrap">
							<section class="elementor-section elementor-top-section elementor-element elementor-element-58ae5312 elementor-section-boxed elementor-section-height-default elementor-section-height-default" data-id="58ae5312" data-element_type="section">
						<div class="elementor-container elementor-column-gap-default">
					<div class="elementor-column elementor-col-100 elementor-top-column elementor-element elementor-element-4dcfe8e4" data-id="4dcfe8e4" data-element_type="column">
			<div class="elementor-widget-wrap elementor-element-populated">
								<div class="elementor-element elementor-element-1c74e724 elementor-widget elementor-widget-text-editor" data-id="1c74e724" data-element_type="widget" data-widget_type="text-editor.default">
				<div class="elementor-widget-container">
			<style>/*! elementor - v3.5.5 - 03-02-2022 */
.elementor-widget-text-editor.elementor-drop-cap-view-stacked .elementor-drop-cap{background-color:#818a91;color:#fff}.elementor-widget-text-editor.elementor-drop-cap-view-framed .elementor-drop-cap{color:#818a91;border:3px solid;background-color:transparent}.elementor-widget-text-editor:not(.elementor-drop-cap-view-default) .elementor-drop-cap{margin-top:8px}.elementor-widget-text-editor:not(.elementor-drop-cap-view-default) .elementor-drop-cap-letter{width:1em;height:1em}.elementor-widget-text-editor .elementor-drop-cap{float:left;text-align:center;line-height:1;font-size:50px}.elementor-widget-text-editor .elementor-drop-cap-letter{display:inline-block}</style>				<p><b></b><b><span lang="ES" style="font-size: 14.0pt; mso-ansi-language: ES;"><strong>Charles Joseph Colomès de Juillan (22/09/1799 Tarbes &#8211; 09/04/1870 Tarbes)</strong></span></b></p>						</div>
				</div>
					</div>
		</div>
							</div>
		</section>
				<section class="elementor-section elementor-top-section elementor-element elementor-element-73cecb4 elementor-section-boxed elementor-section-height-default elementor-section-height-default" data-id="73cecb4" data-element_type="section">
						<div class="elementor-container elementor-column-gap-default">
					<div class="elementor-column elementor-col-100 elementor-top-column elementor-element elementor-element-a17ddb7" data-id="a17ddb7" data-element_type="column">
			<div class="elementor-widget-wrap elementor-element-populated">
								<div class="elementor-element elementor-element-c181648 elementor-widget elementor-widget-text-editor" data-id="c181648" data-element_type="widget" data-widget_type="text-editor.default">
				<div class="elementor-widget-container">
							<p>Polytechnicien, Ingénieur en chef des Ponts et Chaussées, Député des Hautes-Pyrénées de 1831 à 1842, Officier de la Légion d’Honneur</p>						</div>
				</div>
					</div>
		</div>
							</div>
		</section>
				<section class="elementor-section elementor-top-section elementor-element elementor-element-44738bf elementor-section-boxed elementor-section-height-default elementor-section-height-default" data-id="44738bf" data-element_type="section">
						<div class="elementor-container elementor-column-gap-default">
					<div class="elementor-column elementor-col-100 elementor-top-column elementor-element elementor-element-309576d" data-id="309576d" data-element_type="column">
			<div class="elementor-widget-wrap elementor-element-populated">
								<div class="elementor-element elementor-element-511b5df elementor-widget elementor-widget-text-editor" data-id="511b5df" data-element_type="widget" data-widget_type="text-editor.default">
				<div class="elementor-widget-container">
							<p>Ingénieur, Charles-Joseph Colomès de Juillan sera à l’origine de nombreuses réalisations des lignes ferroviaires de la Compagnie du Midi. Il fût le premier en 1841 à proposer un passage par les Pyrénées pour joindre la France et l’Espagne. Il étudia tous les franchissements possibles des Pyrénées pour créer un chemin de fer de Paris à Madrid. Il considérait le passage par Lourdes, Gavarnie, un tunnel au niveau du port de Marboré puis Fiscal comme le trajet à privilégier. Il pensait que le passage par Canfranc serait d&#8217;utilité locale uniquement, car la réalisation du trajet de Canfranc à Huesca serait complexe car composé de trois traversées difficiles : le col du Somport, la peña d&#8217;Oroel, la peña de Pequere.</p><p>L’avenir lui donnera raison puisque la ligne de Canfranc à Huesca évitera les traversées par la peña d&#8217;Oroel et la peña de Pequere pour faire de nombreux tours et détours par Sabiñanigo, la vallée du Gallego puis Ayerbe. C’est pourquoi, aujourd’hui encore, le trajet de Canfranc à Huesca est long, sinueux et peu favorable à de la vitesse élevée, ce qui en fait une ligne peu propice à un trafic moderne et performant.</p>						</div>
				</div>
					</div>
		</div>
							</div>
		</section>
				<section class="elementor-section elementor-top-section elementor-element elementor-element-5a54831 elementor-section-boxed elementor-section-height-default elementor-section-height-default" data-id="5a54831" data-element_type="section">
						<div class="elementor-container elementor-column-gap-default">
					<div class="elementor-column elementor-col-100 elementor-top-column elementor-element elementor-element-aefaaf3" data-id="aefaaf3" data-element_type="column">
			<div class="elementor-widget-wrap">
									</div>
		</div>
							</div>
		</section>
				<section class="elementor-section elementor-top-section elementor-element elementor-element-35d4184b elementor-section-boxed elementor-section-height-default elementor-section-height-default" data-id="35d4184b" data-element_type="section">
						<div class="elementor-container elementor-column-gap-default">
					<div class="elementor-column elementor-col-50 elementor-top-column elementor-element elementor-element-19dd4344" data-id="19dd4344" data-element_type="column">
			<div class="elementor-widget-wrap elementor-element-populated">
								<div class="elementor-element elementor-element-382f7ff7 elementor-button-success elementor-align-center elementor-widget elementor-widget-button" data-id="382f7ff7" data-element_type="widget" data-widget_type="button.default">
				<div class="elementor-widget-container">
					<div class="elementor-button-wrapper">
			<a href="https://croc-aspe.com/?page_id=1270" class="elementor-button-link elementor-button elementor-size-sm" role="button">
						<span class="elementor-button-content-wrapper">
						<span class="elementor-button-text">Quelques citations de Charles Colomès de Juillan</span>
		</span>
					</a>
		</div>
				</div>
				</div>
					</div>
		</div>
				<div class="elementor-column elementor-col-50 elementor-top-column elementor-element elementor-element-651d7964" data-id="651d7964" data-element_type="column">
			<div class="elementor-widget-wrap elementor-element-populated">
								<div class="elementor-element elementor-element-4297c07d elementor-align-center elementor-widget elementor-widget-button" data-id="4297c07d" data-element_type="widget" data-widget_type="button.default">
				<div class="elementor-widget-container">
					<div class="elementor-button-wrapper">
			<a href="https://croc-aspe.com/?page_id=3930" class="elementor-button-link elementor-button elementor-size-sm" role="button">
						<span class="elementor-button-content-wrapper">
						<span class="elementor-button-text">Retour aux personnages</span>
		</span>
					</a>
		</div>
				</div>
				</div>
					</div>
		</div>
							</div>
		</section>
						</div>
					</div>

<p>Charles Joseph Colomès de Juillan (22/09/1799 Tarbes &#8211; 09/04/1870 Tarbes) Polytechnicien, Ingénieur en chef des Ponts et Chaussées, Député des Hautes-Pyrénées de 1831 à 1842, Officier de la Légion d’Honneur Ingénieur, Charles-Joseph Colomès de Juillan sera à l’origine de nombreuses réalisations des lignes ferroviaires de la Compagnie du Midi. Il fût le premier en 1841 &hellip;</p>
<p class="read-more"> <a class="" href="https://croc-aspe.com/?page_id=1265"> <span class="screen-reader-text">Biographie Charles Joseph Colomès de Juillan</span> Read More &raquo;</a></p>
