{"id":1239,"date":"2022-02-20T13:51:24","date_gmt":"2022-02-20T13:51:24","guid":{"rendered":"https:\/\/croc-aspe.com\/?page_id=1239"},"modified":"2022-06-05T04:52:24","modified_gmt":"2022-06-05T04:52:24","slug":"biographie-du-dr-auguste-bordes-pages","status":"publish","type":"page","link":"https:\/\/croc-aspe.com\/?page_id=1239","title":{"rendered":"Biographie Dr Auguste Bordes-Pag\u00e8s"},"content":{"rendered":"\t\t<div data-elementor-type=\"wp-page\" data-elementor-id=\"1239\" class=\"elementor elementor-1239\" data-elementor-settings=\"[]\">\n\t\t\t\t\t\t\t<div class=\"elementor-section-wrap\">\n\t\t\t\t\t\t\t<section class=\"elementor-section elementor-top-section elementor-element elementor-element-3ef9c893 elementor-section-boxed elementor-section-height-default elementor-section-height-default\" data-id=\"3ef9c893\" data-element_type=\"section\">\n\t\t\t\t\t\t<div class=\"elementor-container elementor-column-gap-default\">\n\t\t\t\t\t<div class=\"elementor-column elementor-col-100 elementor-top-column elementor-element elementor-element-38474c13\" data-id=\"38474c13\" data-element_type=\"column\">\n\t\t\t<div class=\"elementor-widget-wrap elementor-element-populated\">\n\t\t\t\t\t\t\t\t<div class=\"elementor-element elementor-element-12cfb8a7 elementor-widget elementor-widget-text-editor\" data-id=\"12cfb8a7\" data-element_type=\"widget\" data-widget_type=\"text-editor.default\">\n\t\t\t\t<div class=\"elementor-widget-container\">\n\t\t\t<style>\/*! elementor - v3.5.5 - 03-02-2022 *\/\n.elementor-widget-text-editor.elementor-drop-cap-view-stacked .elementor-drop-cap{background-color:#818a91;color:#fff}.elementor-widget-text-editor.elementor-drop-cap-view-framed .elementor-drop-cap{color:#818a91;border:3px solid;background-color:transparent}.elementor-widget-text-editor:not(.elementor-drop-cap-view-default) .elementor-drop-cap{margin-top:8px}.elementor-widget-text-editor:not(.elementor-drop-cap-view-default) .elementor-drop-cap-letter{width:1em;height:1em}.elementor-widget-text-editor .elementor-drop-cap{float:left;text-align:center;line-height:1;font-size:50px}.elementor-widget-text-editor .elementor-drop-cap-letter{display:inline-block}<\/style>\t\t\t\t<p><b><\/b><b><span lang=\"ES\" style=\"font-size: 14.0pt; mso-ansi-language: ES;\"><strong>Dr Auguste Bordes-Pag\u00e8s (20\/05\/1815 Seix &#8211; 19\/07\/1897 Seix)<\/strong><\/span><\/b><\/p>\t\t\t\t\t\t<\/div>\n\t\t\t\t<\/div>\n\t\t\t\t\t<\/div>\n\t\t<\/div>\n\t\t\t\t\t\t\t<\/div>\n\t\t<\/section>\n\t\t\t\t<section class=\"elementor-section elementor-top-section elementor-element elementor-element-e926dcd elementor-section-boxed elementor-section-height-default elementor-section-height-default\" data-id=\"e926dcd\" data-element_type=\"section\">\n\t\t\t\t\t\t<div class=\"elementor-container elementor-column-gap-default\">\n\t\t\t\t\t<div class=\"elementor-column elementor-col-100 elementor-top-column elementor-element elementor-element-c561075\" data-id=\"c561075\" data-element_type=\"column\">\n\t\t\t<div class=\"elementor-widget-wrap elementor-element-populated\">\n\t\t\t\t\t\t\t\t<div class=\"elementor-element elementor-element-56937dc elementor-widget elementor-widget-text-editor\" data-id=\"56937dc\" data-element_type=\"widget\" data-widget_type=\"text-editor.default\">\n\t\t\t\t<div class=\"elementor-widget-container\">\n\t\t\t\t\t\t\t<p>M\u00e9decin, Maire de Seix de 1877 \u00e0 1897, S\u00e9nateur de l&#8217;Ari\u00e8ge de 1890 \u00e0 1894<\/p>\t\t\t\t\t\t<\/div>\n\t\t\t\t<\/div>\n\t\t\t\t\t<\/div>\n\t\t<\/div>\n\t\t\t\t\t\t\t<\/div>\n\t\t<\/section>\n\t\t\t\t<section class=\"elementor-section elementor-top-section elementor-element elementor-element-8353471 elementor-section-boxed elementor-section-height-default elementor-section-height-default\" data-id=\"8353471\" data-element_type=\"section\">\n\t\t\t\t\t\t<div class=\"elementor-container elementor-column-gap-default\">\n\t\t\t\t\t<div class=\"elementor-column elementor-col-100 elementor-top-column elementor-element elementor-element-ded6104\" data-id=\"ded6104\" data-element_type=\"column\">\n\t\t\t<div class=\"elementor-widget-wrap elementor-element-populated\">\n\t\t\t\t\t\t\t\t<div class=\"elementor-element elementor-element-7d1ba7b elementor-widget elementor-widget-text-editor\" data-id=\"7d1ba7b\" data-element_type=\"widget\" data-widget_type=\"text-editor.default\">\n\t\t\t\t<div class=\"elementor-widget-container\">\n\t\t\t\t\t\t\t<p>M\u00e9decin \u00e0 Seix, le Dr Auguste Bordes-Pag\u00e8s sera \u00e0 l\u2019origine de la cr\u00e9ation de la station thermale d\u2019Aulus en 1849. Il n\u2019h\u00e9sita pas \u00e0 soigner gratuitement les plus pauvres et son attitude durant l\u2019\u00e9pid\u00e9mie de chol\u00e9ra de 1854 fut appr\u00e9ci\u00e9e \u00e0 sa juste valeur.<\/p><p>D\u00e8s son installation \u00e0 Seix, il entreprit diff\u00e9rentes d\u00e9marches afin de faire r\u00e9aliser des routes carrossables permettant de relier les diff\u00e9rents villages de la vall\u00e9e du Salat. D\u00e8s les ann\u00e9es 1840, il \u00e9mit l\u2019id\u00e9e de percer les Pyr\u00e9n\u00e9es par un tunnel de 3 \u00e0 4km reliant les routes de France et d\u2019Espagne. Son projet prit forme et il utilisa la presse de l\u2019\u00e9poque pour le faire conna\u00eetre en publiant de nombreux articles et en faisant signer des p\u00e9titions \u00e0 ses concitoyens ari\u00e9geois. Puis de 1854 \u00e0 1859, il contacta l\u2019Empereur Napol\u00e9on III \u00e0 plusieurs reprises afin de lui sugg\u00e9rer de faire directement passer une voie ferr\u00e9e par ce tunnel. Pour cela, il n\u2019h\u00e9sita pas \u00e0 s\u2019appuyer sur l\u2019Imp\u00e9ratrice Eug\u00e9nie, d\u2019origine espagnole, pour faciliter ses demandes. Il fut ainsi l\u2019un des premiers \u00e0 \u00e9mettre cette id\u00e9e d\u2019une travers\u00e9e des Pyr\u00e9n\u00e9es Centrales par un tunnel et une voie de chemin de fer. Ses d\u00e9marches aboutirent et c\u2019est de ce fait que les toutes premi\u00e8res \u00e9tudes du percement des Pyr\u00e9n\u00e9es Centrales furent lanc\u00e9es en 1860 suivies, \u00e0 partir de 1866, des \u00e9tudes de l\u2019ing\u00e9nieur Eug\u00e8ne Decomble qui proposa une liaison de Toulouse \u00e0 L\u00e9rida par un tunnel situ\u00e9 au niveau du col du Salau.<\/p><p>Le Dr Bordes-Pag\u00e8s nous laisse de tr\u00e8s nombreux articles \u00e9crits dans la presse locale et nationale autant en France qu\u2019en Espagne, des brochures, des m\u00e9moires, des rapports, des expos\u00e9es, des conf\u00e9rences, des lettres \u00e9crites directement aux ministres montrant qu\u2019il fut durant plus de cinquante ann\u00e9es un d\u00e9fenseur acharn\u00e9 du transpyr\u00e9n\u00e9en par la ligne centrale passant par la vall\u00e9e du Salat, le col de Salau et la vall\u00e9e du Noguera-Pallaresa. L\u2019Histoire fut cruelle avec lui, puisqu\u2019il ne verra jamais son r\u00eave se concr\u00e9tiser, \u00e0 moins qu\u2019une future travers\u00e9e centrale des Pyr\u00e9n\u00e9es ne lui rende justice deux si\u00e8cles plus tard.<\/p>\t\t\t\t\t\t<\/div>\n\t\t\t\t<\/div>\n\t\t\t\t\t<\/div>\n\t\t<\/div>\n\t\t\t\t\t\t\t<\/div>\n\t\t<\/section>\n\t\t\t\t<section class=\"elementor-section elementor-top-section elementor-element elementor-element-5d90c930 elementor-section-boxed elementor-section-height-default elementor-section-height-default\" data-id=\"5d90c930\" data-element_type=\"section\">\n\t\t\t\t\t\t<div class=\"elementor-container elementor-column-gap-default\">\n\t\t\t\t\t<div class=\"elementor-column elementor-col-100 elementor-top-column elementor-element elementor-element-c6b2961\" data-id=\"c6b2961\" data-element_type=\"column\">\n\t\t\t<div class=\"elementor-widget-wrap\">\n\t\t\t\t\t\t\t\t\t<\/div>\n\t\t<\/div>\n\t\t\t\t\t\t\t<\/div>\n\t\t<\/section>\n\t\t\t\t<section class=\"elementor-section elementor-top-section elementor-element elementor-element-74a2cf93 elementor-section-boxed elementor-section-height-default elementor-section-height-default\" data-id=\"74a2cf93\" data-element_type=\"section\">\n\t\t\t\t\t\t<div class=\"elementor-container elementor-column-gap-default\">\n\t\t\t\t\t<div class=\"elementor-column elementor-col-50 elementor-top-column elementor-element elementor-element-7fd83bd7\" data-id=\"7fd83bd7\" data-element_type=\"column\">\n\t\t\t<div class=\"elementor-widget-wrap elementor-element-populated\">\n\t\t\t\t\t\t\t\t<div class=\"elementor-element elementor-element-1beddd09 elementor-button-success elementor-align-center elementor-widget elementor-widget-button\" data-id=\"1beddd09\" data-element_type=\"widget\" data-widget_type=\"button.default\">\n\t\t\t\t<div class=\"elementor-widget-container\">\n\t\t\t\t\t<div class=\"elementor-button-wrapper\">\n\t\t\t<a href=\"https:\/\/croc-aspe.com\/?page_id=1247\" class=\"elementor-button-link elementor-button elementor-size-sm\" role=\"button\">\n\t\t\t\t\t\t<span class=\"elementor-button-content-wrapper\">\n\t\t\t\t\t\t<span class=\"elementor-button-text\">Quelques citations d'Auguste Bordes-Pag\u00e8s<\/span>\n\t\t<\/span>\n\t\t\t\t\t<\/a>\n\t\t<\/div>\n\t\t\t\t<\/div>\n\t\t\t\t<\/div>\n\t\t\t\t\t<\/div>\n\t\t<\/div>\n\t\t\t\t<div class=\"elementor-column elementor-col-50 elementor-top-column elementor-element elementor-element-27ec7201\" data-id=\"27ec7201\" data-element_type=\"column\">\n\t\t\t<div class=\"elementor-widget-wrap elementor-element-populated\">\n\t\t\t\t\t\t\t\t<div class=\"elementor-element elementor-element-3d677b28 elementor-align-center elementor-widget elementor-widget-button\" data-id=\"3d677b28\" data-element_type=\"widget\" data-widget_type=\"button.default\">\n\t\t\t\t<div class=\"elementor-widget-container\">\n\t\t\t\t\t<div class=\"elementor-button-wrapper\">\n\t\t\t<a href=\"https:\/\/croc-aspe.com\/?page_id=3930\" class=\"elementor-button-link elementor-button elementor-size-sm\" role=\"button\">\n\t\t\t\t\t\t<span class=\"elementor-button-content-wrapper\">\n\t\t\t\t\t\t<span class=\"elementor-button-text\">Retour aux personnages<\/span>\n\t\t<\/span>\n\t\t\t\t\t<\/a>\n\t\t<\/div>\n\t\t\t\t<\/div>\n\t\t\t\t<\/div>\n\t\t\t\t\t<\/div>\n\t\t<\/div>\n\t\t\t\t\t\t\t<\/div>\n\t\t<\/section>\n\t\t\t\t\t\t<\/div>\n\t\t\t\t\t<\/div>\n\t\t","protected":false},"excerpt":{"rendered":"<p>Dr Auguste Bordes-Pag\u00e8s (20\/05\/1815 Seix &#8211; 19\/07\/1897 Seix) M\u00e9decin, Maire de Seix de 1877 \u00e0 1897, S\u00e9nateur de l&#8217;Ari\u00e8ge de 1890 \u00e0 1894 M\u00e9decin \u00e0 Seix, le Dr Auguste Bordes-Pag\u00e8s sera \u00e0 l\u2019origine de la cr\u00e9ation de la station thermale d\u2019Aulus en 1849. Il n\u2019h\u00e9sita pas \u00e0 soigner gratuitement les plus pauvres et son attitude &hellip;<\/p>\n<p class=\"read-more\"> <a class=\"\" href=\"https:\/\/croc-aspe.com\/?page_id=1239\"> <span class=\"screen-reader-text\">Biographie Dr Auguste Bordes-Pag\u00e8s<\/span> Read More &raquo;<\/a><\/p>\n","protected":false},"author":1,"featured_media":0,"parent":0,"menu_order":0,"comment_status":"closed","ping_status":"closed","template":"","meta":{"om_disable_all_campaigns":false,"_monsterinsights_skip_tracking":false,"_monsterinsights_sitenote_active":false,"_monsterinsights_sitenote_note":"","_monsterinsights_sitenote_category":0,"site-sidebar-layout":"no-sidebar","site-content-layout":"page-builder","ast-main-header-display":"","ast-hfb-above-header-display":"","ast-hfb-below-header-display":"","ast-hfb-mobile-header-display":"","site-post-title":"disabled","ast-breadcrumbs-content":"","ast-featured-img":"disabled","footer-sml-layout":"","theme-transparent-header-meta":"","adv-header-id-meta":"","stick-header-meta":"","header-above-stick-meta":"","header-main-stick-meta":"","header-below-stick-meta":"","footnotes":""},"class_list":["post-1239","page","type-page","status-publish","hentry"],"_links":{"self":[{"href":"https:\/\/croc-aspe.com\/index.php?rest_route=\/wp\/v2\/pages\/1239","targetHints":{"allow":["GET"]}}],"collection":[{"href":"https:\/\/croc-aspe.com\/index.php?rest_route=\/wp\/v2\/pages"}],"about":[{"href":"https:\/\/croc-aspe.com\/index.php?rest_route=\/wp\/v2\/types\/page"}],"author":[{"embeddable":true,"href":"https:\/\/croc-aspe.com\/index.php?rest_route=\/wp\/v2\/users\/1"}],"replies":[{"embeddable":true,"href":"https:\/\/croc-aspe.com\/index.php?rest_route=%2Fwp%2Fv2%2Fcomments&post=1239"}],"version-history":[{"count":37,"href":"https:\/\/croc-aspe.com\/index.php?rest_route=\/wp\/v2\/pages\/1239\/revisions"}],"predecessor-version":[{"id":4018,"href":"https:\/\/croc-aspe.com\/index.php?rest_route=\/wp\/v2\/pages\/1239\/revisions\/4018"}],"wp:attachment":[{"href":"https:\/\/croc-aspe.com\/index.php?rest_route=%2Fwp%2Fv2%2Fmedia&parent=1239"}],"curies":[{"name":"wp","href":"https:\/\/api.w.org\/{rel}","templated":true}]}}

Biographie Dr Auguste Bordes-Pagès

<div data-elementor-type="wp-page" data-elementor-id="1239" class="elementor elementor-1239" data-elementor-settings="[]">
							<div class="elementor-section-wrap">
							<section class="elementor-section elementor-top-section elementor-element elementor-element-3ef9c893 elementor-section-boxed elementor-section-height-default elementor-section-height-default" data-id="3ef9c893" data-element_type="section">
						<div class="elementor-container elementor-column-gap-default">
					<div class="elementor-column elementor-col-100 elementor-top-column elementor-element elementor-element-38474c13" data-id="38474c13" data-element_type="column">
			<div class="elementor-widget-wrap elementor-element-populated">
								<div class="elementor-element elementor-element-12cfb8a7 elementor-widget elementor-widget-text-editor" data-id="12cfb8a7" data-element_type="widget" data-widget_type="text-editor.default">
				<div class="elementor-widget-container">
			<style>/*! elementor - v3.5.5 - 03-02-2022 */
.elementor-widget-text-editor.elementor-drop-cap-view-stacked .elementor-drop-cap{background-color:#818a91;color:#fff}.elementor-widget-text-editor.elementor-drop-cap-view-framed .elementor-drop-cap{color:#818a91;border:3px solid;background-color:transparent}.elementor-widget-text-editor:not(.elementor-drop-cap-view-default) .elementor-drop-cap{margin-top:8px}.elementor-widget-text-editor:not(.elementor-drop-cap-view-default) .elementor-drop-cap-letter{width:1em;height:1em}.elementor-widget-text-editor .elementor-drop-cap{float:left;text-align:center;line-height:1;font-size:50px}.elementor-widget-text-editor .elementor-drop-cap-letter{display:inline-block}</style>				<p><b></b><b><span lang="ES" style="font-size: 14.0pt; mso-ansi-language: ES;"><strong>Dr Auguste Bordes-Pagès (20/05/1815 Seix &#8211; 19/07/1897 Seix)</strong></span></b></p>						</div>
				</div>
					</div>
		</div>
							</div>
		</section>
				<section class="elementor-section elementor-top-section elementor-element elementor-element-e926dcd elementor-section-boxed elementor-section-height-default elementor-section-height-default" data-id="e926dcd" data-element_type="section">
						<div class="elementor-container elementor-column-gap-default">
					<div class="elementor-column elementor-col-100 elementor-top-column elementor-element elementor-element-c561075" data-id="c561075" data-element_type="column">
			<div class="elementor-widget-wrap elementor-element-populated">
								<div class="elementor-element elementor-element-56937dc elementor-widget elementor-widget-text-editor" data-id="56937dc" data-element_type="widget" data-widget_type="text-editor.default">
				<div class="elementor-widget-container">
							<p>Médecin, Maire de Seix de 1877 à 1897, Sénateur de l&#8217;Ariège de 1890 à 1894</p>						</div>
				</div>
					</div>
		</div>
							</div>
		</section>
				<section class="elementor-section elementor-top-section elementor-element elementor-element-8353471 elementor-section-boxed elementor-section-height-default elementor-section-height-default" data-id="8353471" data-element_type="section">
						<div class="elementor-container elementor-column-gap-default">
					<div class="elementor-column elementor-col-100 elementor-top-column elementor-element elementor-element-ded6104" data-id="ded6104" data-element_type="column">
			<div class="elementor-widget-wrap elementor-element-populated">
								<div class="elementor-element elementor-element-7d1ba7b elementor-widget elementor-widget-text-editor" data-id="7d1ba7b" data-element_type="widget" data-widget_type="text-editor.default">
				<div class="elementor-widget-container">
							<p>Médecin à Seix, le Dr Auguste Bordes-Pagès sera à l’origine de la création de la station thermale d’Aulus en 1849. Il n’hésita pas à soigner gratuitement les plus pauvres et son attitude durant l’épidémie de choléra de 1854 fut appréciée à sa juste valeur.</p><p>Dès son installation à Seix, il entreprit différentes démarches afin de faire réaliser des routes carrossables permettant de relier les différents villages de la vallée du Salat. Dès les années 1840, il émit l’idée de percer les Pyrénées par un tunnel de 3 à 4km reliant les routes de France et d’Espagne. Son projet prit forme et il utilisa la presse de l’époque pour le faire connaître en publiant de nombreux articles et en faisant signer des pétitions à ses concitoyens ariégeois. Puis de 1854 à 1859, il contacta l’Empereur Napoléon III à plusieurs reprises afin de lui suggérer de faire directement passer une voie ferrée par ce tunnel. Pour cela, il n’hésita pas à s’appuyer sur l’Impératrice Eugénie, d’origine espagnole, pour faciliter ses demandes. Il fut ainsi l’un des premiers à émettre cette idée d’une traversée des Pyrénées Centrales par un tunnel et une voie de chemin de fer. Ses démarches aboutirent et c’est de ce fait que les toutes premières études du percement des Pyrénées Centrales furent lancées en 1860 suivies, à partir de 1866, des études de l’ingénieur Eugène Decomble qui proposa une liaison de Toulouse à Lérida par un tunnel situé au niveau du col du Salau.</p><p>Le Dr Bordes-Pagès nous laisse de très nombreux articles écrits dans la presse locale et nationale autant en France qu’en Espagne, des brochures, des mémoires, des rapports, des exposées, des conférences, des lettres écrites directement aux ministres montrant qu’il fut durant plus de cinquante années un défenseur acharné du transpyrénéen par la ligne centrale passant par la vallée du Salat, le col de Salau et la vallée du Noguera-Pallaresa. L’Histoire fut cruelle avec lui, puisqu’il ne verra jamais son rêve se concrétiser, à moins qu’une future traversée centrale des Pyrénées ne lui rende justice deux siècles plus tard.</p>						</div>
				</div>
					</div>
		</div>
							</div>
		</section>
				<section class="elementor-section elementor-top-section elementor-element elementor-element-5d90c930 elementor-section-boxed elementor-section-height-default elementor-section-height-default" data-id="5d90c930" data-element_type="section">
						<div class="elementor-container elementor-column-gap-default">
					<div class="elementor-column elementor-col-100 elementor-top-column elementor-element elementor-element-c6b2961" data-id="c6b2961" data-element_type="column">
			<div class="elementor-widget-wrap">
									</div>
		</div>
							</div>
		</section>
				<section class="elementor-section elementor-top-section elementor-element elementor-element-74a2cf93 elementor-section-boxed elementor-section-height-default elementor-section-height-default" data-id="74a2cf93" data-element_type="section">
						<div class="elementor-container elementor-column-gap-default">
					<div class="elementor-column elementor-col-50 elementor-top-column elementor-element elementor-element-7fd83bd7" data-id="7fd83bd7" data-element_type="column">
			<div class="elementor-widget-wrap elementor-element-populated">
								<div class="elementor-element elementor-element-1beddd09 elementor-button-success elementor-align-center elementor-widget elementor-widget-button" data-id="1beddd09" data-element_type="widget" data-widget_type="button.default">
				<div class="elementor-widget-container">
					<div class="elementor-button-wrapper">
			<a href="https://croc-aspe.com/?page_id=1247" class="elementor-button-link elementor-button elementor-size-sm" role="button">
						<span class="elementor-button-content-wrapper">
						<span class="elementor-button-text">Quelques citations d'Auguste Bordes-Pagès</span>
		</span>
					</a>
		</div>
				</div>
				</div>
					</div>
		</div>
				<div class="elementor-column elementor-col-50 elementor-top-column elementor-element elementor-element-27ec7201" data-id="27ec7201" data-element_type="column">
			<div class="elementor-widget-wrap elementor-element-populated">
								<div class="elementor-element elementor-element-3d677b28 elementor-align-center elementor-widget elementor-widget-button" data-id="3d677b28" data-element_type="widget" data-widget_type="button.default">
				<div class="elementor-widget-container">
					<div class="elementor-button-wrapper">
			<a href="https://croc-aspe.com/?page_id=3930" class="elementor-button-link elementor-button elementor-size-sm" role="button">
						<span class="elementor-button-content-wrapper">
						<span class="elementor-button-text">Retour aux personnages</span>
		</span>
					</a>
		</div>
				</div>
				</div>
					</div>
		</div>
							</div>
		</section>
						</div>
					</div>

<p>Dr Auguste Bordes-Pagès (20/05/1815 Seix &#8211; 19/07/1897 Seix) Médecin, Maire de Seix de 1877 à 1897, Sénateur de l&#8217;Ariège de 1890 à 1894 Médecin à Seix, le Dr Auguste Bordes-Pagès sera à l’origine de la création de la station thermale d’Aulus en 1849. Il n’hésita pas à soigner gratuitement les plus pauvres et son attitude &hellip;</p>
<p class="read-more"> <a class="" href="https://croc-aspe.com/?page_id=1239"> <span class="screen-reader-text">Biographie Dr Auguste Bordes-Pagès</span> Read More &raquo;</a></p>
